{"id":6805,"date":"2023-06-26T10:30:53","date_gmt":"2023-06-26T08:30:53","guid":{"rendered":"https:\/\/web.afbrno.cz\/?page_id=6805"},"modified":"2025-11-07T19:42:49","modified_gmt":"2025-11-07T18:42:49","slug":"qui-sommes-nous","status":"publish","type":"page","link":"https:\/\/www.afbrno.cz\/fr\/qui-sommes-nous\/","title":{"rendered":"Qui sommes-nous ?"},"content":{"rendered":"\n<p>L\u2019Alliance Fran\u00e7aise de Brno est une&nbsp;<strong>association de droit local \u00e0 but non lucratif<\/strong>. Elle a \u00e9t\u00e9 cr\u00e9\u00e9e en 1990 sous le nom d\u2019 \u00ab&nbsp;Association franco-morave&nbsp;\u00bb. Elle a pris son nom actuel en 1992.<\/p>\n\n\n\n<p>L&rsquo;Alliance Fran\u00e7aise de Brno fait partie du <strong>r\u00e9seau mondial<\/strong> de 829 Alliances Fran\u00e7aises pr\u00e9sentes dans 135 pays. En R\u00e9publique tch\u00e8que, il existe d&rsquo;autres Alliances Fran\u00e7aises qui sont implant\u00e9es dans les villes suivantes : \u010cesk\u00e9 Bud\u011bjovice, Liberec, Ostrava, Pardubice, Plze\u0148 et Zl\u00edn. Pour en savoir plus, cliquez&nbsp;<a href=\"https:\/\/www.alliancefrancaise.cz\/fr\/\" target=\"_blank\" rel=\"noreferrer noopener\">ici<\/a>.<\/p>\n\n\n\n<p>L&rsquo;Alliance Fran\u00e7aise de Brno est compos\u00e9e de membres qui \u00e9lisent un\u00a0<strong>conseil d\u2019administration<\/strong>. Actuellement, le conseil d\u2019administration est compos\u00e9 de 7 membres\u00a0:<\/p>\n\n\n\n<ul class=\"wp-block-list\">\n<li>&nbsp;<strong><a href=\"https:\/\/www.nssoud.cz\/o-soudu\/soudci\/detail\/barbara-porizkova-1968\" rel=\"noreferrer noopener\" target=\"_blank\">Mme&nbsp;Barbara Po\u0159\u00edzkov\u00e1<\/a><\/strong>, Pr\u00e9sidente<\/li>\n\n\n\n<li>&nbsp;<strong>Mme&nbsp;Pavla Kellnerov\u00e1<\/strong>, 1\u00e8re Vice-Pr\u00e9sidente<\/li>\n\n\n\n<li>&nbsp;<strong>Mme&nbsp;Petra Kucha\u0159\u00edkov\u00e1<\/strong>, 2\u00e8me Vice-Pr\u00e9sidente<\/li>\n\n\n\n<li>&nbsp;<strong>M.&nbsp;Tom\u00e1\u0161 K\u0159elina<\/strong>, Tr\u00e9sorier<\/li>\n\n\n\n<li>&nbsp;<strong>M.&nbsp;Simon Aubry<\/strong><\/li>\n\n\n\n<li>&nbsp;<strong>Mme&nbsp;Kristina Dost\u00e1lov\u00e1 Makovsk\u00e1<\/strong><\/li>\n\n\n\n<li>&nbsp;<strong>Mme&nbsp;Sylvie Posp\u00ed\u0161ilov\u00e1<\/strong><\/li>\n<\/ul>\n\n\n\n<p>L\u2019Alliance Fran\u00e7aise de Brno est repr\u00e9sent\u00e9e par sa&nbsp;<strong>Pr\u00e9sidente<\/strong>&nbsp;et son&nbsp;<strong>Directeur<\/strong>,&nbsp;<a href=\"https:\/\/www.afbrno.cz\/fr\/notre-equipe\/\" target=\"_blank\" rel=\"noreferrer noopener\">M.&nbsp;Ji\u0159\u00ed Votava<\/a>.<\/p>\n\n\n\n<p>Depuis 2001, l\u2019Alliance Fran\u00e7aise de Brno si\u00e8ge au&nbsp;<a href=\"https:\/\/www.ceskatelevize.cz\/porady\/10169912707-pribehy-domu\/311294340040001\/\" target=\"_blank\" rel=\"noreferrer noopener\">Palais Bergl<\/a>&nbsp;\u00e0 l\u2019adresse suivante&nbsp;: Moravsk\u00e9 n\u00e1m\u011bst\u00ed 690\/15, 602 00 Brno.<\/p>\n\n\n\n<p><strong>Nos missions<\/strong>&nbsp;sont les suivantes&nbsp;:<\/p>\n\n\n\n<ul class=\"wp-block-list\">\n<li>&nbsp;diffuser la langue fran\u00e7aise et les cultures francophones dans la ville de Brno et la r\u00e9gion environnante<\/li>\n\n\n\n<li>&nbsp;regrouper tous ceux qui d\u00e9sirent contribuer au d\u00e9veloppement de la connaissance et du go\u00fbt de la langue et de la pens\u00e9e fran\u00e7aises<\/li>\n\n\n\n<li>&nbsp;et plus largement, favoriser une meilleure connaissance mutuelle entre la France et la R\u00e9publique tch\u00e8que par l\u2019interm\u00e9diaire de contacts linguistiques et culturels<\/li>\n<\/ul>\n\n\n\n<h2 class=\"wp-block-heading\">Souhaitez-vous devenir membre de l&rsquo;Alliance Fran\u00e7aise ?<\/h2>\n\n\n\n<div class=\"wp-block-buttons is-layout-flex wp-block-buttons-is-layout-flex\">\n<div class=\"wp-block-button\"><a class=\"wp-block-button__link wp-element-button\" href=\"https:\/\/www.afbrno.cz\/fr\/devenir-membre\/\" target=\"_blank\" rel=\"noreferrer noopener\">oui, je souhaite devenir membre<\/a><\/div>\n<\/div>\n","protected":false},"excerpt":{"rendered":"<p>L\u2019Alliance Fran\u00e7aise de Brno est une&nbsp;association de droit local \u00e0 but non lucratif. Elle a \u00e9t\u00e9 cr\u00e9\u00e9e en 1990 sous le nom d\u2019 \u00ab&nbsp;Association franco-morave&nbsp;\u00bb. Elle a pris&#8230;<\/p>\n","protected":false},"author":1,"featured_media":0,"parent":0,"menu_order":0,"comment_status":"closed","ping_status":"closed","template":"","meta":{"_acf_changed":false,"footnotes":""},"class_list":["post-6805","page","type-page","status-publish","hentry"],"acf":[],"_links":{"self":[{"href":"https:\/\/www.afbrno.cz\/fr\/wp-json\/wp\/v2\/pages\/6805","targetHints":{"allow":["GET"]}}],"collection":[{"href":"https:\/\/www.afbrno.cz\/fr\/wp-json\/wp\/v2\/pages"}],"about":[{"href":"https:\/\/www.afbrno.cz\/fr\/wp-json\/wp\/v2\/types\/page"}],"author":[{"embeddable":true,"href":"https:\/\/www.afbrno.cz\/fr\/wp-json\/wp\/v2\/users\/1"}],"replies":[{"embeddable":true,"href":"https:\/\/www.afbrno.cz\/fr\/wp-json\/wp\/v2\/comments?post=6805"}],"version-history":[{"count":17,"href":"https:\/\/www.afbrno.cz\/fr\/wp-json\/wp\/v2\/pages\/6805\/revisions"}],"predecessor-version":[{"id":34823,"href":"https:\/\/www.afbrno.cz\/fr\/wp-json\/wp\/v2\/pages\/6805\/revisions\/34823"}],"wp:attachment":[{"href":"https:\/\/www.afbrno.cz\/fr\/wp-json\/wp\/v2\/media?parent=6805"}],"curies":[{"name":"wp","href":"https:\/\/api.w.org\/{rel}","templated":true}]}}

<p>L’Alliance Française de Brno est une&nbsp;<strong>association de droit local à but non lucratif</strong>. Elle a été créée en 1990 sous le nom d’ «&nbsp;Association franco-morave&nbsp;». Elle a pris son nom actuel en 1992.</p>



<p>L&rsquo;Alliance Française de Brno fait partie du <strong>réseau mondial</strong> de 829 Alliances Françaises présentes dans 135 pays. En République tchèque, il existe d&rsquo;autres Alliances Françaises qui sont implantées dans les villes suivantes : České Budějovice, Liberec, Ostrava, Pardubice, Plzeň et Zlín. Pour en savoir plus, cliquez&nbsp;<a href="https://www.alliancefrancaise.cz/fr/" target="_blank" rel="noreferrer noopener">ici</a>.</p>



<p>L&rsquo;Alliance Française de Brno est composée de membres qui élisent un <strong>conseil d’administration</strong>. Actuellement, le conseil d’administration est composé de 7 membres :</p>



<ul class="wp-block-list">
<li>&nbsp;<strong><a href="https://www.nssoud.cz/o-soudu/soudci/detail/barbara-porizkova-1968" rel="noreferrer noopener" target="_blank">Mme&nbsp;Barbara Pořízková</a></strong>, Présidente</li>



<li>&nbsp;<strong>Mme&nbsp;Pavla Kellnerová</strong>, 1ère Vice-Présidente</li>



<li>&nbsp;<strong>Mme&nbsp;Petra Kuchaříková</strong>, 2ème Vice-Présidente</li>



<li>&nbsp;<strong>M.&nbsp;Tomáš Křelina</strong>, Trésorier</li>



<li>&nbsp;<strong>M.&nbsp;Simon Aubry</strong></li>



<li>&nbsp;<strong>Mme&nbsp;Kristina Dostálová Makovská</strong></li>



<li>&nbsp;<strong>Mme&nbsp;Sylvie Pospíšilová</strong></li>
</ul>



<p>L’Alliance Française de Brno est représentée par sa&nbsp;<strong>Présidente</strong>&nbsp;et son&nbsp;<strong>Directeur</strong>,&nbsp;<a href="https://www.afbrno.cz/fr/notre-equipe/" target="_blank" rel="noreferrer noopener">M.&nbsp;Jiří Votava</a>.</p>



<p>Depuis 2001, l’Alliance Française de Brno siège au&nbsp;<a href="https://www.ceskatelevize.cz/porady/10169912707-pribehy-domu/311294340040001/" target="_blank" rel="noreferrer noopener">Palais Bergl</a>&nbsp;à l’adresse suivante&nbsp;: Moravské náměstí 690/15, 602 00 Brno.</p>



<p><strong>Nos missions</strong>&nbsp;sont les suivantes&nbsp;:</p>



<ul class="wp-block-list">
<li>&nbsp;diffuser la langue française et les cultures francophones dans la ville de Brno et la région environnante</li>



<li>&nbsp;regrouper tous ceux qui désirent contribuer au développement de la connaissance et du goût de la langue et de la pensée françaises</li>



<li>&nbsp;et plus largement, favoriser une meilleure connaissance mutuelle entre la France et la République tchèque par l’intermédiaire de contacts linguistiques et culturels</li>
</ul>



<h2 class="wp-block-heading">Souhaitez-vous devenir membre de l&rsquo;Alliance Française ?</h2>



<div class="wp-block-buttons is-layout-flex wp-block-buttons-is-layout-flex">
<div class="wp-block-button"><a class="wp-block-button__link wp-element-button" href="https://www.afbrno.cz/fr/devenir-membre/" target="_blank" rel="noreferrer noopener">oui, je souhaite devenir membre</a></div>
</div>

<p>L’Alliance Française de Brno est une&nbsp;association de droit local à but non lucratif. Elle a été créée en 1990 sous le nom d’ «&nbsp;Association franco-morave&nbsp;». Elle a pris&#8230;</p>
