{"id":6784,"date":"2018-01-27T13:09:22","date_gmt":"2018-01-27T12:09:22","guid":{"rendered":"https:\/\/web.afbrno.cz\/accueil\/"},"modified":"2026-08-27T12:29:30","modified_gmt":"2026-08-27T10:29:30","slug":"accueil-2","status":"publish","type":"page","link":"https:\/\/www.afbrno.cz\/fr\/","title":{"rendered":"Accueil"},"content":{"rendered":"\n<div class=\"wp-block-cover alignfull is-light hp-first wp-duotone-unset-1\" style=\"min-height:344px;aspect-ratio:unset;\"><img loading=\"lazy\" decoding=\"async\" width=\"2000\" height=\"650\" class=\"wp-block-cover__image-background wp-image-37146 size-full\" alt=\"\" src=\"https:\/\/www.afbrno.cz\/wp-content\/uploads\/2026\/08\/af-macarons_WEB_2000x650_pink1_brno.jpg\" style=\"object-position:50% 54%\" data-object-fit=\"cover\" data-object-position=\"50% 54%\" srcset=\"https:\/\/www.afbrno.cz\/wp-content\/uploads\/2026\/08\/af-macarons_WEB_2000x650_pink1_brno.jpg 2000w, https:\/\/www.afbrno.cz\/wp-content\/uploads\/2026\/08\/af-macarons_WEB_2000x650_pink1_brno-460x150.jpg 460w, https:\/\/www.afbrno.cz\/wp-content\/uploads\/2026\/08\/af-macarons_WEB_2000x650_pink1_brno-1360x442.jpg 1360w, https:\/\/www.afbrno.cz\/wp-content\/uploads\/2026\/08\/af-macarons_WEB_2000x650_pink1_brno-768x250.jpg 768w\" sizes=\"auto, (max-width: 2000px) 100vw, 2000px\" \/><span aria-hidden=\"true\" class=\"wp-block-cover__background has-white-background-color has-background-dim-0 has-background-dim\"><\/span><div class=\"wp-block-cover__inner-container is-layout-flow wp-block-cover-is-layout-flow\">\n<div class=\"wp-block-columns is-layout-flex wp-container-core-columns-is-layout-8f761849 wp-block-columns-is-layout-flex\">\n<div class=\"wp-block-column is-vertically-aligned-top is-layout-flow wp-block-column-is-layout-flow\">\n<h1 data-wp-context---core-fit-text=\"core\/fit-text::{&quot;fontSize&quot;:&quot;&quot;}\" data-wp-init---core-fit-text=\"core\/fit-text::callbacks.init\" data-wp-interactive data-wp-style--font-size=\"core\/fit-text::context.fontSize\" class=\"wp-block-heading has-fit-text\"><mark style=\"background-color:rgba(0, 0, 0, 0)\" class=\"has-inline-color has-white-color\">Parlez fran\u00e7ais. Vivez en fran\u00e7ais.<\/mark><\/h1>\n<\/div>\n<\/div>\n\n\n\n<div class=\"wp-block-columns is-layout-flex wp-container-core-columns-is-layout-8f761849 wp-block-columns-is-layout-flex\">\n<div class=\"wp-block-column is-layout-flow wp-block-column-is-layout-flow\">\n<div class=\"wp-block-buttons is-layout-flex wp-block-buttons-is-layout-flex\">\n<div class=\"wp-block-button\"><a class=\"wp-block-button__link wp-element-button\" href=\"https:\/\/www.afbrno.cz\/fr\/cours-collectifs\/\" target=\"_blank\" rel=\"noreferrer noopener\">inscriptions aux cours de FRAN\u00c7AIS<\/a><\/div>\n<\/div>\n\n\n\n<div style=\"height:11px\" aria-hidden=\"true\" class=\"wp-block-spacer\"><\/div>\n<\/div>\n\n\n\n<div class=\"wp-block-column is-layout-flow wp-block-column-is-layout-flow\"><\/div>\n\n\n\n<div class=\"wp-block-column is-layout-flow wp-block-column-is-layout-flow\">\n<div class=\"wp-block-buttons is-content-justification-center is-layout-flex wp-container-core-buttons-is-layout-fe48e5de wp-block-buttons-is-layout-flex\"><\/div>\n<\/div>\n<\/div>\n<\/div><\/div>\n\n\n\n<div class=\"wp-block-columns is-layout-flex wp-container-core-columns-is-layout-8f761849 wp-block-columns-is-layout-flex\">\n<div class=\"wp-block-column is-layout-flow wp-block-column-is-layout-flow\">\n<figure class=\"wp-block-image size-full\"><a href=\"https:\/\/www.afbrno.cz\/fr\/cours-collectifs\/\" target=\"_blank\" rel=\" noreferrer noopener\"><img loading=\"lazy\" decoding=\"async\" width=\"1200\" height=\"628\" src=\"https:\/\/www.afbrno.cz\/wp-content\/uploads\/2026\/08\/banner-Aktuality-Skupinove-kurzy-FR.png\" alt=\"\" class=\"wp-image-37120\" srcset=\"https:\/\/www.afbrno.cz\/wp-content\/uploads\/2026\/08\/banner-Aktuality-Skupinove-kurzy-FR.png 1200w, https:\/\/www.afbrno.cz\/wp-content\/uploads\/2026\/08\/banner-Aktuality-Skupinove-kurzy-FR-460x241.png 460w, https:\/\/www.afbrno.cz\/wp-content\/uploads\/2026\/08\/banner-Aktuality-Skupinove-kurzy-FR-768x402.png 768w\" sizes=\"auto, (max-width: 1200px) 100vw, 1200px\" \/><\/a><\/figure>\n<\/div>\n\n\n\n<div class=\"wp-block-column is-layout-flow wp-block-column-is-layout-flow\">\n<figure class=\"wp-block-image size-full\"><a href=\"https:\/\/www.afbrno.cz\/fr\/cours-individuels\/\" target=\"_blank\" rel=\" noreferrer noopener\"><img loading=\"lazy\" decoding=\"async\" width=\"1200\" height=\"628\" src=\"https:\/\/www.afbrno.cz\/wp-content\/uploads\/2026\/08\/banner-Aktuality-Individualni-kurzy-FR.png\" alt=\"\" class=\"wp-image-37122\" srcset=\"https:\/\/www.afbrno.cz\/wp-content\/uploads\/2026\/08\/banner-Aktuality-Individualni-kurzy-FR.png 1200w, https:\/\/www.afbrno.cz\/wp-content\/uploads\/2026\/08\/banner-Aktuality-Individualni-kurzy-FR-460x241.png 460w, https:\/\/www.afbrno.cz\/wp-content\/uploads\/2026\/08\/banner-Aktuality-Individualni-kurzy-FR-768x402.png 768w\" sizes=\"auto, (max-width: 1200px) 100vw, 1200px\" \/><\/a><\/figure>\n<\/div>\n\n\n\n<div class=\"wp-block-column is-layout-flow wp-block-column-is-layout-flow\">\n<figure class=\"wp-block-image size-full\"><a href=\"https:\/\/www.afbrno.cz\/fr\/delf-dalf-calendrier-tarifs-et-inscriptions\/\" target=\"_blank\" rel=\" noreferrer noopener\"><img loading=\"lazy\" decoding=\"async\" width=\"1200\" height=\"628\" src=\"https:\/\/www.afbrno.cz\/wp-content\/uploads\/2026\/05\/Aktuality-DELF-DALF-2026-ramecek-FR.jpg\" alt=\"\" class=\"wp-image-36618\" srcset=\"https:\/\/www.afbrno.cz\/wp-content\/uploads\/2026\/05\/Aktuality-DELF-DALF-2026-ramecek-FR.jpg 1200w, https:\/\/www.afbrno.cz\/wp-content\/uploads\/2026\/05\/Aktuality-DELF-DALF-2026-ramecek-FR-460x241.jpg 460w, https:\/\/www.afbrno.cz\/wp-content\/uploads\/2026\/05\/Aktuality-DELF-DALF-2026-ramecek-FR-768x402.jpg 768w\" sizes=\"auto, (max-width: 1200px) 100vw, 1200px\" \/><\/a><\/figure>\n<\/div>\n<\/div>\n\n\n<div class=\"row kategorieKurzu my-4 position-relative\"><div class=\"col-md-8 order-md-1 order-2\"><div class=\"row\"><div class=\"col-md-6 my-4 animTop\"><div class=\"obalKategorieKurzu p-4 pt-5 h-100 w-100\"><h3 class=\"h5 mb-3\"><a href=\"https:\/\/www.afbrno.cz\/fr\/cours-collectifs\/\">Fran\u00e7ais g\u00e9n\u00e9ral (\u00e0 partir de 16 ans)<\/a><\/h3><p><\/p><a href=\"https:\/\/www.afbrno.cz\/fr\/cours-collectifs\/\" class=\"btn btnMore\">Voir les cours<\/a><\/div><\/div><div class=\"col-md-6 my-4 animTop\"><div class=\"obalKategorieKurzu p-4 pt-5 h-100 w-100\"><h3 class=\"h5 mb-3\"><a href=\"https:\/\/www.afbrno.cz\/fr\/kategorie-kurzu\/konverzace\/\">Cours de conversation<\/a><\/h3><p><\/p><a href=\"https:\/\/www.afbrno.cz\/fr\/kategorie-kurzu\/konverzace\/\" class=\"btn btnMore\">Voir les cours<\/a><\/div><\/div><div class=\"col-md-6 my-4 animTop\"><div class=\"obalKategorieKurzu p-4 pt-5 h-100 w-100\"><h3 class=\"h5 mb-3\"><a href=\"https:\/\/www.afbrno.cz\/fr\/kategorie-kurzu\/deti-a-mladez\/\">Enfants et juniors<\/a><\/h3><p><\/p><a href=\"https:\/\/www.afbrno.cz\/fr\/kategorie-kurzu\/deti-a-mladez\/\" class=\"btn btnMore\">Voir les cours<\/a><\/div><\/div><div class=\"col-md-6 my-4 animTop\"><div class=\"obalKategorieKurzu p-4 pt-5 h-100 w-100\"><h3 class=\"h5 mb-3\"><a href=\"https:\/\/www.afbrno.cz\/fr\/kategorie-kurzu\/kurzy-pro-rodice-s-detmi\/\">Parents et enfants 0-3 ans<\/a><\/h3><p><\/p><a href=\"https:\/\/www.afbrno.cz\/fr\/kategorie-kurzu\/kurzy-pro-rodice-s-detmi\/\" class=\"btn btnMore\">Voir les cours<\/a><\/div><\/div><div class=\"col-md-6 my-4 animTop\"><div class=\"obalKategorieKurzu p-4 pt-5 h-100 w-100\"><h3 class=\"h5 mb-3\"><a href=\"https:\/\/www.afbrno.cz\/fr\/kategorie-kurzu\/pripravne-kurzy-delf-a-dalf\/\">Pr\u00e9paration au DELF-DALF<\/a><\/h3><p><\/p><a href=\"https:\/\/www.afbrno.cz\/fr\/kategorie-kurzu\/pripravne-kurzy-delf-a-dalf\/\" class=\"btn btnMore\">Voir les cours<\/a><\/div><\/div><div class=\"col-md-6 my-4 animTop\"><div class=\"obalKategorieKurzu p-4 pt-5 h-100 w-100\"><h3 class=\"h5 mb-3\"><a href=\"https:\/\/www.afbrno.cz\/fr\/cours-individuels\/\">Cours individuels<\/a><\/h3><p><\/p><a href=\"https:\/\/www.afbrno.cz\/fr\/cours-individuels\/\" class=\"btn btnMore\">Voir les cours<\/a><\/div><\/div><div class=\"col-md-6 my-4 animTop\"><div class=\"obalKategorieKurzu p-4 pt-5 h-100 w-100\"><h3 class=\"h5 mb-3\"><a href=\"https:\/\/www.afbrno.cz\/fr\/kategorie-kurzu\/joga-a-strecink-ve-francouzstine\/\">Yoga et stretching en fran\u00e7ais<\/a><\/h3><p><\/p><a href=\"https:\/\/www.afbrno.cz\/fr\/kategorie-kurzu\/joga-a-strecink-ve-francouzstine\/\" class=\"btn btnMore\">Voir les cours<\/a><\/div><\/div><\/div><\/div><div class=\"col-md-4 order-md-2 order-1 mt-4 pb-300\"><h2>Newsletter<\/h2>\n<p>Souhaitez-vous recevoir les informations sur nos activit\u00e9s ? Laissez-nous votre adresse e-mail et on s\u2019occupe du reste !<\/p>\n<p><script>\n        (function (w,d,s,o,f,js,fjs) {\n            w['ecm-widget']=o;w[o] = w[o] || function () { (w[o].q = w[o].q || []).push(arguments) };\n            js = d.createElement(s), fjs = d.getElementsByTagName(s)[0];\n            js.id = '9-54057be166928eb6fcc57504dc847797'; js.dataset.a = 'afbrno'; js.src = f; js.async = 1; fjs.parentNode.insertBefore(js, fjs);\n        }(window, document, 'script', 'ecmwidget', 'https:\/\/d70shl7vidtft.cloudfront.net\/widget.js'));\n    <\/script><\/p>\n<div id=\"f-9-54057be166928eb6fcc57504dc847797\"><\/div>\n<\/div><\/div>","protected":false},"excerpt":{"rendered":"","protected":false},"author":1,"featured_media":0,"parent":0,"menu_order":0,"comment_status":"closed","ping_status":"closed","template":"","meta":{"_acf_changed":false,"footnotes":""},"class_list":["post-6784","page","type-page","status-publish","hentry"],"acf":[],"_links":{"self":[{"href":"https:\/\/www.afbrno.cz\/fr\/wp-json\/wp\/v2\/pages\/6784","targetHints":{"allow":["GET"]}}],"collection":[{"href":"https:\/\/www.afbrno.cz\/fr\/wp-json\/wp\/v2\/pages"}],"about":[{"href":"https:\/\/www.afbrno.cz\/fr\/wp-json\/wp\/v2\/types\/page"}],"author":[{"embeddable":true,"href":"https:\/\/www.afbrno.cz\/fr\/wp-json\/wp\/v2\/users\/1"}],"replies":[{"embeddable":true,"href":"https:\/\/www.afbrno.cz\/fr\/wp-json\/wp\/v2\/comments?post=6784"}],"version-history":[{"count":20,"href":"https:\/\/www.afbrno.cz\/fr\/wp-json\/wp\/v2\/pages\/6784\/revisions"}],"predecessor-version":[{"id":37151,"href":"https:\/\/www.afbrno.cz\/fr\/wp-json\/wp\/v2\/pages\/6784\/revisions\/37151"}],"wp:attachment":[{"href":"https:\/\/www.afbrno.cz\/fr\/wp-json\/wp\/v2\/media?parent=6784"}],"curies":[{"name":"wp","href":"https:\/\/api.w.org\/{rel}","templated":true}]}}

<div class="wp-block-cover alignfull is-light hp-first wp-duotone-unset-1" style="min-height:344px;aspect-ratio:unset;"><img loading="lazy" decoding="async" width="2000" height="650" class="wp-block-cover__image-background wp-image-37146 size-full" alt="" src="https://www.afbrno.cz/wp-content/uploads/2026/08/af-macarons_WEB_2000x650_pink1_brno.jpg" style="object-position:50% 54%" data-object-fit="cover" data-object-position="50% 54%" srcset="https://www.afbrno.cz/wp-content/uploads/2026/08/af-macarons_WEB_2000x650_pink1_brno.jpg 2000w, https://www.afbrno.cz/wp-content/uploads/2026/08/af-macarons_WEB_2000x650_pink1_brno-460x150.jpg 460w, https://www.afbrno.cz/wp-content/uploads/2026/08/af-macarons_WEB_2000x650_pink1_brno-1360x442.jpg 1360w, https://www.afbrno.cz/wp-content/uploads/2026/08/af-macarons_WEB_2000x650_pink1_brno-768x250.jpg 768w" sizes="auto, (max-width: 2000px) 100vw, 2000px" /><span aria-hidden="true" class="wp-block-cover__background has-white-background-color has-background-dim-0 has-background-dim"></span><div class="wp-block-cover__inner-container is-layout-flow wp-block-cover-is-layout-flow">
<div class="wp-block-columns is-layout-flex wp-container-core-columns-is-layout-8f761849 wp-block-columns-is-layout-flex">
<div class="wp-block-column is-vertically-aligned-top is-layout-flow wp-block-column-is-layout-flow">
<h1 data-wp-context---core-fit-text="core/fit-text::{&quot;fontSize&quot;:&quot;&quot;}" data-wp-init---core-fit-text="core/fit-text::callbacks.init" data-wp-interactive data-wp-style--font-size="core/fit-text::context.fontSize" class="wp-block-heading has-fit-text"><mark style="background-color:rgba(0, 0, 0, 0)" class="has-inline-color has-white-color">Parlez français. Vivez en français.</mark></h1>
</div>
</div>



<div class="wp-block-columns is-layout-flex wp-container-core-columns-is-layout-8f761849 wp-block-columns-is-layout-flex">
<div class="wp-block-column is-layout-flow wp-block-column-is-layout-flow">
<div class="wp-block-buttons is-layout-flex wp-block-buttons-is-layout-flex">
<div class="wp-block-button"><a class="wp-block-button__link wp-element-button" href="https://www.afbrno.cz/fr/cours-collectifs/" target="_blank" rel="noreferrer noopener">inscriptions aux cours de FRANÇAIS</a></div>
</div>



<div style="height:11px" aria-hidden="true" class="wp-block-spacer"></div>
</div>



<div class="wp-block-column is-layout-flow wp-block-column-is-layout-flow"></div>



<div class="wp-block-column is-layout-flow wp-block-column-is-layout-flow">
<div class="wp-block-buttons is-content-justification-center is-layout-flex wp-container-core-buttons-is-layout-fe48e5de wp-block-buttons-is-layout-flex"></div>
</div>
</div>
</div></div>



<div class="wp-block-columns is-layout-flex wp-container-core-columns-is-layout-8f761849 wp-block-columns-is-layout-flex">
<div class="wp-block-column is-layout-flow wp-block-column-is-layout-flow">
<figure class="wp-block-image size-full"><a href="https://www.afbrno.cz/fr/cours-collectifs/" target="_blank" rel=" noreferrer noopener"><img loading="lazy" decoding="async" width="1200" height="628" src="https://www.afbrno.cz/wp-content/uploads/2026/08/banner-Aktuality-Skupinove-kurzy-FR.png" alt="" class="wp-image-37120" srcset="https://www.afbrno.cz/wp-content/uploads/2026/08/banner-Aktuality-Skupinove-kurzy-FR.png 1200w, https://www.afbrno.cz/wp-content/uploads/2026/08/banner-Aktuality-Skupinove-kurzy-FR-460x241.png 460w, https://www.afbrno.cz/wp-content/uploads/2026/08/banner-Aktuality-Skupinove-kurzy-FR-768x402.png 768w" sizes="auto, (max-width: 1200px) 100vw, 1200px" /></a></figure>
</div>



<div class="wp-block-column is-layout-flow wp-block-column-is-layout-flow">
<figure class="wp-block-image size-full"><a href="https://www.afbrno.cz/fr/cours-individuels/" target="_blank" rel=" noreferrer noopener"><img loading="lazy" decoding="async" width="1200" height="628" src="https://www.afbrno.cz/wp-content/uploads/2026/08/banner-Aktuality-Individualni-kurzy-FR.png" alt="" class="wp-image-37122" srcset="https://www.afbrno.cz/wp-content/uploads/2026/08/banner-Aktuality-Individualni-kurzy-FR.png 1200w, https://www.afbrno.cz/wp-content/uploads/2026/08/banner-Aktuality-Individualni-kurzy-FR-460x241.png 460w, https://www.afbrno.cz/wp-content/uploads/2026/08/banner-Aktuality-Individualni-kurzy-FR-768x402.png 768w" sizes="auto, (max-width: 1200px) 100vw, 1200px" /></a></figure>
</div>



<div class="wp-block-column is-layout-flow wp-block-column-is-layout-flow">
<figure class="wp-block-image size-full"><a href="https://www.afbrno.cz/fr/delf-dalf-calendrier-tarifs-et-inscriptions/" target="_blank" rel=" noreferrer noopener"><img loading="lazy" decoding="async" width="1200" height="628" src="https://www.afbrno.cz/wp-content/uploads/2026/05/Aktuality-DELF-DALF-2026-ramecek-FR.jpg" alt="" class="wp-image-36618" srcset="https://www.afbrno.cz/wp-content/uploads/2026/05/Aktuality-DELF-DALF-2026-ramecek-FR.jpg 1200w, https://www.afbrno.cz/wp-content/uploads/2026/05/Aktuality-DELF-DALF-2026-ramecek-FR-460x241.jpg 460w, https://www.afbrno.cz/wp-content/uploads/2026/05/Aktuality-DELF-DALF-2026-ramecek-FR-768x402.jpg 768w" sizes="auto, (max-width: 1200px) 100vw, 1200px" /></a></figure>
</div>
</div>


<div class="row kategorieKurzu my-4 position-relative"><div class="col-md-8 order-md-1 order-2"><div class="row"><div class="col-md-6 my-4 animTop"><div class="obalKategorieKurzu p-4 pt-5 h-100 w-100"><h3 class="h5 mb-3"><a href="https://www.afbrno.cz/fr/cours-collectifs/">Français général (à partir de 16 ans)</a></h3><p></p><a href="https://www.afbrno.cz/fr/cours-collectifs/" class="btn btnMore">Voir les cours</a></div></div><div class="col-md-6 my-4 animTop"><div class="obalKategorieKurzu p-4 pt-5 h-100 w-100"><h3 class="h5 mb-3"><a href="https://www.afbrno.cz/fr/kategorie-kurzu/konverzace/">Cours de conversation</a></h3><p></p><a href="https://www.afbrno.cz/fr/kategorie-kurzu/konverzace/" class="btn btnMore">Voir les cours</a></div></div><div class="col-md-6 my-4 animTop"><div class="obalKategorieKurzu p-4 pt-5 h-100 w-100"><h3 class="h5 mb-3"><a href="https://www.afbrno.cz/fr/kategorie-kurzu/deti-a-mladez/">Enfants et juniors</a></h3><p></p><a href="https://www.afbrno.cz/fr/kategorie-kurzu/deti-a-mladez/" class="btn btnMore">Voir les cours</a></div></div><div class="col-md-6 my-4 animTop"><div class="obalKategorieKurzu p-4 pt-5 h-100 w-100"><h3 class="h5 mb-3"><a href="https://www.afbrno.cz/fr/kategorie-kurzu/kurzy-pro-rodice-s-detmi/">Parents et enfants 0-3 ans</a></h3><p></p><a href="https://www.afbrno.cz/fr/kategorie-kurzu/kurzy-pro-rodice-s-detmi/" class="btn btnMore">Voir les cours</a></div></div><div class="col-md-6 my-4 animTop"><div class="obalKategorieKurzu p-4 pt-5 h-100 w-100"><h3 class="h5 mb-3"><a href="https://www.afbrno.cz/fr/kategorie-kurzu/pripravne-kurzy-delf-a-dalf/">Préparation au DELF-DALF</a></h3><p></p><a href="https://www.afbrno.cz/fr/kategorie-kurzu/pripravne-kurzy-delf-a-dalf/" class="btn btnMore">Voir les cours</a></div></div><div class="col-md-6 my-4 animTop"><div class="obalKategorieKurzu p-4 pt-5 h-100 w-100"><h3 class="h5 mb-3"><a href="https://www.afbrno.cz/fr/cours-individuels/">Cours individuels</a></h3><p></p><a href="https://www.afbrno.cz/fr/cours-individuels/" class="btn btnMore">Voir les cours</a></div></div><div class="col-md-6 my-4 animTop"><div class="obalKategorieKurzu p-4 pt-5 h-100 w-100"><h3 class="h5 mb-3"><a href="https://www.afbrno.cz/fr/kategorie-kurzu/joga-a-strecink-ve-francouzstine/">Yoga et stretching en français</a></h3><p></p><a href="https://www.afbrno.cz/fr/kategorie-kurzu/joga-a-strecink-ve-francouzstine/" class="btn btnMore">Voir les cours</a></div></div></div></div><div class="col-md-4 order-md-2 order-1 mt-4 pb-300"><h2>Newsletter</h2>
<p>Souhaitez-vous recevoir les informations sur nos activités ? Laissez-nous votre adresse e-mail et on s’occupe du reste !</p>
<p><script>
        (function (w,d,s,o,f,js,fjs) {
            w['ecm-widget']=o;w[o] = w[o] || function () { (w[o].q = w[o].q || []).push(arguments) };
            js = d.createElement(s), fjs = d.getElementsByTagName(s)[0];
            js.id = '9-54057be166928eb6fcc57504dc847797'; js.dataset.a = 'afbrno'; js.src = f; js.async = 1; fjs.parentNode.insertBefore(js, fjs);
        }(window, document, 'script', 'ecmwidget', 'https://d70shl7vidtft.cloudfront.net/widget.js'));
    </script></p>
<div id="f-9-54057be166928eb6fcc57504dc847797"></div>
</div></div>
