{"id":33009,"date":"2025-07-18T16:40:51","date_gmt":"2025-07-18T14:40:51","guid":{"rendered":"https:\/\/www.afbrno.cz\/?page_id=33009"},"modified":"2025-09-18T21:41:17","modified_gmt":"2025-09-18T19:41:17","slug":"destination-francophonie","status":"publish","type":"page","link":"https:\/\/www.afbrno.cz\/fr\/destination-francophonie\/","title":{"rendered":"D\u00e9couvrir la francophonie"},"content":{"rendered":"\n<p class=\"wp-block-paragraph\">L&rsquo;\u00e9mission <strong>Destination francophonie<\/strong> pr\u00e9sent\u00e9e par <strong>Ivan Kabacoff<\/strong> et produite par <strong>TV5MONDE<\/strong> vous emm\u00e8ne <strong>en voyage en francophonie aux quatre coins de la plan\u00e8te<\/strong>.<\/p>\n\n\n\n<p class=\"wp-block-paragraph\">Dans chaque pays, rencontre avec des francophones qui pr\u00e9sentent, en fran\u00e7ais, leur culture, leurs modes de vie, leurs engagements. L&rsquo;\u00e9mission valorise \u00e9galement des projets qui font vivre localement la langue fran\u00e7aise, une langue vivante, dynamique et en constante \u00e9volution.<\/p>\n\n\n\n<div class=\"wp-block-buttons is-layout-flex wp-block-buttons-is-layout-flex\">\n<div class=\"wp-block-button\"><a class=\"wp-block-button__link wp-element-button\" href=\"http:\/\/www.tv5monde.com\/df\" target=\"_blank\" rel=\"noreferrer noopener\">En savoir plus et regarder les \u00e9pisodes<\/a><\/div>\n<\/div>\n\n\n\n<div style=\"height:56px\" aria-hidden=\"true\" class=\"wp-block-spacer\"><\/div>\n\n\n\n<figure class=\"wp-block-image size-large\"><img loading=\"lazy\" decoding=\"async\" width=\"1360\" height=\"765\" src=\"https:\/\/www.afbrno.cz\/wp-content\/uploads\/2025\/07\/Destination-francophonie-Ivan-Kabacoff-1360x765.jpg\" alt=\"\" class=\"wp-image-33005\" srcset=\"https:\/\/www.afbrno.cz\/wp-content\/uploads\/2025\/07\/Destination-francophonie-Ivan-Kabacoff-1360x765.jpg 1360w, https:\/\/www.afbrno.cz\/wp-content\/uploads\/2025\/07\/Destination-francophonie-Ivan-Kabacoff-460x259.jpg 460w, https:\/\/www.afbrno.cz\/wp-content\/uploads\/2025\/07\/Destination-francophonie-Ivan-Kabacoff-768x432.jpg 768w\" sizes=\"auto, (max-width: 1360px) 100vw, 1360px\" \/><\/figure>\n","protected":false},"excerpt":{"rendered":"<p>L&rsquo;\u00e9mission Destination francophonie pr\u00e9sent\u00e9e par Ivan Kabacoff et produite par TV5MONDE vous emm\u00e8ne en voyage en francophonie aux quatre coins de la plan\u00e8te. Dans chaque pays, rencontre avec&#8230;<\/p>\n","protected":false},"author":3,"featured_media":0,"parent":0,"menu_order":0,"comment_status":"closed","ping_status":"closed","template":"","meta":{"_acf_changed":false,"footnotes":""},"class_list":["post-33009","page","type-page","status-publish","hentry"],"acf":[],"_links":{"self":[{"href":"https:\/\/www.afbrno.cz\/fr\/wp-json\/wp\/v2\/pages\/33009","targetHints":{"allow":["GET"]}}],"collection":[{"href":"https:\/\/www.afbrno.cz\/fr\/wp-json\/wp\/v2\/pages"}],"about":[{"href":"https:\/\/www.afbrno.cz\/fr\/wp-json\/wp\/v2\/types\/page"}],"author":[{"embeddable":true,"href":"https:\/\/www.afbrno.cz\/fr\/wp-json\/wp\/v2\/users\/3"}],"replies":[{"embeddable":true,"href":"https:\/\/www.afbrno.cz\/fr\/wp-json\/wp\/v2\/comments?post=33009"}],"version-history":[{"count":4,"href":"https:\/\/www.afbrno.cz\/fr\/wp-json\/wp\/v2\/pages\/33009\/revisions"}],"predecessor-version":[{"id":33505,"href":"https:\/\/www.afbrno.cz\/fr\/wp-json\/wp\/v2\/pages\/33009\/revisions\/33505"}],"wp:attachment":[{"href":"https:\/\/www.afbrno.cz\/fr\/wp-json\/wp\/v2\/media?parent=33009"}],"curies":[{"name":"wp","href":"https:\/\/api.w.org\/{rel}","templated":true}]}}

Découvrir la francophonie

<p class="wp-block-paragraph">L&rsquo;émission <strong>Destination francophonie</strong> présentée par <strong>Ivan Kabacoff</strong> et produite par <strong>TV5MONDE</strong> vous emmène <strong>en voyage en francophonie aux quatre coins de la planète</strong>.</p>



<p class="wp-block-paragraph">Dans chaque pays, rencontre avec des francophones qui présentent, en français, leur culture, leurs modes de vie, leurs engagements. L&rsquo;émission valorise également des projets qui font vivre localement la langue française, une langue vivante, dynamique et en constante évolution.</p>



<div class="wp-block-buttons is-layout-flex wp-block-buttons-is-layout-flex">
<div class="wp-block-button"><a class="wp-block-button__link wp-element-button" href="http://www.tv5monde.com/df" target="_blank" rel="noreferrer noopener">En savoir plus et regarder les épisodes</a></div>
</div>



<div style="height:56px" aria-hidden="true" class="wp-block-spacer"></div>



<figure class="wp-block-image size-large"><img loading="lazy" decoding="async" width="1360" height="765" src="https://www.afbrno.cz/wp-content/uploads/2025/07/Destination-francophonie-Ivan-Kabacoff-1360x765.jpg" alt="" class="wp-image-33005" srcset="https://www.afbrno.cz/wp-content/uploads/2025/07/Destination-francophonie-Ivan-Kabacoff-1360x765.jpg 1360w, https://www.afbrno.cz/wp-content/uploads/2025/07/Destination-francophonie-Ivan-Kabacoff-460x259.jpg 460w, https://www.afbrno.cz/wp-content/uploads/2025/07/Destination-francophonie-Ivan-Kabacoff-768x432.jpg 768w" sizes="auto, (max-width: 1360px) 100vw, 1360px" /></figure>

<p>L&rsquo;émission Destination francophonie présentée par Ivan Kabacoff et produite par TV5MONDE vous emmène en voyage en francophonie aux quatre coins de la planète. Dans chaque pays, rencontre avec&#8230;</p>
