{"id":30138,"date":"2024-10-05T20:50:13","date_gmt":"2024-10-05T18:50:13","guid":{"rendered":"https:\/\/www.afbrno.cz\/?page_id=30138"},"modified":"2024-10-05T21:12:48","modified_gmt":"2024-10-05T19:12:48","slug":"subventions","status":"publish","type":"page","link":"https:\/\/www.afbrno.cz\/fr\/subventions\/","title":{"rendered":"Subventions"},"content":{"rendered":"\n<h3 class=\"wp-block-heading\"><mark style=\"background-color:rgba(0, 0, 0, 0)\" class=\"has-inline-color has-color-text-color\">Ville de Brno<\/mark><\/h3>\n\n\n\n<p>La Ville de Brno soutient l\u2019activit\u00e9 de l\u2019Alliance Fran\u00e7aise de Brno, en particulier notre festival Bonjour Brno.<\/p>\n\n\n\n<div class=\"wp-block-buttons is-layout-flex wp-block-buttons-is-layout-flex\">\n<div class=\"wp-block-button\"><a class=\"wp-block-button__link wp-element-button\" href=\"https:\/\/www.afbrno.cz\/fr\/ville-de-brno\/\" target=\"_blank\" rel=\"noreferrer noopener\">en savoir plus<\/a><\/div>\n<\/div>\n\n\n\n<div style=\"height:64px\" aria-hidden=\"true\" class=\"wp-block-spacer\"><\/div>\n\n\n\n<h3 class=\"wp-block-heading\"><mark style=\"background-color:rgba(0, 0, 0, 0)\" class=\"has-inline-color has-color-text-color\">R\u00e9gion Moravie du sud<\/mark><\/h3>\n\n\n\n<p>La R\u00e9gion Moravie du sud soutient l\u2019activit\u00e9 de l\u2019Alliance Fran\u00e7aise de Brno, en particulier notre festival Bonjour Brno.<\/p>\n\n\n\n<div class=\"wp-block-buttons is-layout-flex wp-block-buttons-is-layout-flex\">\n<div class=\"wp-block-button\"><a class=\"wp-block-button__link wp-element-button\" href=\"https:\/\/www.afbrno.cz\/fr\/moravie-du-sud\/\" target=\"_blank\" rel=\"noreferrer noopener\">en savoir plus<\/a><\/div>\n<\/div>\n\n\n\n<div style=\"height:64px\" aria-hidden=\"true\" class=\"wp-block-spacer\"><\/div>\n\n\n\n<h3 class=\"wp-block-heading\"><mark style=\"background-color:rgba(0, 0, 0, 0)\" class=\"has-inline-color has-color-text-color\">Erasmus+<\/mark><\/h3>\n\n\n\n<p>L\u2019Alliance Fran\u00e7aise de Brno a obtenu un financement europ\u00e9en pour la mise en place d\u2019un projet de mobilit\u00e9 des enseignants&nbsp;\u00ab Alliance Fran\u00e7aise Brno&nbsp;: francouz\u0161tina v srdci Moravy \u00bb&nbsp;dans le cadre de l\u2019action KA104&nbsp;: La mobilit\u00e9 des personnels de l\u2019\u00e9ducation des adultes.<\/p>\n\n\n\n<div class=\"wp-block-buttons is-layout-flex wp-block-buttons-is-layout-flex\">\n<div class=\"wp-block-button\"><a class=\"wp-block-button__link wp-element-button\" href=\"https:\/\/www.afbrno.cz\/fr\/erasmus\/\" target=\"_blank\" rel=\"noreferrer noopener\">en savoir plus<\/a><\/div>\n<\/div>\n\n\n\n<p><\/p>\n","protected":false},"excerpt":{"rendered":"<p>Ville de Brno La Ville de Brno soutient l\u2019activit\u00e9 de l\u2019Alliance Fran\u00e7aise de Brno, en particulier notre festival Bonjour Brno. R\u00e9gion Moravie du sud La R\u00e9gion Moravie du&#8230;<\/p>\n","protected":false},"author":3,"featured_media":0,"parent":0,"menu_order":0,"comment_status":"closed","ping_status":"closed","template":"","meta":{"_acf_changed":false,"footnotes":""},"class_list":["post-30138","page","type-page","status-publish","hentry"],"acf":[],"_links":{"self":[{"href":"https:\/\/www.afbrno.cz\/fr\/wp-json\/wp\/v2\/pages\/30138","targetHints":{"allow":["GET"]}}],"collection":[{"href":"https:\/\/www.afbrno.cz\/fr\/wp-json\/wp\/v2\/pages"}],"about":[{"href":"https:\/\/www.afbrno.cz\/fr\/wp-json\/wp\/v2\/types\/page"}],"author":[{"embeddable":true,"href":"https:\/\/www.afbrno.cz\/fr\/wp-json\/wp\/v2\/users\/3"}],"replies":[{"embeddable":true,"href":"https:\/\/www.afbrno.cz\/fr\/wp-json\/wp\/v2\/comments?post=30138"}],"version-history":[{"count":5,"href":"https:\/\/www.afbrno.cz\/fr\/wp-json\/wp\/v2\/pages\/30138\/revisions"}],"predecessor-version":[{"id":30147,"href":"https:\/\/www.afbrno.cz\/fr\/wp-json\/wp\/v2\/pages\/30138\/revisions\/30147"}],"wp:attachment":[{"href":"https:\/\/www.afbrno.cz\/fr\/wp-json\/wp\/v2\/media?parent=30138"}],"curies":[{"name":"wp","href":"https:\/\/api.w.org\/{rel}","templated":true}]}}

<h3 class="wp-block-heading"><mark style="background-color:rgba(0, 0, 0, 0)" class="has-inline-color has-color-text-color">Ville de Brno</mark></h3>



<p>La Ville de Brno soutient l’activité de l’Alliance Française de Brno, en particulier notre festival Bonjour Brno.</p>



<div class="wp-block-buttons is-layout-flex wp-block-buttons-is-layout-flex">
<div class="wp-block-button"><a class="wp-block-button__link wp-element-button" href="https://www.afbrno.cz/fr/ville-de-brno/" target="_blank" rel="noreferrer noopener">en savoir plus</a></div>
</div>



<div style="height:64px" aria-hidden="true" class="wp-block-spacer"></div>



<h3 class="wp-block-heading"><mark style="background-color:rgba(0, 0, 0, 0)" class="has-inline-color has-color-text-color">Région Moravie du sud</mark></h3>



<p>La Région Moravie du sud soutient l’activité de l’Alliance Française de Brno, en particulier notre festival Bonjour Brno.</p>



<div class="wp-block-buttons is-layout-flex wp-block-buttons-is-layout-flex">
<div class="wp-block-button"><a class="wp-block-button__link wp-element-button" href="https://www.afbrno.cz/fr/moravie-du-sud/" target="_blank" rel="noreferrer noopener">en savoir plus</a></div>
</div>



<div style="height:64px" aria-hidden="true" class="wp-block-spacer"></div>



<h3 class="wp-block-heading"><mark style="background-color:rgba(0, 0, 0, 0)" class="has-inline-color has-color-text-color">Erasmus+</mark></h3>



<p>L’Alliance Française de Brno a obtenu un financement européen pour la mise en place d’un projet de mobilité des enseignants&nbsp;« Alliance Française Brno&nbsp;: francouzština v srdci Moravy »&nbsp;dans le cadre de l’action KA104&nbsp;: La mobilité des personnels de l’éducation des adultes.</p>



<div class="wp-block-buttons is-layout-flex wp-block-buttons-is-layout-flex">
<div class="wp-block-button"><a class="wp-block-button__link wp-element-button" href="https://www.afbrno.cz/fr/erasmus/" target="_blank" rel="noreferrer noopener">en savoir plus</a></div>
</div>



<p></p>

<p>Ville de Brno La Ville de Brno soutient l’activité de l’Alliance Française de Brno, en particulier notre festival Bonjour Brno. Région Moravie du sud La Région Moravie du&#8230;</p>
