{"id":29822,"date":"2024-09-16T19:37:07","date_gmt":"2024-09-16T17:37:07","guid":{"rendered":"https:\/\/www.afbrno.cz\/?page_id=29822"},"modified":"2025-10-24T08:22:27","modified_gmt":"2025-10-24T06:22:27","slug":"devenir-examinateur-correcteur-delf-dalf","status":"publish","type":"page","link":"https:\/\/www.afbrno.cz\/fr\/devenir-examinateur-correcteur-delf-dalf\/","title":{"rendered":"Devenir examinateur-correcteur DELF-DALF"},"content":{"rendered":"\n<p>Vous souhaitez devenir examinateurs-correcteurs des <a href=\"https:\/\/www.france-education-international.fr\/hub\/diplomes-tests\" target=\"_blank\" data-type=\"link\" data-id=\"https:\/\/www.france-education-international.fr\/hub\/diplomes-tests\" rel=\"noreferrer noopener\">examens du DELF et du DALF<\/a>  ?<\/p>\n\n\n\n<p>Inscrivez-vous \u00e0 une formation organis\u00e9e par l&rsquo;Institut fran\u00e7ais de Prague pour les professeurs de fran\u00e7ais en R\u00e9publique tch\u00e8que.<\/p>\n\n\n\n<p>La formation&nbsp;<strong>est gratuite pour les enseignants du syst\u00e8me \u00e9ducatif tch\u00e8que et du r\u00e9seau Institut fran\u00e7ais \/&nbsp;Alliances&nbsp;Fran\u00e7aises de R\u00e9publique tch\u00e8que.<\/strong> La formation se d\u00e9roule en ligne.<\/p>\n\n\n\n<p>Les examinateurs-correcteurs habilit\u00e9s DELF A1-B2 peuvent ensuite s&rsquo;inscrire \u00e0 un stage d&rsquo;habilitation DALF C1-C2.<\/p>\n\n\n\n<p>L&rsquo;habilitation est valable 5 ans et est renouvelable.<\/p>\n\n\n\n<div style=\"height:39px\" aria-hidden=\"true\" class=\"wp-block-spacer\"><\/div>\n\n\n\n<h3 class=\"wp-block-heading\"><mark style=\"background-color:rgba(0, 0, 0, 0)\" class=\"has-inline-color has-color-text-color\">Calendrier des stages de 1\u00e8re habilitation 2025-2026<\/mark><\/h3>\n\n\n\n<div style=\"height:39px\" aria-hidden=\"true\" class=\"wp-block-spacer\"><\/div>\n\n\n\n<figure class=\"wp-block-table is-style-stripes\"><table><tbody><tr><td><strong>Stage de 1\u00e8re habilitation<\/strong><\/td><td class=\"has-text-align-center\" data-align=\"center\"><strong><mark style=\"background-color:rgba(0, 0, 0, 0)\" class=\"has-inline-color has-red-color\">DELF A1-A2-B1-B2<\/mark><\/strong><\/td><td class=\"has-text-align-center\" data-align=\"center\"><strong><mark style=\"background-color:rgba(0, 0, 0, 0)\" class=\"has-inline-color has-red-color\">DALF C1-C2<\/mark><\/strong><\/td><\/tr><tr><td><strong>Dates<\/strong><\/td><td class=\"has-text-align-center\" data-align=\"center\">23. &#8211; 25. 10. 2025<\/td><td class=\"has-text-align-center\" data-align=\"center\">en attente<\/td><\/tr><tr><td><strong>Formateur<\/strong><\/td><td class=\"has-text-align-center\" data-align=\"center\">Fr\u00e9d\u00e9ric Basseville<\/td><td class=\"has-text-align-center\" data-align=\"center\">en attente<\/td><\/tr><tr><td><strong>Formulaire d&rsquo;inscription<\/strong><\/td><td class=\"has-text-align-center\" data-align=\"center\">inscriptions closes<\/td><td class=\"has-text-align-center\" data-align=\"center\">en attente<\/td><\/tr><tr><td><strong>Date limite d&rsquo;inscription<\/strong><\/td><td class=\"has-text-align-center\" data-align=\"center\">avant le 20. 10. 2025<\/td><td class=\"has-text-align-center\" data-align=\"center\">en attente<\/td><\/tr><tr><td><strong>Programme du stage<\/strong><\/td><td class=\"has-text-align-center\" data-align=\"center\"><a href=\"https:\/\/www.afbrno.cz\/wp-content\/uploads\/2025\/10\/Programme-primo-habilitation-DELF-A1-B2-23.-25.10.2025.pdf\" target=\"_blank\" data-type=\"link\" data-id=\"https:\/\/www.afbrno.cz\/wp-content\/uploads\/2025\/10\/Programme-primo-habilitation-DELF-A1-B2-23.-25.10.2025.pdf\" rel=\"noreferrer noopener\">t\u00e9l\u00e9charger le programme<\/a><\/td><td class=\"has-text-align-center\" data-align=\"center\">en attente<\/td><\/tr><\/tbody><\/table><\/figure>\n\n\n\n<p><\/p>\n","protected":false},"excerpt":{"rendered":"<p>Vous souhaitez devenir examinateurs-correcteurs des examens du DELF et du DALF ? Inscrivez-vous \u00e0 une formation organis\u00e9e par l&rsquo;Institut fran\u00e7ais de Prague pour les professeurs de fran\u00e7ais en&#8230;<\/p>\n","protected":false},"author":3,"featured_media":0,"parent":0,"menu_order":0,"comment_status":"closed","ping_status":"closed","template":"","meta":{"_acf_changed":false,"footnotes":""},"class_list":["post-29822","page","type-page","status-publish","hentry"],"acf":[],"_links":{"self":[{"href":"https:\/\/www.afbrno.cz\/fr\/wp-json\/wp\/v2\/pages\/29822","targetHints":{"allow":["GET"]}}],"collection":[{"href":"https:\/\/www.afbrno.cz\/fr\/wp-json\/wp\/v2\/pages"}],"about":[{"href":"https:\/\/www.afbrno.cz\/fr\/wp-json\/wp\/v2\/types\/page"}],"author":[{"embeddable":true,"href":"https:\/\/www.afbrno.cz\/fr\/wp-json\/wp\/v2\/users\/3"}],"replies":[{"embeddable":true,"href":"https:\/\/www.afbrno.cz\/fr\/wp-json\/wp\/v2\/comments?post=29822"}],"version-history":[{"count":13,"href":"https:\/\/www.afbrno.cz\/fr\/wp-json\/wp\/v2\/pages\/29822\/revisions"}],"predecessor-version":[{"id":34328,"href":"https:\/\/www.afbrno.cz\/fr\/wp-json\/wp\/v2\/pages\/29822\/revisions\/34328"}],"wp:attachment":[{"href":"https:\/\/www.afbrno.cz\/fr\/wp-json\/wp\/v2\/media?parent=29822"}],"curies":[{"name":"wp","href":"https:\/\/api.w.org\/{rel}","templated":true}]}}

<p>Vous souhaitez devenir examinateurs-correcteurs des <a href="https://www.france-education-international.fr/hub/diplomes-tests" target="_blank" data-type="link" data-id="https://www.france-education-international.fr/hub/diplomes-tests" rel="noreferrer noopener">examens du DELF et du DALF</a>  ?</p>



<p>Inscrivez-vous à une formation organisée par l&rsquo;Institut français de Prague pour les professeurs de français en République tchèque.</p>



<p>La formation&nbsp;<strong>est gratuite pour les enseignants du système éducatif tchèque et du réseau Institut français /&nbsp;Alliances&nbsp;Françaises de République tchèque.</strong> La formation se déroule en ligne.</p>



<p>Les examinateurs-correcteurs habilités DELF A1-B2 peuvent ensuite s&rsquo;inscrire à un stage d&rsquo;habilitation DALF C1-C2.</p>



<p>L&rsquo;habilitation est valable 5 ans et est renouvelable.</p>



<div style="height:39px" aria-hidden="true" class="wp-block-spacer"></div>



<h3 class="wp-block-heading"><mark style="background-color:rgba(0, 0, 0, 0)" class="has-inline-color has-color-text-color">Calendrier des stages de 1ère habilitation 2025-2026</mark></h3>



<div style="height:39px" aria-hidden="true" class="wp-block-spacer"></div>



<figure class="wp-block-table is-style-stripes"><table><tbody><tr><td><strong>Stage de 1ère habilitation</strong></td><td class="has-text-align-center" data-align="center"><strong><mark style="background-color:rgba(0, 0, 0, 0)" class="has-inline-color has-red-color">DELF A1-A2-B1-B2</mark></strong></td><td class="has-text-align-center" data-align="center"><strong><mark style="background-color:rgba(0, 0, 0, 0)" class="has-inline-color has-red-color">DALF C1-C2</mark></strong></td></tr><tr><td><strong>Dates</strong></td><td class="has-text-align-center" data-align="center">23. &#8211; 25. 10. 2025</td><td class="has-text-align-center" data-align="center">en attente</td></tr><tr><td><strong>Formateur</strong></td><td class="has-text-align-center" data-align="center">Frédéric Basseville</td><td class="has-text-align-center" data-align="center">en attente</td></tr><tr><td><strong>Formulaire d&rsquo;inscription</strong></td><td class="has-text-align-center" data-align="center">inscriptions closes</td><td class="has-text-align-center" data-align="center">en attente</td></tr><tr><td><strong>Date limite d&rsquo;inscription</strong></td><td class="has-text-align-center" data-align="center">avant le 20. 10. 2025</td><td class="has-text-align-center" data-align="center">en attente</td></tr><tr><td><strong>Programme du stage</strong></td><td class="has-text-align-center" data-align="center"><a href="https://www.afbrno.cz/wp-content/uploads/2025/10/Programme-primo-habilitation-DELF-A1-B2-23.-25.10.2025.pdf" target="_blank" data-type="link" data-id="https://www.afbrno.cz/wp-content/uploads/2025/10/Programme-primo-habilitation-DELF-A1-B2-23.-25.10.2025.pdf" rel="noreferrer noopener">télécharger le programme</a></td><td class="has-text-align-center" data-align="center">en attente</td></tr></tbody></table></figure>



<p></p>

<p>Vous souhaitez devenir examinateurs-correcteurs des examens du DELF et du DALF ? Inscrivez-vous à une formation organisée par l&rsquo;Institut français de Prague pour les professeurs de français en&#8230;</p>
