{"id":29264,"date":"2024-08-14T10:44:29","date_gmt":"2024-08-14T08:44:29","guid":{"rendered":"https:\/\/www.afbrno.cz\/?page_id=29264"},"modified":"2024-09-17T19:00:07","modified_gmt":"2024-09-17T17:00:07","slug":"cours-pour-adultes","status":"publish","type":"page","link":"https:\/\/www.afbrno.cz\/fr\/cours-pour-adultes\/","title":{"rendered":"Cours pour adultes"},"content":{"rendered":"\n<p>Choisissez votre <strong>cours de fran\u00e7ais pour adultes<\/strong> (\u00e0 partir de 16 ans) selon votre niveau de langue :<\/p>\n\n\n\n<p><a href=\"https:\/\/www.afbrno.cz\/kategorie-kurzu\/a1-zacatecnici\/\" data-type=\"link\" data-id=\"https:\/\/www.afbrno.cz\/kategorie-kurzu\/a1-zacatecnici\/\" target=\"_blank\" rel=\"noreferrer noopener\">A1 &#8211; d\u00e9couverte<\/a><\/p>\n\n\n\n<p><a href=\"https:\/\/www.afbrno.cz\/kategorie-kurzu\/a2-mirne-pokrocili\/\" data-type=\"link\" data-id=\"https:\/\/www.afbrno.cz\/kategorie-kurzu\/a2-mirne-pokrocili\/\" target=\"_blank\" rel=\"noreferrer noopener\">A2 &#8211; \u00e9l\u00e9mentaire<\/a><\/p>\n\n\n\n<p><a href=\"https:\/\/www.afbrno.cz\/kategorie-kurzu\/b1-nizsi-stredne-pokrocili\/\" data-type=\"link\" data-id=\"https:\/\/www.afbrno.cz\/kategorie-kurzu\/b1-nizsi-stredne-pokrocili\/\" target=\"_blank\" rel=\"noreferrer noopener\">B1 &#8211; interm\u00e9diaire<\/a><\/p>\n\n\n\n<p><a href=\"https:\/\/www.afbrno.cz\/kategorie-kurzu\/b2-vyssi-stredne-pokrocili\/\" data-type=\"link\" data-id=\"https:\/\/www.afbrno.cz\/kategorie-kurzu\/b2-vyssi-stredne-pokrocili\/\" target=\"_blank\" rel=\"noreferrer noopener\">B2 &#8211; interm\u00e9diaire sup\u00e9rieur<\/a><\/p>\n\n\n\n<p><a href=\"https:\/\/www.afbrno.cz\/kategorie-kurzu\/c1-pokrocili\/\" data-type=\"link\" data-id=\"https:\/\/www.afbrno.cz\/kategorie-kurzu\/c1-pokrocili\/\" target=\"_blank\" rel=\"noreferrer noopener\">C1 &#8211; avanc\u00e9<\/a><\/p>\n\n\n\n<p><\/p>\n\n\n\n<p>Vous n&rsquo;\u00eates pas s\u00fbrs de votre niveau ? Le descriptif des diff\u00e9rents niveaux de langue est disponible <a href=\"https:\/\/www.afbrno.cz\/fr\/niveaux-de-langue\/\" data-type=\"link\" data-id=\"https:\/\/www.afbrno.cz\/fr\/niveaux-de-langue\/\">ici<\/a>.<\/p>\n\n\n\n<p><\/p>\n\n\n\n<p>Essayez aussi notre test de positionnement. Pour en savoir plus cliquez <a href=\"https:\/\/www.afbrno.cz\/fr\/tests-de-placement\/\" data-type=\"link\" data-id=\"https:\/\/www.afbrno.cz\/fr\/tests-de-placement\/\" target=\"_blank\" rel=\"noreferrer noopener\">ici<\/a>.<\/p>\n\n\n\n<p><\/p>\n\n\n\n<p>Vous souhaitez plut\u00f4t un <strong>cours de conversation<\/strong> ? Pour conna\u00eetre notre offre de cours de conversation cliquez <a href=\"https:\/\/www.afbrno.cz\/fr\/kategorie-kurzu\/konverzace\/\" target=\"_blank\" data-type=\"link\" data-id=\"https:\/\/www.afbrno.cz\/fr\/kategorie-kurzu\/konverzace\/\" rel=\"noreferrer noopener\">ici<\/a>.<\/p>\n","protected":false},"excerpt":{"rendered":"<p>Choisissez votre cours de fran\u00e7ais pour adultes (\u00e0 partir de 16 ans) selon votre niveau de langue : A1 &#8211; d\u00e9couverte A2 &#8211; \u00e9l\u00e9mentaire B1 &#8211; interm\u00e9diaire B2&#8230;<\/p>\n","protected":false},"author":3,"featured_media":0,"parent":0,"menu_order":0,"comment_status":"closed","ping_status":"closed","template":"","meta":{"_acf_changed":false,"footnotes":""},"class_list":["post-29264","page","type-page","status-publish","hentry"],"acf":[],"_links":{"self":[{"href":"https:\/\/www.afbrno.cz\/fr\/wp-json\/wp\/v2\/pages\/29264","targetHints":{"allow":["GET"]}}],"collection":[{"href":"https:\/\/www.afbrno.cz\/fr\/wp-json\/wp\/v2\/pages"}],"about":[{"href":"https:\/\/www.afbrno.cz\/fr\/wp-json\/wp\/v2\/types\/page"}],"author":[{"embeddable":true,"href":"https:\/\/www.afbrno.cz\/fr\/wp-json\/wp\/v2\/users\/3"}],"replies":[{"embeddable":true,"href":"https:\/\/www.afbrno.cz\/fr\/wp-json\/wp\/v2\/comments?post=29264"}],"version-history":[{"count":7,"href":"https:\/\/www.afbrno.cz\/fr\/wp-json\/wp\/v2\/pages\/29264\/revisions"}],"predecessor-version":[{"id":29849,"href":"https:\/\/www.afbrno.cz\/fr\/wp-json\/wp\/v2\/pages\/29264\/revisions\/29849"}],"wp:attachment":[{"href":"https:\/\/www.afbrno.cz\/fr\/wp-json\/wp\/v2\/media?parent=29264"}],"curies":[{"name":"wp","href":"https:\/\/api.w.org\/{rel}","templated":true}]}}

<p>Choisissez votre <strong>cours de français pour adultes</strong> (à partir de 16 ans) selon votre niveau de langue :</p>



<p><a href="https://www.afbrno.cz/kategorie-kurzu/a1-zacatecnici/" data-type="link" data-id="https://www.afbrno.cz/kategorie-kurzu/a1-zacatecnici/" target="_blank" rel="noreferrer noopener">A1 &#8211; découverte</a></p>



<p><a href="https://www.afbrno.cz/kategorie-kurzu/a2-mirne-pokrocili/" data-type="link" data-id="https://www.afbrno.cz/kategorie-kurzu/a2-mirne-pokrocili/" target="_blank" rel="noreferrer noopener">A2 &#8211; élémentaire</a></p>



<p><a href="https://www.afbrno.cz/kategorie-kurzu/b1-nizsi-stredne-pokrocili/" data-type="link" data-id="https://www.afbrno.cz/kategorie-kurzu/b1-nizsi-stredne-pokrocili/" target="_blank" rel="noreferrer noopener">B1 &#8211; intermédiaire</a></p>



<p><a href="https://www.afbrno.cz/kategorie-kurzu/b2-vyssi-stredne-pokrocili/" data-type="link" data-id="https://www.afbrno.cz/kategorie-kurzu/b2-vyssi-stredne-pokrocili/" target="_blank" rel="noreferrer noopener">B2 &#8211; intermédiaire supérieur</a></p>



<p><a href="https://www.afbrno.cz/kategorie-kurzu/c1-pokrocili/" data-type="link" data-id="https://www.afbrno.cz/kategorie-kurzu/c1-pokrocili/" target="_blank" rel="noreferrer noopener">C1 &#8211; avancé</a></p>



<p></p>



<p>Vous n&rsquo;êtes pas sûrs de votre niveau ? Le descriptif des différents niveaux de langue est disponible <a href="https://www.afbrno.cz/fr/niveaux-de-langue/" data-type="link" data-id="https://www.afbrno.cz/fr/niveaux-de-langue/">ici</a>.</p>



<p></p>



<p>Essayez aussi notre test de positionnement. Pour en savoir plus cliquez <a href="https://www.afbrno.cz/fr/tests-de-placement/" data-type="link" data-id="https://www.afbrno.cz/fr/tests-de-placement/" target="_blank" rel="noreferrer noopener">ici</a>.</p>



<p></p>



<p>Vous souhaitez plutôt un <strong>cours de conversation</strong> ? Pour connaître notre offre de cours de conversation cliquez <a href="https://www.afbrno.cz/fr/kategorie-kurzu/konverzace/" target="_blank" data-type="link" data-id="https://www.afbrno.cz/fr/kategorie-kurzu/konverzace/" rel="noreferrer noopener">ici</a>.</p>

<p>Choisissez votre cours de français pour adultes (à partir de 16 ans) selon votre niveau de langue : A1 &#8211; découverte A2 &#8211; élémentaire B1 &#8211; intermédiaire B2&#8230;</p>
