{"id":28030,"date":"2024-04-15T18:58:15","date_gmt":"2024-04-15T16:58:15","guid":{"rendered":"https:\/\/web.afbrno.cz\/?page_id=28030"},"modified":"2024-06-17T16:31:31","modified_gmt":"2024-06-17T14:31:31","slug":"cecrl-niveau-b2","status":"publish","type":"page","link":"https:\/\/www.afbrno.cz\/fr\/cecrl-niveau-b2\/","title":{"rendered":"Niveau B2"},"content":{"rendered":"\n<div class=\"wp-block-columns is-layout-flex wp-container-core-columns-is-layout-9d6595d7 wp-block-columns-is-layout-flex\">\n<div class=\"wp-block-column is-layout-flow wp-block-column-is-layout-flow\" style=\"flex-basis:33.33%\">\n<figure class=\"wp-block-image size-full\"><img loading=\"lazy\" decoding=\"async\" width=\"560\" height=\"315\" src=\"https:\/\/www.afbrno.cz\/wp-content\/uploads\/2024\/06\/CECRL-niveau-B2.png\" alt=\"\" class=\"wp-image-28031\" title=\"\u00darove\u0148 B2\" srcset=\"https:\/\/www.afbrno.cz\/wp-content\/uploads\/2024\/06\/CECRL-niveau-B2.png 560w, https:\/\/www.afbrno.cz\/wp-content\/uploads\/2024\/06\/CECRL-niveau-B2-460x259.png 460w\" sizes=\"auto, (max-width: 560px) 100vw, 560px\" \/><\/figure>\n<\/div>\n\n\n\n<div class=\"wp-block-column is-layout-flow wp-block-column-is-layout-flow\" style=\"flex-basis:66.66%\">\n<h3 class=\"wp-block-heading\"><strong>Comprendre<\/strong><\/h3>\n\n\n\n<p><strong><strong>\u00c9couter<\/strong><\/strong> <strong>:\u00a0<\/strong>Je peux comprendre des conf\u00e9rences et des discours assez longs et m\u00eame suivre une argumentation complexe si le sujet m&rsquo;en est relativement familier.<br>Je peux comprendre la plupart des \u00e9missions de t\u00e9l\u00e9vision sur l&rsquo;actualit\u00e9 et les informations.<br>Je peux comprendre la plupart des films en langue standard.<br><strong><strong>Lire<\/strong><\/strong> <strong>:<\/strong>\u00a0Je peux lire des articles et des rapports sur des questions contemporaines dans lesquels les auteurs adoptent une attitude particuli\u00e8re ou un certain point de vue. Je peux comprendre un texte litt\u00e9raire contemporain en prose.<\/p>\n\n\n\n<p><\/p>\n\n\n\n<h3 class=\"wp-block-heading\"><strong><strong>Parler<\/strong><\/strong><\/h3>\n\n\n\n<p><strong><strong>Prendre part \u00e0 une conversation<\/strong><\/strong> <strong>:<\/strong>\u00a0Je peux communiquer avec un degr\u00e9 de spontan\u00e9it\u00e9 et d&rsquo;aisance qui rende possible une interaction normale avec un locuteur natif. Je peux participer activement \u00e0 une conversation dans des situations famili\u00e8res, pr\u00e9senter et d\u00e9fendre mes opinions.\u00a0<br><strong><strong>S&rsquo;exprimer oralement en continu<\/strong><\/strong> <strong>:<\/strong>\u00a0Je peux m&rsquo;exprimer de fa\u00e7on claire et d\u00e9taill\u00e9e sur une grande gamme de sujets relatifs \u00e0 mes centres d&rsquo;int\u00e9r\u00eat. Je peux d\u00e9velopper un point de vue sur un sujet d\u2019actualit\u00e9 et expliquer les avantages et les inconv\u00e9nients de diff\u00e9rentes possibilit\u00e9s.<\/p>\n\n\n\n<p><\/p>\n\n\n\n<h3 class=\"wp-block-heading\"><strong><strong>\u00c9crire<\/strong><\/strong><\/h3>\n\n\n\n<p><strong><strong>\u00c9crire<\/strong><\/strong> <strong>:<\/strong>\u00a0Je peux \u00e9crire des textes clairs et d\u00e9taill\u00e9s sur une grande gamme de sujets relatifs \u00e0 mes int\u00e9r\u00eats. Je peux \u00e9crire un essai ou un rapport en transmettant une information ou en exposant des raisons pour ou contre une opinion donn\u00e9e. Je peux \u00e9crire des lettres qui mettent en valeur le sens que j\u2019attribue personnellement aux \u00e9v\u00e9nements et aux exp\u00e9riences.<\/p>\n<\/div>\n<\/div>\n\n\n\n<div style=\"height:60px\" aria-hidden=\"true\" class=\"wp-block-spacer\"><\/div>\n\n\n\n<p>Source : <em>Cadre europ\u00e9en commun de r\u00e9f\u00e9rence pour les langues : apprendre, enseigner, \u00e9valuer<\/em>, Unit\u00e9 des Politiques linguistiques, Strasbourg.<\/p>\n","protected":false},"excerpt":{"rendered":"<p>Comprendre \u00c9couter :\u00a0Je peux comprendre des conf\u00e9rences et des discours assez longs et m\u00eame suivre une argumentation complexe si le sujet m&rsquo;en est relativement familier.Je peux comprendre la&#8230;<\/p>\n","protected":false},"author":3,"featured_media":0,"parent":0,"menu_order":0,"comment_status":"closed","ping_status":"closed","template":"","meta":{"_acf_changed":false,"footnotes":""},"class_list":["post-28030","page","type-page","status-publish","hentry"],"acf":[],"_links":{"self":[{"href":"https:\/\/www.afbrno.cz\/fr\/wp-json\/wp\/v2\/pages\/28030","targetHints":{"allow":["GET"]}}],"collection":[{"href":"https:\/\/www.afbrno.cz\/fr\/wp-json\/wp\/v2\/pages"}],"about":[{"href":"https:\/\/www.afbrno.cz\/fr\/wp-json\/wp\/v2\/types\/page"}],"author":[{"embeddable":true,"href":"https:\/\/www.afbrno.cz\/fr\/wp-json\/wp\/v2\/users\/3"}],"replies":[{"embeddable":true,"href":"https:\/\/www.afbrno.cz\/fr\/wp-json\/wp\/v2\/comments?post=28030"}],"version-history":[{"count":5,"href":"https:\/\/www.afbrno.cz\/fr\/wp-json\/wp\/v2\/pages\/28030\/revisions"}],"predecessor-version":[{"id":28084,"href":"https:\/\/www.afbrno.cz\/fr\/wp-json\/wp\/v2\/pages\/28030\/revisions\/28084"}],"wp:attachment":[{"href":"https:\/\/www.afbrno.cz\/fr\/wp-json\/wp\/v2\/media?parent=28030"}],"curies":[{"name":"wp","href":"https:\/\/api.w.org\/{rel}","templated":true}]}}

<div class="wp-block-columns is-layout-flex wp-container-core-columns-is-layout-9d6595d7 wp-block-columns-is-layout-flex">
<div class="wp-block-column is-layout-flow wp-block-column-is-layout-flow" style="flex-basis:33.33%">
<figure class="wp-block-image size-full"><img loading="lazy" decoding="async" width="560" height="315" src="https://www.afbrno.cz/wp-content/uploads/2024/06/CECRL-niveau-B2.png" alt="" class="wp-image-28031" title="Úroveň B2" srcset="https://www.afbrno.cz/wp-content/uploads/2024/06/CECRL-niveau-B2.png 560w, https://www.afbrno.cz/wp-content/uploads/2024/06/CECRL-niveau-B2-460x259.png 460w" sizes="auto, (max-width: 560px) 100vw, 560px" /></figure>
</div>



<div class="wp-block-column is-layout-flow wp-block-column-is-layout-flow" style="flex-basis:66.66%">
<h3 class="wp-block-heading"><strong>Comprendre</strong></h3>



<p><strong><strong>Écouter</strong></strong> <strong>: </strong>Je peux comprendre des conférences et des discours assez longs et même suivre une argumentation complexe si le sujet m&rsquo;en est relativement familier.<br>Je peux comprendre la plupart des émissions de télévision sur l&rsquo;actualité et les informations.<br>Je peux comprendre la plupart des films en langue standard.<br><strong><strong>Lire</strong></strong> <strong>:</strong> Je peux lire des articles et des rapports sur des questions contemporaines dans lesquels les auteurs adoptent une attitude particulière ou un certain point de vue. Je peux comprendre un texte littéraire contemporain en prose.</p>



<p></p>



<h3 class="wp-block-heading"><strong><strong>Parler</strong></strong></h3>



<p><strong><strong>Prendre part à une conversation</strong></strong> <strong>:</strong> Je peux communiquer avec un degré de spontanéité et d&rsquo;aisance qui rende possible une interaction normale avec un locuteur natif. Je peux participer activement à une conversation dans des situations familières, présenter et défendre mes opinions. <br><strong><strong>S&rsquo;exprimer oralement en continu</strong></strong> <strong>:</strong> Je peux m&rsquo;exprimer de façon claire et détaillée sur une grande gamme de sujets relatifs à mes centres d&rsquo;intérêt. Je peux développer un point de vue sur un sujet d’actualité et expliquer les avantages et les inconvénients de différentes possibilités.</p>



<p></p>



<h3 class="wp-block-heading"><strong><strong>Écrire</strong></strong></h3>



<p><strong><strong>Écrire</strong></strong> <strong>:</strong> Je peux écrire des textes clairs et détaillés sur une grande gamme de sujets relatifs à mes intérêts. Je peux écrire un essai ou un rapport en transmettant une information ou en exposant des raisons pour ou contre une opinion donnée. Je peux écrire des lettres qui mettent en valeur le sens que j’attribue personnellement aux événements et aux expériences.</p>
</div>
</div>



<div style="height:60px" aria-hidden="true" class="wp-block-spacer"></div>



<p>Source : <em>Cadre européen commun de référence pour les langues : apprendre, enseigner, évaluer</em>, Unité des Politiques linguistiques, Strasbourg.</p>

<p>Comprendre Écouter : Je peux comprendre des conférences et des discours assez longs et même suivre une argumentation complexe si le sujet m&rsquo;en est relativement familier.Je peux comprendre la&#8230;</p>
