{"id":27892,"date":"2024-06-17T11:49:35","date_gmt":"2024-06-17T09:49:35","guid":{"rendered":"https:\/\/web.afbrno.cz\/?page_id=27892"},"modified":"2026-04-27T13:59:33","modified_gmt":"2026-04-27T11:59:33","slug":"ville-de-brno","status":"publish","type":"page","link":"https:\/\/www.afbrno.cz\/fr\/ville-de-brno\/","title":{"rendered":"Ville de Brno"},"content":{"rendered":"\n<p><\/p>\n\n\n\n<p>La Ville de Brno soutient l\u2019activit\u00e9 de l\u2019Alliance Fran\u00e7aise de Brno, notamment \u00e0 travers les projets suivants :<\/p>\n\n\n\n<figure class=\"wp-block-table is-style-stripes\"><table><tbody><tr><td><strong><mark style=\"background-color:rgba(0, 0, 0, 0)\" class=\"has-inline-color has-color-text-color\">Ann\u00e9e<\/mark><\/strong><\/td><td><strong><strong>Intitul\u00e9 du projet<\/strong><\/strong><\/td><td><strong><mark style=\"background-color:rgba(0, 0, 0, 0)\" class=\"has-inline-color has-color-text-color\">Montant<\/mark><\/strong><\/td><\/tr><tr><td>2026<\/td><td>Francouzsk\u00e1 kulturn\u00ed sez\u00f3na 2026<\/td><td>101 000 CZK<\/td><\/tr><tr><td>2025<\/td><td>Francouzsk\u00e1 kulturn\u00ed sez\u00f3na 2025<\/td><td>174 000 CZK<\/td><\/tr><tr><td>2024<\/td><td>Francouzsk\u00e1 kulturn\u00ed sez\u00f3na 2024<\/td><td>160 000 CZK<\/td><\/tr><tr><td>2023<\/td><td>Francouzsk\u00e1 kulturn\u00ed sez\u00f3na 2023<\/td><td>150 000 CZK<\/td><\/tr><tr><td>2022<\/td><td>Francouzsk\u00e1 kulturn\u00ed sez\u00f3na 2022<\/td><td>150 000 CZK<\/td><\/tr><tr><td>2021<\/td><td>Francouzsk\u00e1 sez\u00f3na v Brn\u011b<\/td><td>130 000 CZK<\/td><\/tr><tr><td>2017-2020<\/td><td>Festival Bonjour Brno<\/td><td>720 000 CZK<\/td><\/tr><tr><td>2016<\/td><td>Festival Bonjour Brno<\/td><td>180 000 CZK<\/td><\/tr><tr><td>2015<\/td><td>Bonjour Brno 2015<\/td><td>180 000 CZK<\/td><\/tr><tr><td>2014<\/td><td>Festival Bonjour Brno 2014<\/td><td>100 000 CZK<\/td><\/tr><\/tbody><\/table><\/figure>\n\n\n\n<p><\/p>\n\n\n\n<p><\/p>\n\n\n\n<figure class=\"wp-block-image size-full is-resized\"><img loading=\"lazy\" decoding=\"async\" width=\"482\" height=\"217\" src=\"https:\/\/www.afbrno.cz\/wp-content\/uploads\/2024\/06\/Logo-mesto-Brno.png\" alt=\"\" class=\"wp-image-27885\" style=\"width:312px;height:auto\" srcset=\"https:\/\/www.afbrno.cz\/wp-content\/uploads\/2024\/06\/Logo-mesto-Brno.png 482w, https:\/\/www.afbrno.cz\/wp-content\/uploads\/2024\/06\/Logo-mesto-Brno-460x207.png 460w\" sizes=\"auto, (max-width: 482px) 100vw, 482px\" \/><\/figure>\n","protected":false},"excerpt":{"rendered":"<p>La Ville de Brno soutient l\u2019activit\u00e9 de l\u2019Alliance Fran\u00e7aise de Brno, notamment \u00e0 travers les projets suivants : Ann\u00e9e Intitul\u00e9 du projet Montant 2026 Francouzsk\u00e1 kulturn\u00ed sez\u00f3na 2026&#8230;<\/p>\n","protected":false},"author":3,"featured_media":0,"parent":0,"menu_order":0,"comment_status":"closed","ping_status":"closed","template":"","meta":{"_acf_changed":false,"footnotes":""},"class_list":["post-27892","page","type-page","status-publish","hentry"],"acf":[],"_links":{"self":[{"href":"https:\/\/www.afbrno.cz\/fr\/wp-json\/wp\/v2\/pages\/27892","targetHints":{"allow":["GET"]}}],"collection":[{"href":"https:\/\/www.afbrno.cz\/fr\/wp-json\/wp\/v2\/pages"}],"about":[{"href":"https:\/\/www.afbrno.cz\/fr\/wp-json\/wp\/v2\/types\/page"}],"author":[{"embeddable":true,"href":"https:\/\/www.afbrno.cz\/fr\/wp-json\/wp\/v2\/users\/3"}],"replies":[{"embeddable":true,"href":"https:\/\/www.afbrno.cz\/fr\/wp-json\/wp\/v2\/comments?post=27892"}],"version-history":[{"count":5,"href":"https:\/\/www.afbrno.cz\/fr\/wp-json\/wp\/v2\/pages\/27892\/revisions"}],"predecessor-version":[{"id":36537,"href":"https:\/\/www.afbrno.cz\/fr\/wp-json\/wp\/v2\/pages\/27892\/revisions\/36537"}],"wp:attachment":[{"href":"https:\/\/www.afbrno.cz\/fr\/wp-json\/wp\/v2\/media?parent=27892"}],"curies":[{"name":"wp","href":"https:\/\/api.w.org\/{rel}","templated":true}]}}

<p></p>



<p>La Ville de Brno soutient l’activité de l’Alliance Française de Brno, notamment à travers les projets suivants :</p>



<figure class="wp-block-table is-style-stripes"><table><tbody><tr><td><strong><mark style="background-color:rgba(0, 0, 0, 0)" class="has-inline-color has-color-text-color">Année</mark></strong></td><td><strong><strong>Intitulé du projet</strong></strong></td><td><strong><mark style="background-color:rgba(0, 0, 0, 0)" class="has-inline-color has-color-text-color">Montant</mark></strong></td></tr><tr><td>2026</td><td>Francouzská kulturní sezóna 2026</td><td>101 000 CZK</td></tr><tr><td>2025</td><td>Francouzská kulturní sezóna 2025</td><td>174 000 CZK</td></tr><tr><td>2024</td><td>Francouzská kulturní sezóna 2024</td><td>160 000 CZK</td></tr><tr><td>2023</td><td>Francouzská kulturní sezóna 2023</td><td>150 000 CZK</td></tr><tr><td>2022</td><td>Francouzská kulturní sezóna 2022</td><td>150 000 CZK</td></tr><tr><td>2021</td><td>Francouzská sezóna v Brně</td><td>130 000 CZK</td></tr><tr><td>2017-2020</td><td>Festival Bonjour Brno</td><td>720 000 CZK</td></tr><tr><td>2016</td><td>Festival Bonjour Brno</td><td>180 000 CZK</td></tr><tr><td>2015</td><td>Bonjour Brno 2015</td><td>180 000 CZK</td></tr><tr><td>2014</td><td>Festival Bonjour Brno 2014</td><td>100 000 CZK</td></tr></tbody></table></figure>



<p></p>



<p></p>



<figure class="wp-block-image size-full is-resized"><img loading="lazy" decoding="async" width="482" height="217" src="https://www.afbrno.cz/wp-content/uploads/2024/06/Logo-mesto-Brno.png" alt="" class="wp-image-27885" style="width:312px;height:auto" srcset="https://www.afbrno.cz/wp-content/uploads/2024/06/Logo-mesto-Brno.png 482w, https://www.afbrno.cz/wp-content/uploads/2024/06/Logo-mesto-Brno-460x207.png 460w" sizes="auto, (max-width: 482px) 100vw, 482px" /></figure>

<p>La Ville de Brno soutient l’activité de l’Alliance Française de Brno, notamment à travers les projets suivants : Année Intitulé du projet Montant 2026 Francouzská kulturní sezóna 2026&#8230;</p>
