{"id":27490,"date":"2024-05-10T18:56:02","date_gmt":"2024-05-10T16:56:02","guid":{"rendered":"https:\/\/web.afbrno.cz\/?page_id=27490"},"modified":"2024-10-05T21:15:22","modified_gmt":"2024-10-05T19:15:22","slug":"erasmus","status":"publish","type":"page","link":"https:\/\/www.afbrno.cz\/fr\/erasmus\/","title":{"rendered":"Erasmus+"},"content":{"rendered":"\n<p>L\u2019Alliance Fran\u00e7aise de Brno a obtenu un financement europ\u00e9en pour la mise en place d\u2019un projet de mobilit\u00e9 des enseignants&nbsp;<strong><em>Alliance Fran\u00e7aise Brno&nbsp;: francouz\u0161tina v srdci Moravy<\/em><\/strong> dans le cadre de l\u2019action KA104&nbsp;: La mobilit\u00e9 des personnels de l\u2019\u00e9ducation des adultes.<\/p>\n\n\n\n<p>Ces mobilit\u00e9s ont \u00e9t\u00e9 r\u00e9alis\u00e9es durant la p\u00e9riode&nbsp;<strong>du 01.06.2019 au 31.08.2021<\/strong>.<\/p>\n\n\n\n<p>La subvention de&nbsp;<strong>18 760,95 EUR<\/strong>&nbsp;accord\u00e9e par la Commission europ\u00e9enne, par l\u2019interm\u00e9diaire de l\u2019agence nationale Erasmus+&nbsp;<a href=\"http:\/\/www.dzs.cz\/\" target=\"_blank\" rel=\"noreferrer noopener\">D\u016fm zahrani\u010dn\u00ed spolupr\u00e1ce<\/a>, a permis \u00e0 l\u2019Alliance Fran\u00e7aise de Brno d\u2019envoyer 8 professeurs de fran\u00e7ais au&nbsp;<a href=\"http:\/\/www.cavilam.com\/\" target=\"_blank\" rel=\"noreferrer noopener\">CAVILAM-Alliance Fran\u00e7aise<\/a>&nbsp;de Vichy, pour y suivre des formations pour professeurs, et d\u2019\u00e9quiper l\u2019Alliance de mat\u00e9riels bureautiques et informatiques (imprimante-photocopieuse-scanner, ordinateurs portables) et de mat\u00e9riels didactiques.<\/p>\n\n\n\n<figure class=\"wp-block-table is-style-stripes\"><table><tbody><tr><td><strong>Nom du participant<\/strong><\/td><td><strong><strong>Formation suivie (rapport de stage \u00e0 t\u00e9l\u00e9charger)<\/strong><\/strong><\/td><\/tr><tr><td>Marie Kolmanov\u00e1<\/td><td><a href=\"https:\/\/www.afbrno.cz\/wp-content\/uploads\/2024\/06\/61051-mob-00001_-_kolmanova_marie_-_podrobna_zprava_o_realizovane_mobilite_-_skoleni_1.pdf\" target=\"_blank\" rel=\"noreferrer noopener\">D\u00e9velopper la communication orale en classe : r\u00e9ception et production<\/a><\/td><\/tr><tr><td>Marie Kolmanov\u00e1<\/td><td><a href=\"https:\/\/www.afbrno.cz\/wp-content\/uploads\/2024\/06\/61051-mob-00001_-_kolmanova_marie_-_podrobna_zprava_o_realizovane_mobilite_-_skoleni_2.pdf\" target=\"_blank\" rel=\"noreferrer noopener\">L\u2019Evaluation comme outil de formation et de motivation<\/a><\/td><\/tr><tr><td>Pavla P\u0159ececht\u011blov\u00e1<\/td><td><a href=\"https:\/\/www.afbrno.cz\/wp-content\/uploads\/2024\/06\/61051-mob-00002_-_precechtelova_pavla_-_podrobna_zprava_o_realizovane_mobilite_-_skoleni_1.pdf\" target=\"_blank\" rel=\"noreferrer noopener\">Int\u00e9grer des jeux et activit\u00e9s cr\u00e9atives pour la classe<\/a><\/td><\/tr><tr><td>Pavla P\u0159ececht\u011blov\u00e1<\/td><td><a href=\"https:\/\/www.afbrno.cz\/wp-content\/uploads\/2024\/06\/61051-mob-00002_-_precechtelova_pavla_-_podrobna_zprava_o_realizovane_mobilite_-_skoleni_2.pdf\" target=\"_blank\" rel=\"noreferrer noopener\">Regards sur la soci\u00e9t\u00e9 fran\u00e7aise en 2018\/2019<\/a><\/td><\/tr><tr><td>Tereza Vesel\u00e1<\/td><td><a href=\"https:\/\/www.afbrno.cz\/wp-content\/uploads\/2024\/06\/61051-mob-00003_-_vesela_tereza_-_podrobna_zprava_o_realizovane_mobilite_-_skoleni_1.pdf\" target=\"_blank\" rel=\"noreferrer noopener\">Apprendre \u00e0 motiver, motiver \u00e0 apprendre<\/a><\/td><\/tr><tr><td>Tereza Vesel\u00e1<\/td><td><a href=\"https:\/\/www.afbrno.cz\/wp-content\/uploads\/2024\/06\/61051-mob-00003_-_vesela_tereza_-_podrobna_zprava_o_realizovane_mobilite_-_skoleni_2.pdf\" target=\"_blank\" rel=\"noreferrer noopener\">La p\u00e9dagogie positive en classe<\/a><\/td><\/tr><tr><td>Iva Grajcarov\u00e1<\/td><td><a href=\"https:\/\/www.afbrno.cz\/wp-content\/uploads\/2024\/06\/61051-mob-00004_-_grajcarova_iva_-_podrobna_zprava_o_realizovane_mobilite_-_skoleni_1.pdf\" target=\"_blank\" rel=\"noreferrer noopener\">Enseigner le fran\u00e7ais avec les cinq sens<\/a><\/td><\/tr><tr><td>Iva Grajcarov\u00e1<\/td><td><a href=\"https:\/\/www.afbrno.cz\/wp-content\/uploads\/2024\/06\/61051-mob-00004_-_grajcarova_iva_-_podrobna_zprava_o_realizovane_mobilite_-_skoleni_2.pdf\" target=\"_blank\" rel=\"noreferrer noopener\">Les outils num\u00e9riques pratiques pour faciliter la vie du professeur<\/a><\/td><\/tr><tr><td>Iva Grajcarov\u00e1<\/td><td><a href=\"https:\/\/www.afbrno.cz\/wp-content\/uploads\/2024\/06\/61051-mob-00004_-_grajcarova_iva_-_podrobna_zprava_o_realizovane_mobilite_-_skoleni_4.pdf\" target=\"_blank\" rel=\"noreferrer noopener\">Appliquer les neurosciences \u00e0 l\u2019enseignement des langues<\/a><\/td><\/tr><tr><td>Iva Grajcarov\u00e1<\/td><td><a href=\"https:\/\/www.afbrno.cz\/wp-content\/uploads\/2024\/06\/61051-mob-00004_-_grajcarova_iva_-_podrobna_zprava_o_realizovane_mobilite_-_skoleni_5.pdf\" target=\"_blank\" rel=\"noreferrer noopener\">D\u00e9couverte de la litt\u00e9rature fran\u00e7aise et francophone contemporaine<\/a><\/td><\/tr><tr><td>Krist\u00fdna Mal\u00e1<\/td><td><a href=\"https:\/\/www.afbrno.cz\/wp-content\/uploads\/2024\/06\/61051-mob-00007_-_mala_kristyna_-_podrobna_zprava_o_realizovane_mobilite.pdf\" target=\"_blank\" rel=\"noreferrer noopener\">Enseigner le FLE avec les outils num\u00e9riques<\/a><\/td><\/tr><tr><td>Krist\u00fdna Mal\u00e1<\/td><td><a href=\"https:\/\/www.afbrno.cz\/wp-content\/uploads\/2024\/06\/61051-mob-00011_-_mala_kristyna_-_podrobna_zprava_o_realizovane_mobilite.pdf\" target=\"_blank\" rel=\"noreferrer noopener\">Activit\u00e9s ludiques, jeux et cr\u00e9ativit\u00e9 pour la classe de fran\u00e7ais<\/a>&nbsp;(mobilit\u00e9 virtuelle)<\/td><\/tr><tr><td>Zbyn\u011bk \u0160ebor<\/td><td><a href=\"https:\/\/www.afbrno.cz\/wp-content\/uploads\/2024\/06\/61051-mob-00008_-_sebor_zbynek_-_podrobna_zprava_o_realizovane_mobilite_-_skoleni_1.pdf\" target=\"_blank\" rel=\"noreferrer noopener\">Pr\u00e9parer les apprenants au DELF B2 et au DALF C1<\/a><\/td><\/tr><tr><td>Zbyn\u011bk \u0160ebor<\/td><td><a href=\"https:\/\/www.afbrno.cz\/wp-content\/uploads\/2024\/06\/61051-mob-00008_-_sebor_zbynek_-_podrobna_zprava_o_realizovane_mobilite_-_skoleni_2.pdf\" target=\"_blank\" rel=\"noreferrer noopener\">Lexique et grammaire en action<\/a><\/td><\/tr><tr><td>Darina Honsov\u00e1<\/td><td><a href=\"https:\/\/www.afbrno.cz\/wp-content\/uploads\/2024\/06\/61051-mob-00009_-_honsova_darina_-_podrobna_zprava_o_realizovane_mobilite_-_skoleni_1.pdf\" target=\"_blank\" rel=\"noreferrer noopener\">Cr\u00e9er des s\u00e9quences p\u00e9dagogiques \u00e0 partir de documents authentiques<\/a><\/td><\/tr><tr><td>Darina Honsov\u00e1<\/td><td><a href=\"https:\/\/www.afbrno.cz\/wp-content\/uploads\/2024\/06\/61051-mob-00009_-_honsova_darina_-_podrobna_zprava_o_realizovane_mobilite_-_skoleni_2.pdf\" target=\"_blank\" rel=\"noreferrer noopener\">Chanson contemporaine: panorama et activit\u00e9s pour la classe<\/a><\/td><\/tr><tr><td>Veronika Nekudov\u00e1<\/td><td><a href=\"https:\/\/www.afbrno.cz\/wp-content\/uploads\/2024\/06\/61051-mob-00010_-_nekudova_veronika_-_podrobna_zprava_o_realizovane_mobilite_-_skoleni_1.pdf\" target=\"_blank\" rel=\"noreferrer noopener\">D\u00e9velopper la communication orale en classe : r\u00e9ception et production<\/a><\/td><\/tr><tr><td>Veronika Nekudov\u00e1<\/td><td><a href=\"https:\/\/www.afbrno.cz\/wp-content\/uploads\/2024\/06\/61051-mob-00010_-_nekudova_veronika_-_podrobna_zprava_o_realizovane_mobilite_-_skoleni_2.pdf\" target=\"_blank\" rel=\"noreferrer noopener\">Activit\u00e9s cl\u00e9s pour am\u00e9liorer la prononciation<\/a><\/td><\/tr><\/tbody><\/table><\/figure>\n\n\n\n<div class=\"wp-block-columns is-layout-flex wp-container-core-columns-is-layout-9d6595d7 wp-block-columns-is-layout-flex\">\n<div class=\"wp-block-column is-layout-flow wp-block-column-is-layout-flow\">\n<figure class=\"wp-block-image size-full is-resized\"><img loading=\"lazy\" decoding=\"async\" width=\"1122\" height=\"573\" src=\"https:\/\/www.afbrno.cz\/wp-content\/uploads\/2024\/10\/Logo-DZS.png\" alt=\"\" class=\"wp-image-30148\" style=\"width:240px;height:auto\" srcset=\"https:\/\/www.afbrno.cz\/wp-content\/uploads\/2024\/10\/Logo-DZS.png 1122w, https:\/\/www.afbrno.cz\/wp-content\/uploads\/2024\/10\/Logo-DZS-460x235.png 460w, https:\/\/www.afbrno.cz\/wp-content\/uploads\/2024\/10\/Logo-DZS-768x392.png 768w\" sizes=\"auto, (max-width: 1122px) 100vw, 1122px\" \/><\/figure>\n<\/div>\n\n\n\n<div class=\"wp-block-column is-layout-flow wp-block-column-is-layout-flow\">\n<figure class=\"wp-block-image size-full is-resized\"><img loading=\"lazy\" decoding=\"async\" width=\"1200\" height=\"831\" src=\"https:\/\/www.afbrno.cz\/wp-content\/uploads\/2024\/10\/Logo-Evropska-komise.png\" alt=\"\" class=\"wp-image-30150\" style=\"width:184px;height:auto\" srcset=\"https:\/\/www.afbrno.cz\/wp-content\/uploads\/2024\/10\/Logo-Evropska-komise.png 1200w, https:\/\/www.afbrno.cz\/wp-content\/uploads\/2024\/10\/Logo-Evropska-komise-460x319.png 460w, https:\/\/www.afbrno.cz\/wp-content\/uploads\/2024\/10\/Logo-Evropska-komise-768x532.png 768w\" sizes=\"auto, (max-width: 1200px) 100vw, 1200px\" \/><\/figure>\n<\/div>\n\n\n\n<div class=\"wp-block-column is-layout-flow wp-block-column-is-layout-flow\"><\/div>\n<\/div>\n","protected":false},"excerpt":{"rendered":"<p>L\u2019Alliance Fran\u00e7aise de Brno a obtenu un financement europ\u00e9en pour la mise en place d\u2019un projet de mobilit\u00e9 des enseignants&nbsp;Alliance Fran\u00e7aise Brno&nbsp;: francouz\u0161tina v srdci Moravy dans le&#8230;<\/p>\n","protected":false},"author":3,"featured_media":0,"parent":0,"menu_order":0,"comment_status":"closed","ping_status":"closed","template":"","meta":{"_acf_changed":false,"footnotes":""},"class_list":["post-27490","page","type-page","status-publish","hentry"],"acf":[],"_links":{"self":[{"href":"https:\/\/www.afbrno.cz\/fr\/wp-json\/wp\/v2\/pages\/27490","targetHints":{"allow":["GET"]}}],"collection":[{"href":"https:\/\/www.afbrno.cz\/fr\/wp-json\/wp\/v2\/pages"}],"about":[{"href":"https:\/\/www.afbrno.cz\/fr\/wp-json\/wp\/v2\/types\/page"}],"author":[{"embeddable":true,"href":"https:\/\/www.afbrno.cz\/fr\/wp-json\/wp\/v2\/users\/3"}],"replies":[{"embeddable":true,"href":"https:\/\/www.afbrno.cz\/fr\/wp-json\/wp\/v2\/comments?post=27490"}],"version-history":[{"count":4,"href":"https:\/\/www.afbrno.cz\/fr\/wp-json\/wp\/v2\/pages\/27490\/revisions"}],"predecessor-version":[{"id":30154,"href":"https:\/\/www.afbrno.cz\/fr\/wp-json\/wp\/v2\/pages\/27490\/revisions\/30154"}],"wp:attachment":[{"href":"https:\/\/www.afbrno.cz\/fr\/wp-json\/wp\/v2\/media?parent=27490"}],"curies":[{"name":"wp","href":"https:\/\/api.w.org\/{rel}","templated":true}]}}

<p>L’Alliance Française de Brno a obtenu un financement européen pour la mise en place d’un projet de mobilité des enseignants&nbsp;<strong><em>Alliance Française Brno&nbsp;: francouzština v srdci Moravy</em></strong> dans le cadre de l’action KA104&nbsp;: La mobilité des personnels de l’éducation des adultes.</p>



<p>Ces mobilités ont été réalisées durant la période&nbsp;<strong>du 01.06.2019 au 31.08.2021</strong>.</p>



<p>La subvention de&nbsp;<strong>18 760,95 EUR</strong>&nbsp;accordée par la Commission européenne, par l’intermédiaire de l’agence nationale Erasmus+&nbsp;<a href="http://www.dzs.cz/" target="_blank" rel="noreferrer noopener">Dům zahraniční spolupráce</a>, a permis à l’Alliance Française de Brno d’envoyer 8 professeurs de français au&nbsp;<a href="http://www.cavilam.com/" target="_blank" rel="noreferrer noopener">CAVILAM-Alliance Française</a>&nbsp;de Vichy, pour y suivre des formations pour professeurs, et d’équiper l’Alliance de matériels bureautiques et informatiques (imprimante-photocopieuse-scanner, ordinateurs portables) et de matériels didactiques.</p>



<figure class="wp-block-table is-style-stripes"><table><tbody><tr><td><strong>Nom du participant</strong></td><td><strong><strong>Formation suivie (rapport de stage à télécharger)</strong></strong></td></tr><tr><td>Marie Kolmanová</td><td><a href="https://www.afbrno.cz/wp-content/uploads/2024/06/61051-mob-00001_-_kolmanova_marie_-_podrobna_zprava_o_realizovane_mobilite_-_skoleni_1.pdf" target="_blank" rel="noreferrer noopener">Développer la communication orale en classe : réception et production</a></td></tr><tr><td>Marie Kolmanová</td><td><a href="https://www.afbrno.cz/wp-content/uploads/2024/06/61051-mob-00001_-_kolmanova_marie_-_podrobna_zprava_o_realizovane_mobilite_-_skoleni_2.pdf" target="_blank" rel="noreferrer noopener">L’Evaluation comme outil de formation et de motivation</a></td></tr><tr><td>Pavla Přecechtělová</td><td><a href="https://www.afbrno.cz/wp-content/uploads/2024/06/61051-mob-00002_-_precechtelova_pavla_-_podrobna_zprava_o_realizovane_mobilite_-_skoleni_1.pdf" target="_blank" rel="noreferrer noopener">Intégrer des jeux et activités créatives pour la classe</a></td></tr><tr><td>Pavla Přecechtělová</td><td><a href="https://www.afbrno.cz/wp-content/uploads/2024/06/61051-mob-00002_-_precechtelova_pavla_-_podrobna_zprava_o_realizovane_mobilite_-_skoleni_2.pdf" target="_blank" rel="noreferrer noopener">Regards sur la société française en 2018/2019</a></td></tr><tr><td>Tereza Veselá</td><td><a href="https://www.afbrno.cz/wp-content/uploads/2024/06/61051-mob-00003_-_vesela_tereza_-_podrobna_zprava_o_realizovane_mobilite_-_skoleni_1.pdf" target="_blank" rel="noreferrer noopener">Apprendre à motiver, motiver à apprendre</a></td></tr><tr><td>Tereza Veselá</td><td><a href="https://www.afbrno.cz/wp-content/uploads/2024/06/61051-mob-00003_-_vesela_tereza_-_podrobna_zprava_o_realizovane_mobilite_-_skoleni_2.pdf" target="_blank" rel="noreferrer noopener">La pédagogie positive en classe</a></td></tr><tr><td>Iva Grajcarová</td><td><a href="https://www.afbrno.cz/wp-content/uploads/2024/06/61051-mob-00004_-_grajcarova_iva_-_podrobna_zprava_o_realizovane_mobilite_-_skoleni_1.pdf" target="_blank" rel="noreferrer noopener">Enseigner le français avec les cinq sens</a></td></tr><tr><td>Iva Grajcarová</td><td><a href="https://www.afbrno.cz/wp-content/uploads/2024/06/61051-mob-00004_-_grajcarova_iva_-_podrobna_zprava_o_realizovane_mobilite_-_skoleni_2.pdf" target="_blank" rel="noreferrer noopener">Les outils numériques pratiques pour faciliter la vie du professeur</a></td></tr><tr><td>Iva Grajcarová</td><td><a href="https://www.afbrno.cz/wp-content/uploads/2024/06/61051-mob-00004_-_grajcarova_iva_-_podrobna_zprava_o_realizovane_mobilite_-_skoleni_4.pdf" target="_blank" rel="noreferrer noopener">Appliquer les neurosciences à l’enseignement des langues</a></td></tr><tr><td>Iva Grajcarová</td><td><a href="https://www.afbrno.cz/wp-content/uploads/2024/06/61051-mob-00004_-_grajcarova_iva_-_podrobna_zprava_o_realizovane_mobilite_-_skoleni_5.pdf" target="_blank" rel="noreferrer noopener">Découverte de la littérature française et francophone contemporaine</a></td></tr><tr><td>Kristýna Malá</td><td><a href="https://www.afbrno.cz/wp-content/uploads/2024/06/61051-mob-00007_-_mala_kristyna_-_podrobna_zprava_o_realizovane_mobilite.pdf" target="_blank" rel="noreferrer noopener">Enseigner le FLE avec les outils numériques</a></td></tr><tr><td>Kristýna Malá</td><td><a href="https://www.afbrno.cz/wp-content/uploads/2024/06/61051-mob-00011_-_mala_kristyna_-_podrobna_zprava_o_realizovane_mobilite.pdf" target="_blank" rel="noreferrer noopener">Activités ludiques, jeux et créativité pour la classe de français</a>&nbsp;(mobilité virtuelle)</td></tr><tr><td>Zbyněk Šebor</td><td><a href="https://www.afbrno.cz/wp-content/uploads/2024/06/61051-mob-00008_-_sebor_zbynek_-_podrobna_zprava_o_realizovane_mobilite_-_skoleni_1.pdf" target="_blank" rel="noreferrer noopener">Préparer les apprenants au DELF B2 et au DALF C1</a></td></tr><tr><td>Zbyněk Šebor</td><td><a href="https://www.afbrno.cz/wp-content/uploads/2024/06/61051-mob-00008_-_sebor_zbynek_-_podrobna_zprava_o_realizovane_mobilite_-_skoleni_2.pdf" target="_blank" rel="noreferrer noopener">Lexique et grammaire en action</a></td></tr><tr><td>Darina Honsová</td><td><a href="https://www.afbrno.cz/wp-content/uploads/2024/06/61051-mob-00009_-_honsova_darina_-_podrobna_zprava_o_realizovane_mobilite_-_skoleni_1.pdf" target="_blank" rel="noreferrer noopener">Créer des séquences pédagogiques à partir de documents authentiques</a></td></tr><tr><td>Darina Honsová</td><td><a href="https://www.afbrno.cz/wp-content/uploads/2024/06/61051-mob-00009_-_honsova_darina_-_podrobna_zprava_o_realizovane_mobilite_-_skoleni_2.pdf" target="_blank" rel="noreferrer noopener">Chanson contemporaine: panorama et activités pour la classe</a></td></tr><tr><td>Veronika Nekudová</td><td><a href="https://www.afbrno.cz/wp-content/uploads/2024/06/61051-mob-00010_-_nekudova_veronika_-_podrobna_zprava_o_realizovane_mobilite_-_skoleni_1.pdf" target="_blank" rel="noreferrer noopener">Développer la communication orale en classe : réception et production</a></td></tr><tr><td>Veronika Nekudová</td><td><a href="https://www.afbrno.cz/wp-content/uploads/2024/06/61051-mob-00010_-_nekudova_veronika_-_podrobna_zprava_o_realizovane_mobilite_-_skoleni_2.pdf" target="_blank" rel="noreferrer noopener">Activités clés pour améliorer la prononciation</a></td></tr></tbody></table></figure>



<div class="wp-block-columns is-layout-flex wp-container-core-columns-is-layout-9d6595d7 wp-block-columns-is-layout-flex">
<div class="wp-block-column is-layout-flow wp-block-column-is-layout-flow">
<figure class="wp-block-image size-full is-resized"><img loading="lazy" decoding="async" width="1122" height="573" src="https://www.afbrno.cz/wp-content/uploads/2024/10/Logo-DZS.png" alt="" class="wp-image-30148" style="width:240px;height:auto" srcset="https://www.afbrno.cz/wp-content/uploads/2024/10/Logo-DZS.png 1122w, https://www.afbrno.cz/wp-content/uploads/2024/10/Logo-DZS-460x235.png 460w, https://www.afbrno.cz/wp-content/uploads/2024/10/Logo-DZS-768x392.png 768w" sizes="auto, (max-width: 1122px) 100vw, 1122px" /></figure>
</div>



<div class="wp-block-column is-layout-flow wp-block-column-is-layout-flow">
<figure class="wp-block-image size-full is-resized"><img loading="lazy" decoding="async" width="1200" height="831" src="https://www.afbrno.cz/wp-content/uploads/2024/10/Logo-Evropska-komise.png" alt="" class="wp-image-30150" style="width:184px;height:auto" srcset="https://www.afbrno.cz/wp-content/uploads/2024/10/Logo-Evropska-komise.png 1200w, https://www.afbrno.cz/wp-content/uploads/2024/10/Logo-Evropska-komise-460x319.png 460w, https://www.afbrno.cz/wp-content/uploads/2024/10/Logo-Evropska-komise-768x532.png 768w" sizes="auto, (max-width: 1200px) 100vw, 1200px" /></figure>
</div>



<div class="wp-block-column is-layout-flow wp-block-column-is-layout-flow"></div>
</div>

<p>L’Alliance Française de Brno a obtenu un financement européen pour la mise en place d’un projet de mobilité des enseignants&nbsp;Alliance Française Brno&nbsp;: francouzština v srdci Moravy dans le&#8230;</p>
