{"id":27260,"date":"2024-06-11T07:31:51","date_gmt":"2024-06-11T05:31:51","guid":{"rendered":"https:\/\/web.afbrno.cz\/?page_id=27260"},"modified":"2024-06-25T19:16:07","modified_gmt":"2024-06-25T17:16:07","slug":"fff-2023","status":"publish","type":"page","link":"https:\/\/www.afbrno.cz\/fr\/fff-2023\/","title":{"rendered":"Festival du film fran\u00e7ais 2023"},"content":{"rendered":"\n<div class=\"wp-block-columns is-layout-flex wp-container-core-columns-is-layout-9d6595d7 wp-block-columns-is-layout-flex\">\n<div class=\"wp-block-column is-layout-flow wp-block-column-is-layout-flow\" style=\"flex-basis:66.66%\">\n<p>Cette ann\u00e9e, le Festival du film fran\u00e7ais aura lieu <strong>du 23 au 26 novembre<\/strong> au <strong>Kino Art<\/strong>.<\/p>\n\n\n\n<p>La 26\u00e8me \u00e9dition du festival proposera un vaste panorama repr\u00e9sentatif de la cin\u00e9matographie fran\u00e7aise et pr\u00e9sentera douze films en avant-premi\u00e8re, qui ont \u00e9t\u00e9 s\u00e9lectionn\u00e9s aux prestigieux festivals de Cannes, Venise, Locarno et Toronto.<\/p>\n\n\n\n<div class=\"wp-block-buttons is-layout-flex wp-block-buttons-is-layout-flex\">\n<div class=\"wp-block-button\"><a class=\"wp-block-button__link has-text-align-center wp-element-button\" href=\"https:\/\/www.festivalff.cz\/cz\/program-4\/\/?af=;;214,241\" target=\"_blank\" rel=\"noreferrer noopener\">PrograMME<\/a><\/div>\n<\/div>\n\n\n\n<p><\/p>\n\n\n\n<div class=\"wp-block-buttons is-layout-flex wp-block-buttons-is-layout-flex\">\n<div class=\"wp-block-button\"><a class=\"wp-block-button__link has-text-align-center wp-element-button\" href=\"https:\/\/www.kinoart.cz\/cs\/festivaly\/festival-francouzskeho-filmu\/2023\" target=\"_blank\" rel=\"noreferrer noopener\">BILLETTERIE<\/a><\/div>\n<\/div>\n\n\n\n<ul class=\"wp-block-list\">\n<li>tous les billets \u00e0 140 CZK<\/li>\n\n\n\n<li>les billets sont en vente en ligne ou au guichet du Kino Art<\/li>\n\n\n\n<li>les films sont projet\u00e9s en version originale avec les sous-titres tch\u00e8ques ou en version doubl\u00e9e tch\u00e8que<\/li>\n<\/ul>\n\n\n\n<p>Le Festival du film fran\u00e7ais est organis\u00e9 par l\u2019Institut fran\u00e7ais de Prague et l\u2019Ambassade de France en R\u00e9publique tch\u00e8que en collaboration avec Unifrance, organisation charg\u00e9e de la promotion et de l\u2019exportation du cin\u00e9ma fran\u00e7ais dans le monde.<\/p>\n\n\n\n<p>Pour en savoir plus :&nbsp;<a href=\"http:\/\/www.festivalff.cz\/\" target=\"_blank\" rel=\"noreferrer noopener\">www.festivalff.cz<\/a>.<\/p>\n<\/div>\n\n\n\n<div class=\"wp-block-column is-layout-flow wp-block-column-is-layout-flow\" style=\"flex-basis:33.33%\">\n<figure class=\"wp-block-image size-full\"><img loading=\"lazy\" decoding=\"async\" width=\"756\" height=\"1344\" src=\"https:\/\/www.afbrno.cz\/wp-content\/uploads\/2024\/06\/FFF-2023.jpg\" alt=\"\" class=\"wp-image-27247\" srcset=\"https:\/\/www.afbrno.cz\/wp-content\/uploads\/2024\/06\/FFF-2023.jpg 756w, https:\/\/www.afbrno.cz\/wp-content\/uploads\/2024\/06\/FFF-2023-259x460.jpg 259w\" sizes=\"auto, (max-width: 756px) 100vw, 756px\" \/><\/figure>\n<\/div>\n<\/div>\n\n\n\n<p><strong>A t\u00e9l\u00e9charger&nbsp;:&nbsp;<\/strong><\/p>\n\n\n\n<ul class=\"wp-block-list\">\n<li>&nbsp;<a href=\"https:\/\/www.afbrno.cz\/wp-content\/uploads\/2024\/06\/fff_2023_plakat_a4_na_sirku.pdf\" target=\"_blank\" rel=\"noreferrer noopener\">affiche A4 format paysage<\/a><\/li>\n\n\n\n<li>&nbsp;<a href=\"https:\/\/www.afbrno.cz\/wp-content\/uploads\/2024\/06\/fff_2023_plakat_a4_na_sirku_tiskova_verze.pdf\" target=\"_blank\" rel=\"noreferrer noopener\">affiche A4 format paysage<\/a>&nbsp;(version imprimable)<\/li>\n\n\n\n<li>&nbsp;<a href=\"https:\/\/www.afbrno.cz\/wp-content\/uploads\/2024\/06\/fff_2023_plakat_a4_na_vysku.pdf\" target=\"_blank\" rel=\"noreferrer noopener\">affiche A4 format portrait<\/a><\/li>\n\n\n\n<li>&nbsp;<a href=\"https:\/\/www.afbrno.cz\/wp-content\/uploads\/2024\/06\/fff_2023_plakat_a4_na_vysku_tiskova_verze.pdf\" target=\"_blank\" rel=\"noreferrer noopener\">affiche A4 format portrait<\/a>&nbsp;(version imprimable)<\/li>\n<\/ul>\n\n\n\n<p><strong>Pour les m\u00e9dias&nbsp;:&nbsp;<\/strong><\/p>\n\n\n\n<ul class=\"wp-block-list\">\n<li>\u00a0<a href=\"https:\/\/www.afbrno.cz\/wp-content\/uploads\/2024\/06\/fff_2023_cp_1_03.10_2023.pdf\" target=\"_blank\" rel=\"noreferrer noopener\">communiqu\u00e9 de presse 03.10.2023<\/a><\/li>\n\n\n\n<li>\u00a0<a href=\"https:\/\/www.afbrno.cz\/wp-content\/uploads\/2024\/06\/fff_2023_cp_16.10_2023_brno.pdf\" target=\"_blank\" rel=\"noreferrer noopener\">communiqu\u00e9 de presse 16.10.2023 (Brno)<\/a><\/li>\n\n\n\n<li>\u00a0<a href=\"https:\/\/www.afbrno.cz\/wp-content\/uploads\/2024\/06\/fff_2023_cp_2_09.11_2023.pdf\" target=\"_blank\" rel=\"noreferrer noopener\">communiqu\u00e9 de presse 09.11.2023<\/a><\/li>\n\n\n\n<li>\u00a0<a href=\"https:\/\/www.afbrno.cz\/wp-content\/uploads\/2024\/06\/fff_2023_cp_3_27.11_2023.pdf\" target=\"_blank\" rel=\"noreferrer noopener\">communiqu\u00e9 de presse 27.11.2023<\/a><\/li>\n\n\n\n<li>\u00a0<a href=\"https:\/\/www.afbrno.cz\/wp-content\/uploads\/2024\/06\/fff_2023_cp_4_01.12_2023.pdf\" target=\"_blank\" rel=\"noreferrer noopener\">communiqu\u00e9 de presse 01.12.2023<\/a><\/li>\n<\/ul>\n\n\n\n<div style=\"height:72px\" aria-hidden=\"true\" class=\"wp-block-spacer\"><\/div>\n\n\n\n<h3 class=\"wp-block-heading\">S\u00c9ANCES SCOLAIRES<\/h3>\n\n\n\n<p>En compl\u00e9ment du programme officiel du festival qui pr\u00e9sentera en avant-premi\u00e8re les nouveaux films de l\u2019ann\u00e9e, il y aura \u00e9galement des projections pour les \u00e9coles (s\u00e9ances scolaires).<\/p>\n\n\n\n<p>Ces&nbsp;<strong>projections scolaires auront lieu du 23 au 29 novembre<\/strong>&nbsp;(en semaine sauf le week-end).<\/p>\n\n\n\n<p><strong>A t\u00e9l\u00e9charger&nbsp;:<\/strong><\/p>\n\n\n\n<ul class=\"wp-block-list\">\n<li>&nbsp;<a href=\"https:\/\/www.afbrno.cz\/wp-content\/uploads\/2024\/06\/fff_2023_seances_scolaires.pdf\" target=\"_blank\" rel=\"noreferrer noopener\">catalogue des s\u00e9ances scolaires<\/a><\/li>\n\n\n\n<li>&nbsp;<a href=\"https:\/\/www.afbrno.cz\/wp-content\/uploads\/2024\/06\/dartagnan_dossier_pedagogique_histoire.pdf\" target=\"_blank\" rel=\"noreferrer noopener\">dossier p\u00e9dagogique&nbsp;:&nbsp;<em>Les Trois Mousquetaires&nbsp;: D\u2019Artagnan<\/em><\/a>&nbsp;(en fran\u00e7ais)<\/li>\n\n\n\n<li>&nbsp;<a href=\"https:\/\/www.afbrno.cz\/wp-content\/uploads\/2024\/06\/jeanne_du_barry_dossier-pedagogique.pdf\" target=\"_blank\" rel=\"noreferrer noopener\">dossier p\u00e9dagogique&nbsp;:&nbsp;<em>Jeanne du Barry<\/em><\/a>&nbsp;(en fran\u00e7ais)<\/li>\n<\/ul>\n\n\n\n<p><strong>Comment proc\u00e9der si vous souhaitez venir avec votre classe au Kino Art pour une projection scolaire&nbsp;?<\/strong><\/p>\n\n\n\n<p>1. Choisissez le(s) film(s) de votre choix et convenez avec la direction de votre \u00e9cole d\u2019une date \u00e0 laquelle vous serez lib\u00e9r\u00e9s des cours.<br>2. Contactez le Kino Art (contact&nbsp;: Lydia Pale\u010dkov\u00e1, portable&nbsp;: +420 602 589 491, e-mail&nbsp;:&nbsp;<a href=\"mailto:skolni@kinoart.cz\" target=\"_blank\" rel=\"noreferrer noopener\">skolni@kinoart.cz<\/a>) et convenez d\u2019une heure pr\u00e9cise pour la projection et du r\u00e8glement des billets).<br>3. Les s\u00e9ances scolaires sont gratuites pour les professeurs accompagnateurs.<br>4. L\u2019Alliance Fran\u00e7aise de Brno n\u2019effectuant pas de r\u00e9servations pour les projections scolaires, l\u2019\u00e9cole contactera directement le Kino Art pour convenir des d\u00e9marches \u00e0 suivre.<\/p>\n","protected":false},"excerpt":{"rendered":"<p>Cette ann\u00e9e, le Festival du film fran\u00e7ais aura lieu du 23 au 26 novembre au Kino Art. La 26\u00e8me \u00e9dition du festival proposera un vaste panorama repr\u00e9sentatif de&#8230;<\/p>\n","protected":false},"author":3,"featured_media":0,"parent":0,"menu_order":0,"comment_status":"closed","ping_status":"closed","template":"","meta":{"_acf_changed":false,"footnotes":""},"class_list":["post-27260","page","type-page","status-publish","hentry"],"acf":[],"_links":{"self":[{"href":"https:\/\/www.afbrno.cz\/fr\/wp-json\/wp\/v2\/pages\/27260","targetHints":{"allow":["GET"]}}],"collection":[{"href":"https:\/\/www.afbrno.cz\/fr\/wp-json\/wp\/v2\/pages"}],"about":[{"href":"https:\/\/www.afbrno.cz\/fr\/wp-json\/wp\/v2\/types\/page"}],"author":[{"embeddable":true,"href":"https:\/\/www.afbrno.cz\/fr\/wp-json\/wp\/v2\/users\/3"}],"replies":[{"embeddable":true,"href":"https:\/\/www.afbrno.cz\/fr\/wp-json\/wp\/v2\/comments?post=27260"}],"version-history":[{"count":11,"href":"https:\/\/www.afbrno.cz\/fr\/wp-json\/wp\/v2\/pages\/27260\/revisions"}],"predecessor-version":[{"id":28317,"href":"https:\/\/www.afbrno.cz\/fr\/wp-json\/wp\/v2\/pages\/27260\/revisions\/28317"}],"wp:attachment":[{"href":"https:\/\/www.afbrno.cz\/fr\/wp-json\/wp\/v2\/media?parent=27260"}],"curies":[{"name":"wp","href":"https:\/\/api.w.org\/{rel}","templated":true}]}}

Festival du film français 2023

<div class="wp-block-columns is-layout-flex wp-container-core-columns-is-layout-9d6595d7 wp-block-columns-is-layout-flex">
<div class="wp-block-column is-layout-flow wp-block-column-is-layout-flow" style="flex-basis:66.66%">
<p>Cette année, le Festival du film français aura lieu <strong>du 23 au 26 novembre</strong> au <strong>Kino Art</strong>.</p>



<p>La 26ème édition du festival proposera un vaste panorama représentatif de la cinématographie française et présentera douze films en avant-première, qui ont été sélectionnés aux prestigieux festivals de Cannes, Venise, Locarno et Toronto.</p>



<div class="wp-block-buttons is-layout-flex wp-block-buttons-is-layout-flex">
<div class="wp-block-button"><a class="wp-block-button__link has-text-align-center wp-element-button" href="https://www.festivalff.cz/cz/program-4//?af=;;214,241" target="_blank" rel="noreferrer noopener">PrograMME</a></div>
</div>



<p></p>



<div class="wp-block-buttons is-layout-flex wp-block-buttons-is-layout-flex">
<div class="wp-block-button"><a class="wp-block-button__link has-text-align-center wp-element-button" href="https://www.kinoart.cz/cs/festivaly/festival-francouzskeho-filmu/2023" target="_blank" rel="noreferrer noopener">BILLETTERIE</a></div>
</div>



<ul class="wp-block-list">
<li>tous les billets à 140 CZK</li>



<li>les billets sont en vente en ligne ou au guichet du Kino Art</li>



<li>les films sont projetés en version originale avec les sous-titres tchèques ou en version doublée tchèque</li>
</ul>



<p>Le Festival du film français est organisé par l’Institut français de Prague et l’Ambassade de France en République tchèque en collaboration avec Unifrance, organisation chargée de la promotion et de l’exportation du cinéma français dans le monde.</p>



<p>Pour en savoir plus :&nbsp;<a href="http://www.festivalff.cz/" target="_blank" rel="noreferrer noopener">www.festivalff.cz</a>.</p>
</div>



<div class="wp-block-column is-layout-flow wp-block-column-is-layout-flow" style="flex-basis:33.33%">
<figure class="wp-block-image size-full"><img loading="lazy" decoding="async" width="756" height="1344" src="https://www.afbrno.cz/wp-content/uploads/2024/06/FFF-2023.jpg" alt="" class="wp-image-27247" srcset="https://www.afbrno.cz/wp-content/uploads/2024/06/FFF-2023.jpg 756w, https://www.afbrno.cz/wp-content/uploads/2024/06/FFF-2023-259x460.jpg 259w" sizes="auto, (max-width: 756px) 100vw, 756px" /></figure>
</div>
</div>



<p><strong>A télécharger&nbsp;:&nbsp;</strong></p>



<ul class="wp-block-list">
<li>&nbsp;<a href="https://www.afbrno.cz/wp-content/uploads/2024/06/fff_2023_plakat_a4_na_sirku.pdf" target="_blank" rel="noreferrer noopener">affiche A4 format paysage</a></li>



<li>&nbsp;<a href="https://www.afbrno.cz/wp-content/uploads/2024/06/fff_2023_plakat_a4_na_sirku_tiskova_verze.pdf" target="_blank" rel="noreferrer noopener">affiche A4 format paysage</a>&nbsp;(version imprimable)</li>



<li>&nbsp;<a href="https://www.afbrno.cz/wp-content/uploads/2024/06/fff_2023_plakat_a4_na_vysku.pdf" target="_blank" rel="noreferrer noopener">affiche A4 format portrait</a></li>



<li>&nbsp;<a href="https://www.afbrno.cz/wp-content/uploads/2024/06/fff_2023_plakat_a4_na_vysku_tiskova_verze.pdf" target="_blank" rel="noreferrer noopener">affiche A4 format portrait</a>&nbsp;(version imprimable)</li>
</ul>



<p><strong>Pour les médias&nbsp;:&nbsp;</strong></p>



<ul class="wp-block-list">
<li> <a href="https://www.afbrno.cz/wp-content/uploads/2024/06/fff_2023_cp_1_03.10_2023.pdf" target="_blank" rel="noreferrer noopener">communiqué de presse 03.10.2023</a></li>



<li> <a href="https://www.afbrno.cz/wp-content/uploads/2024/06/fff_2023_cp_16.10_2023_brno.pdf" target="_blank" rel="noreferrer noopener">communiqué de presse 16.10.2023 (Brno)</a></li>



<li> <a href="https://www.afbrno.cz/wp-content/uploads/2024/06/fff_2023_cp_2_09.11_2023.pdf" target="_blank" rel="noreferrer noopener">communiqué de presse 09.11.2023</a></li>



<li> <a href="https://www.afbrno.cz/wp-content/uploads/2024/06/fff_2023_cp_3_27.11_2023.pdf" target="_blank" rel="noreferrer noopener">communiqué de presse 27.11.2023</a></li>



<li> <a href="https://www.afbrno.cz/wp-content/uploads/2024/06/fff_2023_cp_4_01.12_2023.pdf" target="_blank" rel="noreferrer noopener">communiqué de presse 01.12.2023</a></li>
</ul>



<div style="height:72px" aria-hidden="true" class="wp-block-spacer"></div>



<h3 class="wp-block-heading">SÉANCES SCOLAIRES</h3>



<p>En complément du programme officiel du festival qui présentera en avant-première les nouveaux films de l’année, il y aura également des projections pour les écoles (séances scolaires).</p>



<p>Ces&nbsp;<strong>projections scolaires auront lieu du 23 au 29 novembre</strong>&nbsp;(en semaine sauf le week-end).</p>



<p><strong>A télécharger&nbsp;:</strong></p>



<ul class="wp-block-list">
<li>&nbsp;<a href="https://www.afbrno.cz/wp-content/uploads/2024/06/fff_2023_seances_scolaires.pdf" target="_blank" rel="noreferrer noopener">catalogue des séances scolaires</a></li>



<li>&nbsp;<a href="https://www.afbrno.cz/wp-content/uploads/2024/06/dartagnan_dossier_pedagogique_histoire.pdf" target="_blank" rel="noreferrer noopener">dossier pédagogique&nbsp;:&nbsp;<em>Les Trois Mousquetaires&nbsp;: D’Artagnan</em></a>&nbsp;(en français)</li>



<li>&nbsp;<a href="https://www.afbrno.cz/wp-content/uploads/2024/06/jeanne_du_barry_dossier-pedagogique.pdf" target="_blank" rel="noreferrer noopener">dossier pédagogique&nbsp;:&nbsp;<em>Jeanne du Barry</em></a>&nbsp;(en français)</li>
</ul>



<p><strong>Comment procéder si vous souhaitez venir avec votre classe au Kino Art pour une projection scolaire&nbsp;?</strong></p>



<p>1. Choisissez le(s) film(s) de votre choix et convenez avec la direction de votre école d’une date à laquelle vous serez libérés des cours.<br>2. Contactez le Kino Art (contact&nbsp;: Lydia Palečková, portable&nbsp;: +420 602 589 491, e-mail&nbsp;:&nbsp;<a href="mailto:skolni@kinoart.cz" target="_blank" rel="noreferrer noopener">skolni@kinoart.cz</a>) et convenez d’une heure précise pour la projection et du règlement des billets).<br>3. Les séances scolaires sont gratuites pour les professeurs accompagnateurs.<br>4. L’Alliance Française de Brno n’effectuant pas de réservations pour les projections scolaires, l’école contactera directement le Kino Art pour convenir des démarches à suivre.</p>

<p>Cette année, le Festival du film français aura lieu du 23 au 26 novembre au Kino Art. La 26ème édition du festival proposera un vaste panorama représentatif de&#8230;</p>
