{"id":36316,"date":"2026-03-23T13:39:12","date_gmt":"2026-03-23T12:39:12","guid":{"rendered":"https:\/\/www.afbrno.cz\/?post_type=kurzy&#038;p=36316"},"modified":"2026-04-21T12:57:18","modified_gmt":"2026-04-21T10:57:18","slug":"a0-zaciname-31002","status":"publish","type":"kurzy","link":"https:\/\/www.afbrno.cz\/fr\/kurzy\/a0-zaciname-31002\/","title":{"rendered":"A0 Za\u010d\u00edn\u00e1me! (po-p\u00e1)"},"content":{"rendered":"<p>.<\/p>\n\n\n<p><\/p>\n","protected":false},"parent":0,"template":"","kategorie-kurzu":[81],"class_list":["post-36316","kurzy","type-kurzy","status-publish","hentry","kategorie-kurzu-letni-kurzy-cervenec"],"acf":[],"_links":{"self":[{"href":"https:\/\/www.afbrno.cz\/fr\/wp-json\/wp\/v2\/kurzy\/36316","targetHints":{"allow":["GET"]}}],"collection":[{"href":"https:\/\/www.afbrno.cz\/fr\/wp-json\/wp\/v2\/kurzy"}],"about":[{"href":"https:\/\/www.afbrno.cz\/fr\/wp-json\/wp\/v2\/types\/kurzy"}],"version-history":[{"count":1,"href":"https:\/\/www.afbrno.cz\/fr\/wp-json\/wp\/v2\/kurzy\/36316\/revisions"}],"predecessor-version":[{"id":36317,"href":"https:\/\/www.afbrno.cz\/fr\/wp-json\/wp\/v2\/kurzy\/36316\/revisions\/36317"}],"wp:attachment":[{"href":"https:\/\/www.afbrno.cz\/fr\/wp-json\/wp\/v2\/media?parent=36316"}],"wp:term":[{"taxonomy":"kategorie-kurzu","embeddable":true,"href":"https:\/\/www.afbrno.cz\/fr\/wp-json\/wp\/v2\/kategorie-kurzu?post=36316"}],"curies":[{"name":"wp","href":"https:\/\/api.w.org\/{rel}","templated":true}]}}

A0 Začínáme! (po-pá)
