{"id":36305,"date":"2026-03-23T13:19:59","date_gmt":"2026-03-23T12:19:59","guid":{"rendered":"https:\/\/www.afbrno.cz\/?post_type=kurzy&#038;p=36305"},"modified":"2026-04-21T13:03:02","modified_gmt":"2026-04-21T11:03:02","slug":"francouzsti-sansonieri-31038","status":"publish","type":"kurzy","link":"https:\/\/www.afbrno.cz\/fr\/kurzy\/francouzsti-sansonieri-31038\/","title":{"rendered":"Francouz\u0161t\u00ed \u0161ansoni\u00e9\u0159i (st)"},"content":{"rendered":"","protected":false},"parent":0,"template":"","kategorie-kurzu":[84],"class_list":["post-36305","kurzy","type-kurzy","status-publish","hentry","kategorie-kurzu-letni-kurzy-cerven"],"acf":[],"_links":{"self":[{"href":"https:\/\/www.afbrno.cz\/fr\/wp-json\/wp\/v2\/kurzy\/36305","targetHints":{"allow":["GET"]}}],"collection":[{"href":"https:\/\/www.afbrno.cz\/fr\/wp-json\/wp\/v2\/kurzy"}],"about":[{"href":"https:\/\/www.afbrno.cz\/fr\/wp-json\/wp\/v2\/types\/kurzy"}],"version-history":[{"count":3,"href":"https:\/\/www.afbrno.cz\/fr\/wp-json\/wp\/v2\/kurzy\/36305\/revisions"}],"predecessor-version":[{"id":36508,"href":"https:\/\/www.afbrno.cz\/fr\/wp-json\/wp\/v2\/kurzy\/36305\/revisions\/36508"}],"wp:attachment":[{"href":"https:\/\/www.afbrno.cz\/fr\/wp-json\/wp\/v2\/media?parent=36305"}],"wp:term":[{"taxonomy":"kategorie-kurzu","embeddable":true,"href":"https:\/\/www.afbrno.cz\/fr\/wp-json\/wp\/v2\/kategorie-kurzu?post=36305"}],"curies":[{"name":"wp","href":"https:\/\/api.w.org\/{rel}","templated":true}]}}

Francouzští šansoniéři (st)
