{"id":35062,"date":"2025-12-01T18:03:18","date_gmt":"2025-12-01T17:03:18","guid":{"rendered":"https:\/\/www.afbrno.cz\/?post_type=kurzy&#038;p=35062"},"modified":"2026-01-08T09:05:08","modified_gmt":"2026-01-08T08:05:08","slug":"deti-a-mladez-11-15-let-a1-2-falesni-zacatecnici-30282","status":"publish","type":"kurzy","link":"https:\/\/www.afbrno.cz\/fr\/kurzy\/deti-a-mladez-11-15-let-a1-2-falesni-zacatecnici-30282\/","title":{"rendered":"D\u011bti a ml\u00e1de\u017e 10-15 let &#8211; A1.2 fale\u0161n\u00ed za\u010d\u00e1te\u010dn\u00edci (po)"},"content":{"rendered":"<p>.<\/p>\n\n\n<p><\/p>\n","protected":false},"parent":0,"template":"","kategorie-kurzu":[67],"class_list":["post-35062","kurzy","type-kurzy","status-publish","hentry","kategorie-kurzu-deti-a-mladez"],"acf":[],"_links":{"self":[{"href":"https:\/\/www.afbrno.cz\/fr\/wp-json\/wp\/v2\/kurzy\/35062","targetHints":{"allow":["GET"]}}],"collection":[{"href":"https:\/\/www.afbrno.cz\/fr\/wp-json\/wp\/v2\/kurzy"}],"about":[{"href":"https:\/\/www.afbrno.cz\/fr\/wp-json\/wp\/v2\/types\/kurzy"}],"version-history":[{"count":2,"href":"https:\/\/www.afbrno.cz\/fr\/wp-json\/wp\/v2\/kurzy\/35062\/revisions"}],"predecessor-version":[{"id":35428,"href":"https:\/\/www.afbrno.cz\/fr\/wp-json\/wp\/v2\/kurzy\/35062\/revisions\/35428"}],"wp:attachment":[{"href":"https:\/\/www.afbrno.cz\/fr\/wp-json\/wp\/v2\/media?parent=35062"}],"wp:term":[{"taxonomy":"kategorie-kurzu","embeddable":true,"href":"https:\/\/www.afbrno.cz\/fr\/wp-json\/wp\/v2\/kategorie-kurzu?post=35062"}],"curies":[{"name":"wp","href":"https:\/\/api.w.org\/{rel}","templated":true}]}}

Děti a mládež 10-15 let &#8211; A1.2 falešní začátečníci (po)
