{"id":29202,"date":"2025-07-10T16:18:53","date_gmt":"2025-07-10T14:18:53","guid":{"rendered":"https:\/\/www.afbrno.cz\/kurzy\/a1-3-pokrocili-zacatecnici-2\/"},"modified":"2025-12-01T17:18:56","modified_gmt":"2025-12-01T16:18:56","slug":"a1-3-pokrocili-zacatecnici-29994","status":"publish","type":"kurzy","link":"https:\/\/www.afbrno.cz\/fr\/kurzy\/a1-3-pokrocili-zacatecnici-29994\/","title":{"rendered":"A1.3 pokro\u010dil\u00ed za\u010d\u00e1te\u010dn\u00edci (\u00fat)"},"content":{"rendered":"<p>.<\/p>\n\n\n<p><\/p>\n","protected":false},"parent":0,"template":"","kategorie-kurzu":[65],"class_list":["post-29202","kurzy","type-kurzy","status-publish","hentry","kategorie-kurzu-a1-zacatecnici"],"acf":[],"_links":{"self":[{"href":"https:\/\/www.afbrno.cz\/fr\/wp-json\/wp\/v2\/kurzy\/29202","targetHints":{"allow":["GET"]}}],"collection":[{"href":"https:\/\/www.afbrno.cz\/fr\/wp-json\/wp\/v2\/kurzy"}],"about":[{"href":"https:\/\/www.afbrno.cz\/fr\/wp-json\/wp\/v2\/types\/kurzy"}],"version-history":[{"count":5,"href":"https:\/\/www.afbrno.cz\/fr\/wp-json\/wp\/v2\/kurzy\/29202\/revisions"}],"predecessor-version":[{"id":35056,"href":"https:\/\/www.afbrno.cz\/fr\/wp-json\/wp\/v2\/kurzy\/29202\/revisions\/35056"}],"wp:attachment":[{"href":"https:\/\/www.afbrno.cz\/fr\/wp-json\/wp\/v2\/media?parent=29202"}],"wp:term":[{"taxonomy":"kategorie-kurzu","embeddable":true,"href":"https:\/\/www.afbrno.cz\/fr\/wp-json\/wp\/v2\/kategorie-kurzu?post=29202"}],"curies":[{"name":"wp","href":"https:\/\/api.w.org\/{rel}","templated":true}]}}

A1.3 pokročilí začátečníci (út)
