{"id":29040,"date":"2025-07-10T16:18:53","date_gmt":"2025-07-10T14:18:53","guid":{"rendered":"https:\/\/www.afbrno.cz\/kurzy\/konverzace-pro-rodice-s-detmi-0-3-roky-b2-c1\/"},"modified":"2026-01-15T15:11:04","modified_gmt":"2026-01-15T14:11:04","slug":"konverzace-pro-rodice-s-detmi-0-3-roky-b2-c1-30381","status":"publish","type":"kurzy","link":"https:\/\/www.afbrno.cz\/fr\/kurzy\/konverzace-pro-rodice-s-detmi-0-3-roky-b2-c1-30381\/","title":{"rendered":"*KAPACITA NAPLN\u011aNA* Konverzace pro rodi\u010de s d\u011btmi 0-3 roky B2+\/C1"},"content":{"rendered":"<p>.<\/p>\n\n\n<p><\/p>\n","protected":false},"parent":0,"template":"","kategorie-kurzu":[74],"class_list":["post-29040","kurzy","type-kurzy","status-publish","hentry","kategorie-kurzu-kurzy-pro-rodice-s-detmi"],"acf":[],"_links":{"self":[{"href":"https:\/\/www.afbrno.cz\/fr\/wp-json\/wp\/v2\/kurzy\/29040","targetHints":{"allow":["GET"]}}],"collection":[{"href":"https:\/\/www.afbrno.cz\/fr\/wp-json\/wp\/v2\/kurzy"}],"about":[{"href":"https:\/\/www.afbrno.cz\/fr\/wp-json\/wp\/v2\/types\/kurzy"}],"version-history":[{"count":6,"href":"https:\/\/www.afbrno.cz\/fr\/wp-json\/wp\/v2\/kurzy\/29040\/revisions"}],"predecessor-version":[{"id":35592,"href":"https:\/\/www.afbrno.cz\/fr\/wp-json\/wp\/v2\/kurzy\/29040\/revisions\/35592"}],"wp:attachment":[{"href":"https:\/\/www.afbrno.cz\/fr\/wp-json\/wp\/v2\/media?parent=29040"}],"wp:term":[{"taxonomy":"kategorie-kurzu","embeddable":true,"href":"https:\/\/www.afbrno.cz\/fr\/wp-json\/wp\/v2\/kategorie-kurzu?post=29040"}],"curies":[{"name":"wp","href":"https:\/\/api.w.org\/{rel}","templated":true}]}}

*KAPACITA NAPLNĚNA* Konverzace pro rodiče s dětmi 0-3 roky B2+/C1
