{"id":29013,"date":"2025-07-10T16:18:53","date_gmt":"2025-07-10T14:18:53","guid":{"rendered":"https:\/\/www.afbrno.cz\/kurzy\/b1-3-nizsi-stredne-pokrocili\/"},"modified":"2026-01-20T16:22:30","modified_gmt":"2026-01-20T15:22:30","slug":"b1-4-nizsi-stredne-pokrocili-30039","status":"publish","type":"kurzy","link":"https:\/\/www.afbrno.cz\/fr\/kurzy\/b1-4-nizsi-stredne-pokrocili-30039\/","title":{"rendered":"B1.4 ni\u017e\u0161\u00ed st\u0159edn\u011b pokro\u010dil\u00ed (\u00fat)"},"content":{"rendered":"<p>.<\/p>\n\n\n<p><\/p>\n","protected":false},"parent":0,"template":"","kategorie-kurzu":[69],"class_list":["post-29013","kurzy","type-kurzy","status-publish","hentry","kategorie-kurzu-b1-nizsi-stredne-pokrocili"],"acf":[],"_links":{"self":[{"href":"https:\/\/www.afbrno.cz\/fr\/wp-json\/wp\/v2\/kurzy\/29013","targetHints":{"allow":["GET"]}}],"collection":[{"href":"https:\/\/www.afbrno.cz\/fr\/wp-json\/wp\/v2\/kurzy"}],"about":[{"href":"https:\/\/www.afbrno.cz\/fr\/wp-json\/wp\/v2\/types\/kurzy"}],"version-history":[{"count":7,"href":"https:\/\/www.afbrno.cz\/fr\/wp-json\/wp\/v2\/kurzy\/29013\/revisions"}],"predecessor-version":[{"id":35272,"href":"https:\/\/www.afbrno.cz\/fr\/wp-json\/wp\/v2\/kurzy\/29013\/revisions\/35272"}],"wp:attachment":[{"href":"https:\/\/www.afbrno.cz\/fr\/wp-json\/wp\/v2\/media?parent=29013"}],"wp:term":[{"taxonomy":"kategorie-kurzu","embeddable":true,"href":"https:\/\/www.afbrno.cz\/fr\/wp-json\/wp\/v2\/kategorie-kurzu?post=29013"}],"curies":[{"name":"wp","href":"https:\/\/api.w.org\/{rel}","templated":true}]}}

B1.4 nižší středně pokročilí (út)
