{"id":6666,"date":"2023-12-06T12:00:00","date_gmt":"2023-12-06T11:00:00","guid":{"rendered":"https:\/\/web.afbrno.cz\/?post_type=kultura&#038;p=6666"},"modified":"2024-10-14T19:49:46","modified_gmt":"2024-10-14T17:49:46","slug":"doznani","status":"publish","type":"kultura","link":"https:\/\/www.afbrno.cz\/fr\/kultura\/doznani\/","title":{"rendered":"Dozn\u00e1n\u00ed"},"content":{"rendered":"\n<p>Francie, It\u00e1lie, 1970, 139 min.<\/p>\n\n\n\n<p>Re\u017eie: Costa-Gavras<\/p>\n\n\n\n<p>Hraj\u00ed: Yves Montand, Simone Signoret, Gabriele Ferzetti, Fran\u00e7ois Marthouret, Michel Beaune, Michel Robin, Jean Bouise, Guy Mairesse, Nicole Vervil<\/p>\n\n\n\n<p><\/p>\n\n\n\n<p>Yves Montand&nbsp;jako Artur London a&nbsp;jeho z\u00e1\u017eitky z&nbsp;obdob\u00ed politick\u00fdch proces\u016f 50. let vrchol\u00edc\u00ed p\u0159\u00edjezdem okupa\u010dn\u00edch vojsk v&nbsp;roce 1968&#8230;&nbsp;Film&nbsp;<strong>Dozn\u00e1n\u00ed<\/strong>&nbsp;(ve  francouzsk\u00e9m origin\u00e1le <em>L&rsquo;Aveu<\/em>) vznikl podle slavn\u00e9 stejnojmenn\u00e9 knihy Artura Londona. Zachycuje autentick\u00e9 sv\u011bdectv\u00ed jednoho z protagonist\u016f monstrprocesu se \u201espikleneck\u00fdm centrem\u201c Rudolfa Sl\u00e1nsk\u00e9ho v listopadu 1952. P\u0159esv\u011bd\u010den\u00fd komunista, interbrigadista, \u00fa\u010dastn\u00edk francouzsk\u00e9ho Hnut\u00ed odporu (kryc\u00ed jm\u00e9no G\u00e9rard) a posl\u00e9ze n\u00e1m\u011bstek ministra zahrani\u010dn\u00edch v\u011bc\u00ed, v knize popisuje sv\u00e9 z\u00e1\u017eitky a nov\u00fd n\u00e1hled na komunistickou stranu. Je ironi\u00ed osudu, \u017ee rukopis knihy p\u0159ivezl London do Prahy v den, kdy sem vjely sov\u011btsk\u00e9 tanky. Kniha nicm\u00e9n\u011b v roce 1969 vy\u0161la, ale film \u2013 jeho\u017e realizace u n\u00e1s byla ji\u017e domluvena \u2013 se musel nakonec to\u010dit ve Francii. \u010ceskoslovenskou premi\u00e9ru m\u011bl film a\u017e 17. ledna 1990 v kin\u011b Praha za \u00fa\u010dasti&nbsp;Jorge Sempruna,&nbsp;Costy-Gavrase,&nbsp;Yvese Montanda&nbsp;a Lise Londonov\u00e9.&nbsp;<em>(Filmov\u00fd p\u0159ehled 1990\/7)<\/em><\/p>\n\n\n\n<p><\/p>\n\n\n\n<p>Film bude uveden v p\u016fvodn\u00edm francouzsk\u00e9m zn\u011bn\u00ed s anglick\u00fdmi titulky. Po projekci n\u00e1sleduje debata.<\/p>\n\n\n\n<p><\/p>\n\n\n\n<p>Projekce se kon\u00e1 v r\u00e1mci <a href=\"https:\/\/www.afbrno.cz\/zarazeni\/filmovy-klub\/\">filmov\u00e9ho klubu Pomez\u00ed<\/a>.<\/p>\n\n\n\n<p><\/p>\n\n\n\n<p>S laskavou podporou Institut fran\u00e7ais.<\/p>\n\n\n\n<figure class=\"wp-block-image size-full is-resized\"><img loading=\"lazy\" decoding=\"async\" width=\"852\" height=\"591\" src=\"https:\/\/www.afbrno.cz\/wp-content\/uploads\/2024\/05\/IF_Logo_Sans_Bleu_RVB.png\" alt=\"\" class=\"wp-image-29044\" style=\"width:166px;height:auto\" srcset=\"https:\/\/www.afbrno.cz\/wp-content\/uploads\/2024\/05\/IF_Logo_Sans_Bleu_RVB.png 852w, https:\/\/www.afbrno.cz\/wp-content\/uploads\/2024\/05\/IF_Logo_Sans_Bleu_RVB-460x319.png 460w, https:\/\/www.afbrno.cz\/wp-content\/uploads\/2024\/05\/IF_Logo_Sans_Bleu_RVB-768x533.png 768w\" sizes=\"auto, (max-width: 852px) 100vw, 852px\" \/><\/figure>\n\n\n\n<p>Za finan\u010dn\u00ed podpory statut\u00e1rn\u00edho m\u011bsta Brna.<\/p>\n\n\n\n<figure class=\"wp-block-image size-full is-resized\"><img loading=\"lazy\" decoding=\"async\" width=\"482\" height=\"217\" src=\"https:\/\/www.afbrno.cz\/wp-content\/uploads\/2024\/06\/Logo-mesto-Brno.png\" alt=\"\" class=\"wp-image-27886\" style=\"width:189px;height:auto\" srcset=\"https:\/\/www.afbrno.cz\/wp-content\/uploads\/2024\/06\/Logo-mesto-Brno.png 482w, https:\/\/www.afbrno.cz\/wp-content\/uploads\/2024\/06\/Logo-mesto-Brno-460x207.png 460w\" sizes=\"auto, (max-width: 482px) 100vw, 482px\" \/><\/figure>\n","protected":false},"excerpt":{"rendered":"<p>Filmov\u00fd klub<\/p>\n<p>Yves Montand\u00a0jako Artur London a\u00a0jeho z\u00e1\u017eitky z\u00a0obdob\u00ed politick\u00fdch proces\u016f 50. let v \u010ceskoslovensku.<\/p>\n","protected":false},"featured_media":6673,"parent":0,"template":"","zarazeni":[58],"class_list":["post-6666","kultura","type-kultura","status-publish","has-post-thumbnail","hentry","zarazeni-archiv-akci"],"acf":[],"_links":{"self":[{"href":"https:\/\/www.afbrno.cz\/fr\/wp-json\/wp\/v2\/kultura\/6666","targetHints":{"allow":["GET"]}}],"collection":[{"href":"https:\/\/www.afbrno.cz\/fr\/wp-json\/wp\/v2\/kultura"}],"about":[{"href":"https:\/\/www.afbrno.cz\/fr\/wp-json\/wp\/v2\/types\/kultura"}],"version-history":[{"count":20,"href":"https:\/\/www.afbrno.cz\/fr\/wp-json\/wp\/v2\/kultura\/6666\/revisions"}],"predecessor-version":[{"id":30402,"href":"https:\/\/www.afbrno.cz\/fr\/wp-json\/wp\/v2\/kultura\/6666\/revisions\/30402"}],"wp:featuredmedia":[{"embeddable":true,"href":"https:\/\/www.afbrno.cz\/fr\/wp-json\/wp\/v2\/media\/6673"}],"wp:attachment":[{"href":"https:\/\/www.afbrno.cz\/fr\/wp-json\/wp\/v2\/media?parent=6666"}],"wp:term":[{"taxonomy":"zarazeni","embeddable":true,"href":"https:\/\/www.afbrno.cz\/fr\/wp-json\/wp\/v2\/zarazeni?post=6666"}],"curies":[{"name":"wp","href":"https:\/\/api.w.org\/{rel}","templated":true}]}}

Doznání

<p>Francie, Itálie, 1970, 139 min.</p>



<p>Režie: Costa-Gavras</p>



<p>Hrají: Yves Montand, Simone Signoret, Gabriele Ferzetti, François Marthouret, Michel Beaune, Michel Robin, Jean Bouise, Guy Mairesse, Nicole Vervil</p>



<p></p>



<p>Yves Montand&nbsp;jako Artur London a&nbsp;jeho zážitky z&nbsp;období politických procesů 50. let vrcholící příjezdem okupačních vojsk v&nbsp;roce 1968&#8230;&nbsp;Film&nbsp;<strong>Doznání</strong>&nbsp;(ve  francouzském originále <em>L&rsquo;Aveu</em>) vznikl podle slavné stejnojmenné knihy Artura Londona. Zachycuje autentické svědectví jednoho z protagonistů monstrprocesu se „spikleneckým centrem“ Rudolfa Slánského v listopadu 1952. Přesvědčený komunista, interbrigadista, účastník francouzského Hnutí odporu (krycí jméno Gérard) a posléze náměstek ministra zahraničních věcí, v knize popisuje své zážitky a nový náhled na komunistickou stranu. Je ironií osudu, že rukopis knihy přivezl London do Prahy v den, kdy sem vjely sovětské tanky. Kniha nicméně v roce 1969 vyšla, ale film – jehož realizace u nás byla již domluvena – se musel nakonec točit ve Francii. Československou premiéru měl film až 17. ledna 1990 v kině Praha za účasti&nbsp;Jorge Sempruna,&nbsp;Costy-Gavrase,&nbsp;Yvese Montanda&nbsp;a Lise Londonové.&nbsp;<em>(Filmový přehled 1990/7)</em></p>



<p></p>



<p>Film bude uveden v původním francouzském znění s anglickými titulky. Po projekci následuje debata.</p>



<p></p>



<p>Projekce se koná v rámci <a href="https://www.afbrno.cz/zarazeni/filmovy-klub/">filmového klubu Pomezí</a>.</p>



<p></p>



<p>S laskavou podporou Institut français.</p>



<figure class="wp-block-image size-full is-resized"><img loading="lazy" decoding="async" width="852" height="591" src="https://www.afbrno.cz/wp-content/uploads/2024/05/IF_Logo_Sans_Bleu_RVB.png" alt="" class="wp-image-29044" style="width:166px;height:auto" srcset="https://www.afbrno.cz/wp-content/uploads/2024/05/IF_Logo_Sans_Bleu_RVB.png 852w, https://www.afbrno.cz/wp-content/uploads/2024/05/IF_Logo_Sans_Bleu_RVB-460x319.png 460w, https://www.afbrno.cz/wp-content/uploads/2024/05/IF_Logo_Sans_Bleu_RVB-768x533.png 768w" sizes="auto, (max-width: 852px) 100vw, 852px" /></figure>



<p>Za finanční podpory statutárního města Brna.</p>



<figure class="wp-block-image size-full is-resized"><img loading="lazy" decoding="async" width="482" height="217" src="https://www.afbrno.cz/wp-content/uploads/2024/06/Logo-mesto-Brno.png" alt="" class="wp-image-27886" style="width:189px;height:auto" srcset="https://www.afbrno.cz/wp-content/uploads/2024/06/Logo-mesto-Brno.png 482w, https://www.afbrno.cz/wp-content/uploads/2024/06/Logo-mesto-Brno-460x207.png 460w" sizes="auto, (max-width: 482px) 100vw, 482px" /></figure>

<p>Filmový klub</p>
<p>Yves Montand jako Artur London a jeho zážitky z období politických procesů 50. let v Československu.</p>
