{"id":36490,"date":"2026-03-18T17:00:00","date_gmt":"2026-03-18T16:00:00","guid":{"rendered":"https:\/\/www.afbrno.cz\/?post_type=kultura&#038;p=36490"},"modified":"2026-04-29T08:07:45","modified_gmt":"2026-04-29T06:07:45","slug":"staz-erasmus-v-rennes-20260529","status":"publish","type":"kultura","link":"https:\/\/www.afbrno.cz\/fr\/kultura\/staz-erasmus-v-rennes-20260529\/","title":{"rendered":"St\u00e1\u017e Erasmus+ v Rennes"},"content":{"rendered":"\n<p>Zveme v\u00e1s na p\u0159edn\u00e1\u0161ku o Rennes, metropoli francouzsk\u00e9ho regionu Breta\u0148.<\/p>\n\n\n\n<p>O sv\u00e9 zku\u0161enosti ze st\u00e1\u017ee z Erasmus+, kterou absolvovaly v roce 2025, se s v\u00e1mi pod\u011bl\u00ed na\u0161e lektorka <strong>Katar\u00edna Lencsesov\u00e1<\/strong> a <strong>Matylda St\u0159elcov\u00e1<\/strong>.<\/p>\n\n\n\n<p><\/p>\n","protected":false},"excerpt":{"rendered":"<p>p\u0159edn\u00e1\u0161ka<\/p>\n","protected":false},"featured_media":35155,"parent":0,"template":"","zarazeni":[75],"class_list":["post-36490","kultura","type-kultura","status-publish","has-post-thumbnail","hentry","zarazeni-kalendar-akci"],"acf":[],"_links":{"self":[{"href":"https:\/\/www.afbrno.cz\/fr\/wp-json\/wp\/v2\/kultura\/36490","targetHints":{"allow":["GET"]}}],"collection":[{"href":"https:\/\/www.afbrno.cz\/fr\/wp-json\/wp\/v2\/kultura"}],"about":[{"href":"https:\/\/www.afbrno.cz\/fr\/wp-json\/wp\/v2\/types\/kultura"}],"version-history":[{"count":3,"href":"https:\/\/www.afbrno.cz\/fr\/wp-json\/wp\/v2\/kultura\/36490\/revisions"}],"predecessor-version":[{"id":36493,"href":"https:\/\/www.afbrno.cz\/fr\/wp-json\/wp\/v2\/kultura\/36490\/revisions\/36493"}],"wp:featuredmedia":[{"embeddable":true,"href":"https:\/\/www.afbrno.cz\/fr\/wp-json\/wp\/v2\/media\/35155"}],"wp:attachment":[{"href":"https:\/\/www.afbrno.cz\/fr\/wp-json\/wp\/v2\/media?parent=36490"}],"wp:term":[{"taxonomy":"zarazeni","embeddable":true,"href":"https:\/\/www.afbrno.cz\/fr\/wp-json\/wp\/v2\/zarazeni?post=36490"}],"curies":[{"name":"wp","href":"https:\/\/api.w.org\/{rel}","templated":true}]}}

Stáž Erasmus+ v Rennes

<p>Zveme vás na přednášku o Rennes, metropoli francouzského regionu Bretaň.</p>



<p>O své zkušenosti ze stáže z Erasmus+, kterou absolvovaly v roce 2025, se s vámi podělí naše lektorka <strong>Katarína Lencsesová</strong> a <strong>Matylda Střelcová</strong>.</p>



<p></p>

<p>přednáška</p>
