{"id":35958,"date":"2026-02-17T19:50:00","date_gmt":"2026-02-17T18:50:00","guid":{"rendered":"https:\/\/www.afbrno.cz\/?post_type=kultura&#038;p=35958"},"modified":"2026-03-13T14:55:11","modified_gmt":"2026-03-13T13:55:11","slug":"jazykova-kavarna-20260311","status":"publish","type":"kultura","link":"https:\/\/www.afbrno.cz\/fr\/kultura\/jazykova-kavarna-20260311\/","title":{"rendered":"Jazykov\u00e1 kav\u00e1rna"},"content":{"rendered":"\n<p><strong>Jak na ciz\u00ed jazyky hrav\u011b a z\u00e1bavn\u011b?<\/strong><\/p>\n\n\n\n<p>R\u00e1di se u\u010d\u00edte ciz\u00ed jazyky s tu\u017ekou v ruce? Pak je pr\u00e1v\u011b v\u00e1m ur\u010dena <strong>edice Ke kaf\u00ed\u010dku<\/strong> od nakladatelstv\u00ed Jazykov\u00fd koutek. Najdete tu rovn\u00fdch 100 \u00fakol\u016f, h\u00e1danek, kv\u00edz\u016f, ale tak\u00e9 kreativn\u00edch cvi\u010den\u00ed, kter\u00e1 m\u016f\u017eete vyst\u0159ihnout, nalepit nebo dokreslit.<\/p>\n\n\n\n<p>Zveme v\u00e1s do Jazykov\u00e9 kav\u00e1rny s lektorkami <strong>Krist\u00fdnou Malou<\/strong> (FJ), <strong>Evou \u0160ivicovou<\/strong> (NJ) a <strong>Leonou Kulovou Hanzelkovou<\/strong> (NJ). kter\u00e9 p\u0159edstav\u00ed sv\u00e9 nov\u00e9 knihy <strong>Francouz\u0161tina ke kaf\u00ed\u010dku<\/strong> a <strong>N\u011bm\u010dina ke kaf\u00ed\u010dku<\/strong>.<\/p>\n\n\n\n<p>Jako speci\u00e1ln\u00ed host vystoup\u00ed lingvistka, polyglotka a vydavatelka jazykov\u00fdch u\u010debnic <strong>Lucie Gramelov\u00e1<\/strong>.<\/p>\n\n\n\n<div class=\"wp-block-columns is-layout-flex wp-container-core-columns-is-layout-9d6595d7 wp-block-columns-is-layout-flex\">\n<div class=\"wp-block-column is-layout-flow wp-block-column-is-layout-flow\" style=\"flex-basis:44.45%\">\n<p><strong>PROGRAM:<\/strong><\/p>\n\n\n\n<p><strong>17.30 <\/strong>Zah\u00e1jen\u00ed<br><strong>18.00<\/strong> Jazykov\u00fd souboj:&nbsp;francouz\u0161tina&nbsp;vs. n\u011bm\u010dina<br><strong>18.30 <\/strong>Panelov\u00e1 diskuze: Lektorsk\u00e9 tipy \u201eJak na francouz\u0161tinu a n\u011bm\u010dinu\u00a0\u00bb<br><strong>19.00<\/strong> K\u0159est a ochutn\u00e1vka z jazykov\u00fdch publikac\u00ed<br><strong>19.30 <\/strong>Lucie Gramelov\u00e1: \u201eTipy od polyglotky\u00a0\u00bb &#8211; inspirativn\u00ed p\u0159edn\u00e1\u0161ka<br><strong>20.00 <\/strong>Autogrami\u00e1da a voln\u00e1 z\u00e1bava<\/p>\n<\/div>\n\n\n\n<div class=\"wp-block-column is-layout-flow wp-block-column-is-layout-flow\" style=\"flex-basis:22.22%\">\n<figure class=\"wp-block-image size-full\"><img loading=\"lazy\" decoding=\"async\" width=\"768\" height=\"982\" src=\"https:\/\/www.afbrno.cz\/wp-content\/uploads\/2026\/02\/obalka-Francouzstina-ke-kaficku.jpg\" alt=\"\" class=\"wp-image-35962\" srcset=\"https:\/\/www.afbrno.cz\/wp-content\/uploads\/2026\/02\/obalka-Francouzstina-ke-kaficku.jpg 768w, https:\/\/www.afbrno.cz\/wp-content\/uploads\/2026\/02\/obalka-Francouzstina-ke-kaficku-360x460.jpg 360w\" sizes=\"auto, (max-width: 768px) 100vw, 768px\" \/><\/figure>\n<\/div>\n\n\n\n<div class=\"wp-block-column is-layout-flow wp-block-column-is-layout-flow\" style=\"flex-basis:22.22%\">\n<figure class=\"wp-block-image size-full\"><img loading=\"lazy\" decoding=\"async\" width=\"768\" height=\"1000\" src=\"https:\/\/www.afbrno.cz\/wp-content\/uploads\/2026\/02\/obalka-Nemcina-ke-kaficku.jpg\" alt=\"\" class=\"wp-image-35964\" srcset=\"https:\/\/www.afbrno.cz\/wp-content\/uploads\/2026\/02\/obalka-Nemcina-ke-kaficku.jpg 768w, https:\/\/www.afbrno.cz\/wp-content\/uploads\/2026\/02\/obalka-Nemcina-ke-kaficku-353x460.jpg 353w\" sizes=\"auto, (max-width: 768px) 100vw, 768px\" \/><\/figure>\n<\/div>\n<\/div>\n\n\n\n<p><\/p>\n\n\n\n<h5 class=\"wp-block-heading\"><strong>Akce prob\u011bhne v 1. pat\u0159e v prostor\u00e1ch \u00d6sterreich Institutu Brno.<\/strong><\/h5>\n\n\n\n<div style=\"height:39px\" aria-hidden=\"true\" class=\"wp-block-spacer\"><\/div>\n\n\n\n<p><strong>O autork\u00e1ch: <\/strong><\/p>\n\n\n\n<p><\/p>\n\n\n\n<p><strong>Krist\u00fdna Mal\u00e1<\/strong> propadla kouzlu francouz\u0161tiny u\u017e na z\u00e1kladn\u00ed \u0161kole a tato v\u00e1\u0161e\u0148 ji prov\u00e1z\u00ed dodnes. Jazyk vystudovala na univerzit\u011b a dnes ho p\u0159ed\u00e1v\u00e1 d\u00e1l \u2013 kreativn\u011b, hrav\u011b a tak, aby si ho zamilovali i ti, kte\u0159\u00ed ho kdysi s rozpaky opustili. Jej\u00ed srdce bije pro Grenoble, Alpy a v posledn\u00ed dob\u011b si zamilovala i Pyreneje. Nejv\u00edc miluje horsk\u00fd vzduch, k\u0159upav\u00e9 bagety a v\u016fni francouzsk\u00fdch s\u00fdr\u016f.&nbsp;<\/p>\n\n\n\n<p><strong>Eva \u0160ivicov\u00e1<\/strong> m\u00e1 slabost pro v\u0161e systematick\u00e9 a logick\u00e9 \u2014 a pr\u00e1v\u011b proto si obl\u00edbila n\u011bm\u010dinu, kterou u\u017e \u0159adu let u\u010d\u00ed se stejn\u00fdm nad\u0161en\u00edm. Na v\u00fduce oce\u0148uje, \u017ee je oboustrann\u00e1 a \u017ee ka\u017ed\u00fd student do n\u00ed p\u0159in\u00e1\u0161\u00ed n\u011bco sv\u00e9ho. R\u00e1da tvo\u0159\u00ed vlastn\u00ed materi\u00e1ly a hled\u00e1 zp\u016fsoby, jak ud\u011blat n\u011bm\u010dinu praktickou a lehce (nebo i t\u011b\u017ece) n\u00e1vykovou. Kdy\u017e zrovna neu\u010d\u00ed, najdete ji v hor\u00e1ch \u2014 na t\u00fa\u0159e \u010di horsk\u00e9 chat\u011b s pivem a K\u00e4sesp\u00e4tzle.<\/p>\n\n\n\n<p><strong>Leona Kulov\u00e1 Hanzelkov\u00e1<\/strong> je lektorkou n\u011bmeck\u00e9ho jazyka, kter\u00fd (se) r\u00e1da u\u010d\u00ed spoustu let. U sv\u00fdch student\u016f se sna\u017e\u00ed probouzet nad\u0161en\u00ed pro jazyk, proto\u017ee jak zn\u00e1mo, n\u011bm\u010dinu bu\u010f \u010dlov\u011bk miluje, nebo p\u0159esn\u011b naopak. A kdyby si mohla vybrat m\u00edsto na pr\u00e1zdniny, jednozna\u010dn\u011b vyhraje pob\u0159e\u017e\u00ed n\u011bmeck\u00e9ho Baltu.<\/p>\n","protected":false},"excerpt":{"rendered":"<p>Dny frankofonie<\/p>\n<p>Ciz\u00ed jazyky hrav\u011b a z\u00e1bavn\u011b!<\/p>\n","protected":false},"featured_media":35991,"parent":0,"template":"","zarazeni":[58],"class_list":["post-35958","kultura","type-kultura","status-publish","has-post-thumbnail","hentry","zarazeni-archiv-akci"],"acf":[],"_links":{"self":[{"href":"https:\/\/www.afbrno.cz\/fr\/wp-json\/wp\/v2\/kultura\/35958","targetHints":{"allow":["GET"]}}],"collection":[{"href":"https:\/\/www.afbrno.cz\/fr\/wp-json\/wp\/v2\/kultura"}],"about":[{"href":"https:\/\/www.afbrno.cz\/fr\/wp-json\/wp\/v2\/types\/kultura"}],"version-history":[{"count":18,"href":"https:\/\/www.afbrno.cz\/fr\/wp-json\/wp\/v2\/kultura\/35958\/revisions"}],"predecessor-version":[{"id":35993,"href":"https:\/\/www.afbrno.cz\/fr\/wp-json\/wp\/v2\/kultura\/35958\/revisions\/35993"}],"wp:featuredmedia":[{"embeddable":true,"href":"https:\/\/www.afbrno.cz\/fr\/wp-json\/wp\/v2\/media\/35991"}],"wp:attachment":[{"href":"https:\/\/www.afbrno.cz\/fr\/wp-json\/wp\/v2\/media?parent=35958"}],"wp:term":[{"taxonomy":"zarazeni","embeddable":true,"href":"https:\/\/www.afbrno.cz\/fr\/wp-json\/wp\/v2\/zarazeni?post=35958"}],"curies":[{"name":"wp","href":"https:\/\/api.w.org\/{rel}","templated":true}]}}

Jazyková kavárna

<p><strong>Jak na cizí jazyky hravě a zábavně?</strong></p>



<p>Rádi se učíte cizí jazyky s tužkou v ruce? Pak je právě vám určena <strong>edice Ke kafíčku</strong> od nakladatelství Jazykový koutek. Najdete tu rovných 100 úkolů, hádanek, kvízů, ale také kreativních cvičení, která můžete vystřihnout, nalepit nebo dokreslit.</p>



<p>Zveme vás do Jazykové kavárny s lektorkami <strong>Kristýnou Malou</strong> (FJ), <strong>Evou Šivicovou</strong> (NJ) a <strong>Leonou Kulovou Hanzelkovou</strong> (NJ). které představí své nové knihy <strong>Francouzština ke kafíčku</strong> a <strong>Němčina ke kafíčku</strong>.</p>



<p>Jako speciální host vystoupí lingvistka, polyglotka a vydavatelka jazykových učebnic <strong>Lucie Gramelová</strong>.</p>



<div class="wp-block-columns is-layout-flex wp-container-core-columns-is-layout-9d6595d7 wp-block-columns-is-layout-flex">
<div class="wp-block-column is-layout-flow wp-block-column-is-layout-flow" style="flex-basis:44.45%">
<p><strong>PROGRAM:</strong></p>



<p><strong>17.30 </strong>Zahájení<br><strong>18.00</strong> Jazykový souboj:&nbsp;francouzština&nbsp;vs. němčina<br><strong>18.30 </strong>Panelová diskuze: Lektorské tipy „Jak na francouzštinu a němčinu »<br><strong>19.00</strong> Křest a ochutnávka z jazykových publikací<br><strong>19.30 </strong>Lucie Gramelová: „Tipy od polyglotky » &#8211; inspirativní přednáška<br><strong>20.00 </strong>Autogramiáda a volná zábava</p>
</div>



<div class="wp-block-column is-layout-flow wp-block-column-is-layout-flow" style="flex-basis:22.22%">
<figure class="wp-block-image size-full"><img loading="lazy" decoding="async" width="768" height="982" src="https://www.afbrno.cz/wp-content/uploads/2026/02/obalka-Francouzstina-ke-kaficku.jpg" alt="" class="wp-image-35962" srcset="https://www.afbrno.cz/wp-content/uploads/2026/02/obalka-Francouzstina-ke-kaficku.jpg 768w, https://www.afbrno.cz/wp-content/uploads/2026/02/obalka-Francouzstina-ke-kaficku-360x460.jpg 360w" sizes="auto, (max-width: 768px) 100vw, 768px" /></figure>
</div>



<div class="wp-block-column is-layout-flow wp-block-column-is-layout-flow" style="flex-basis:22.22%">
<figure class="wp-block-image size-full"><img loading="lazy" decoding="async" width="768" height="1000" src="https://www.afbrno.cz/wp-content/uploads/2026/02/obalka-Nemcina-ke-kaficku.jpg" alt="" class="wp-image-35964" srcset="https://www.afbrno.cz/wp-content/uploads/2026/02/obalka-Nemcina-ke-kaficku.jpg 768w, https://www.afbrno.cz/wp-content/uploads/2026/02/obalka-Nemcina-ke-kaficku-353x460.jpg 353w" sizes="auto, (max-width: 768px) 100vw, 768px" /></figure>
</div>
</div>



<p></p>



<h5 class="wp-block-heading"><strong>Akce proběhne v 1. patře v prostorách Österreich Institutu Brno.</strong></h5>



<div style="height:39px" aria-hidden="true" class="wp-block-spacer"></div>



<p><strong>O autorkách: </strong></p>



<p></p>



<p><strong>Kristýna Malá</strong> propadla kouzlu francouzštiny už na základní škole a tato vášeň ji provází dodnes. Jazyk vystudovala na univerzitě a dnes ho předává dál – kreativně, hravě a tak, aby si ho zamilovali i ti, kteří ho kdysi s rozpaky opustili. Její srdce bije pro Grenoble, Alpy a v poslední době si zamilovala i Pyreneje. Nejvíc miluje horský vzduch, křupavé bagety a vůni francouzských sýrů.&nbsp;</p>



<p><strong>Eva Šivicová</strong> má slabost pro vše systematické a logické — a právě proto si oblíbila němčinu, kterou už řadu let učí se stejným nadšením. Na výuce oceňuje, že je oboustranná a že každý student do ní přináší něco svého. Ráda tvoří vlastní materiály a hledá způsoby, jak udělat němčinu praktickou a lehce (nebo i těžce) návykovou. Když zrovna neučí, najdete ji v horách — na túře či horské chatě s pivem a Käsespätzle.</p>



<p><strong>Leona Kulová Hanzelková</strong> je lektorkou německého jazyka, který (se) ráda učí spoustu let. U svých studentů se snaží probouzet nadšení pro jazyk, protože jak známo, němčinu buď člověk miluje, nebo přesně naopak. A kdyby si mohla vybrat místo na prázdniny, jednoznačně vyhraje pobřeží německého Baltu.</p>

<p>Dny frankofonie</p>
<p>Cizí jazyky hravě a zábavně!</p>
