{"id":35699,"date":"2026-02-04T11:00:00","date_gmt":"2026-02-04T10:00:00","guid":{"rendered":"https:\/\/www.afbrno.cz\/?post_type=kultura&#038;p=35699"},"modified":"2026-02-06T23:18:21","modified_gmt":"2026-02-06T22:18:21","slug":"silene-ropuchy-20260206","status":"publish","type":"kultura","link":"https:\/\/www.afbrno.cz\/fr\/kultura\/silene-ropuchy-20260206\/","title":{"rendered":"\u0160\u00edlen\u00e9 ropuchy"},"content":{"rendered":"\n<p id=\"viewer-0bfei6803\">Na motivy stejnojmenn\u00e9 hry francouzsk\u00e9 divadeln\u00ed re\u017eis\u00e9rky, dramaturgyn\u011b a here\u010dky <strong>M\u00e9lody Mourey<\/strong>.<\/p>\n\n\n\n<p>B\u011bhem druh\u00e9 sv\u011btov\u00e9 v\u00e1lky se v mal\u00e9m polsk\u00e9m m\u011bste\u010dku dva mlad\u00ed idealisti\u010dt\u00ed l\u00e9ka\u0159i rozhodli zachr\u00e1nit \u017eidovsk\u00e9 obyvatelstvo. Jejich lest spo\u010d\u00edvala v jednoduch\u00e9m n\u00e1padu: kdy\u017e se zdrav\u00e9mu pacientovi pod\u00e1 vakc\u00edna proti tyfu, projev\u00ed se u n\u011bj p\u0159\u00edznaky t\u00e9to vysoce naka\u017eliv\u00e9 nemoci. Aby se zabr\u00e1nilo \u0161\u00ed\u0159en\u00ed epidemie, nacistick\u00e9 \u00fa\u0159ady uvalily na m\u011bsto karant\u00e9nu.<\/p>\n\n\n\n<p>A\u010dkoli Milgram\u016fv experiment ukazuje, \u017ee drtiv\u00e1 v\u011bt\u0161ina lid\u00ed se slep\u011b pod\u0159izuje autorit\u011b, nesm\u00ed to zast\u00ednit existenci \u201e\u0161\u00edlen\u00fdch ropuch\u201c. Kdy\u017e je neposlu\u0161nost jedin\u00fdm zp\u016fsobem, jak z\u016fstat v\u011brn\u00fd ur\u010dit\u00e9 p\u0159edstav\u011b o lidskosti.<\/p>\n\n\n\n<p id=\"viewer-viewer-t47hs381\"><strong>Re\u017eie:<\/strong> \u0160imona Va\u0148kov\u00e1, Thierry Saint Arnoult a \u010dlenov\u00e9 divadeln\u00edho souboru Trapn\u00e9 ticho (Gymn\u00e1zium Maty\u00e1\u0161e Lercha, Brno)<\/p>\n\n\n\n<p id=\"viewer-72gza7031\"><strong>Hraj\u00ed: <\/strong>Sofia Alexandra Aubry, Zuzana Bod\u00e1kov\u00e1, Karimova Medina, Mila Koblihov\u00e1, Be\u00e1ta Mudr\u00e1kov\u00e1, Ema Ondrov\u00e1, Justina Tomanov\u00e1, Barbora Vykoukalov\u00e1<\/p>\n\n\n\n<p><\/p>\n\n\n\n<p>P\u0159edstaven\u00ed bude uvedeno na mezin\u00e1rodn\u00ed p\u0159ehl\u00eddce st\u0159edo\u0161kolsk\u00fdch divadeln\u00edch soubor\u016f Festival Francofil v italsk\u00e9 Neapoli (13. &#8211; 17. 2. 2026).<\/p>\n","protected":false},"excerpt":{"rendered":"<p>Divadeln\u00ed p\u0159edstaven\u00ed ve francouz\u0161tin\u011b<\/p>\n","protected":false},"featured_media":35700,"parent":0,"template":"","zarazeni":[58],"class_list":["post-35699","kultura","type-kultura","status-publish","has-post-thumbnail","hentry","zarazeni-archiv-akci"],"acf":[],"_links":{"self":[{"href":"https:\/\/www.afbrno.cz\/fr\/wp-json\/wp\/v2\/kultura\/35699","targetHints":{"allow":["GET"]}}],"collection":[{"href":"https:\/\/www.afbrno.cz\/fr\/wp-json\/wp\/v2\/kultura"}],"about":[{"href":"https:\/\/www.afbrno.cz\/fr\/wp-json\/wp\/v2\/types\/kultura"}],"version-history":[{"count":6,"href":"https:\/\/www.afbrno.cz\/fr\/wp-json\/wp\/v2\/kultura\/35699\/revisions"}],"predecessor-version":[{"id":35707,"href":"https:\/\/www.afbrno.cz\/fr\/wp-json\/wp\/v2\/kultura\/35699\/revisions\/35707"}],"wp:featuredmedia":[{"embeddable":true,"href":"https:\/\/www.afbrno.cz\/fr\/wp-json\/wp\/v2\/media\/35700"}],"wp:attachment":[{"href":"https:\/\/www.afbrno.cz\/fr\/wp-json\/wp\/v2\/media?parent=35699"}],"wp:term":[{"taxonomy":"zarazeni","embeddable":true,"href":"https:\/\/www.afbrno.cz\/fr\/wp-json\/wp\/v2\/zarazeni?post=35699"}],"curies":[{"name":"wp","href":"https:\/\/api.w.org\/{rel}","templated":true}]}}

Šílené ropuchy

<p id="viewer-0bfei6803">Na motivy stejnojmenné hry francouzské divadelní režisérky, dramaturgyně a herečky <strong>Mélody Mourey</strong>.</p>



<p>Během druhé světové války se v malém polském městečku dva mladí idealističtí lékaři rozhodli zachránit židovské obyvatelstvo. Jejich lest spočívala v jednoduchém nápadu: když se zdravému pacientovi podá vakcína proti tyfu, projeví se u něj příznaky této vysoce nakažlivé nemoci. Aby se zabránilo šíření epidemie, nacistické úřady uvalily na město karanténu.</p>



<p>Ačkoli Milgramův experiment ukazuje, že drtivá většina lidí se slepě podřizuje autoritě, nesmí to zastínit existenci „šílených ropuch“. Když je neposlušnost jediným způsobem, jak zůstat věrný určité představě o lidskosti.</p>



<p id="viewer-viewer-t47hs381"><strong>Režie:</strong> Šimona Vaňková, Thierry Saint Arnoult a členové divadelního souboru Trapné ticho (Gymnázium Matyáše Lercha, Brno)</p>



<p id="viewer-72gza7031"><strong>Hrají: </strong>Sofia Alexandra Aubry, Zuzana Bodáková, Karimova Medina, Mila Koblihová, Beáta Mudráková, Ema Ondrová, Justina Tomanová, Barbora Vykoukalová</p>



<p></p>



<p>Představení bude uvedeno na mezinárodní přehlídce středoškolských divadelních souborů Festival Francofil v italské Neapoli (13. &#8211; 17. 2. 2026).</p>

<p>Divadelní představení ve francouzštině</p>
