{"id":34460,"date":"2025-10-27T23:35:59","date_gmt":"2025-10-27T22:35:59","guid":{"rendered":"https:\/\/www.afbrno.cz\/?post_type=kultura&#038;p=34460"},"modified":"2025-11-27T16:21:17","modified_gmt":"2025-11-27T15:21:17","slug":"barvy-casu-20251121","status":"publish","type":"kultura","link":"https:\/\/www.afbrno.cz\/fr\/kultura\/barvy-casu-20251121\/","title":{"rendered":"Barvy \u010dasu"},"content":{"rendered":"\n<p>La Venue de l&rsquo;avenir<\/p>\n\n\n\n<p><strong>C\u00e9dric Klapisch<\/strong><br>2025 | Francie&nbsp;<br>126 min. | francouz\u0161tina&nbsp;<br>Titulky \u2013 \u010de\u0161tina<\/p>\n\n\n\n<p>Hraj\u00ed: Suzanne Lindon, Abraham Wapler, Julia Piaton, Vincent Macaigne, Zinedine Soualem<\/p>\n\n\n\n<p>Rozv\u011btven\u00e1, asi t\u0159iceti\u010dlenn\u00e1 rodina m\u00e1 zd\u011bdit star\u00fd, n\u011bkolik let neob\u00fdvan\u00fd d\u016fm. \u010cty\u0159i z nich, vzd\u00e1len\u00ed bratranci Seb, Abdel, Guy a jejich sest\u0159enice C\u00e9line dost\u00e1vaj\u00ed za \u00fakol vydat se na m\u00edsto, aby nemovitost obhl\u00e9dli. Ve star\u00e9m dom\u011b nach\u00e1zej\u00ed skryt\u00e9 poklady a vyd\u00e1vaj\u00ed se po stop\u00e1ch jednoho z\u00e1hadn\u00e9ho p\u0159\u00edb\u011bhu.<\/p>\n\n\n\n<p><\/p>\n\n\n\n<p><strong>Trailer<\/strong><\/p>\n\n\n\n<figure class=\"wp-block-embed is-type-video is-provider-youtube wp-block-embed-youtube wp-embed-aspect-16-9 wp-has-aspect-ratio\"><div class=\"wp-block-embed__wrapper\">\n<iframe loading=\"lazy\" title=\"LA VENUE DE L&#039;AVENIR \u2013 Bande-annonce Officielle \u2013 C\u00e9dric Klapisch (2025)\" width=\"500\" height=\"281\" src=\"https:\/\/www.youtube.com\/embed\/CTHXknI3Hnc?start=12&#038;feature=oembed\" frameborder=\"0\" allow=\"accelerometer; autoplay; clipboard-write; encrypted-media; gyroscope; picture-in-picture; web-share\" referrerpolicy=\"strict-origin-when-cross-origin\" allowfullscreen><\/iframe>\n<\/div><\/figure>\n","protected":false},"excerpt":{"rendered":"<p>Festival francouzsk\u00e9ho filmu<\/p>\n<p>Rozv\u011btven\u00e1, asi t\u0159iceti\u010dlenn\u00e1 rodina m\u00e1 zd\u011bdit star\u00fd, n\u011bkolik let neob\u00fdvan\u00fd d\u016fm. \u010cty\u0159i z nich, vzd\u00e1len\u00ed bratranci Seb, Abdel, Guy a jejich sest\u0159enice C\u00e9line dost\u00e1vaj\u00ed za \u00fakol vydat se na m\u00edsto, aby nemovitost obhl\u00e9dli. Ve star\u00e9m dom\u011b nach\u00e1zej\u00ed skryt\u00e9 poklady a vyd\u00e1vaj\u00ed se po stop\u00e1ch jednoho z\u00e1hadn\u00e9ho p\u0159\u00edb\u011bhu.<\/p>\n","protected":false},"featured_media":34416,"parent":0,"template":"","zarazeni":[58],"class_list":["post-34460","kultura","type-kultura","status-publish","has-post-thumbnail","hentry","zarazeni-archiv-akci"],"acf":[],"_links":{"self":[{"href":"https:\/\/www.afbrno.cz\/fr\/wp-json\/wp\/v2\/kultura\/34460","targetHints":{"allow":["GET"]}}],"collection":[{"href":"https:\/\/www.afbrno.cz\/fr\/wp-json\/wp\/v2\/kultura"}],"about":[{"href":"https:\/\/www.afbrno.cz\/fr\/wp-json\/wp\/v2\/types\/kultura"}],"version-history":[{"count":1,"href":"https:\/\/www.afbrno.cz\/fr\/wp-json\/wp\/v2\/kultura\/34460\/revisions"}],"predecessor-version":[{"id":34461,"href":"https:\/\/www.afbrno.cz\/fr\/wp-json\/wp\/v2\/kultura\/34460\/revisions\/34461"}],"wp:featuredmedia":[{"embeddable":true,"href":"https:\/\/www.afbrno.cz\/fr\/wp-json\/wp\/v2\/media\/34416"}],"wp:attachment":[{"href":"https:\/\/www.afbrno.cz\/fr\/wp-json\/wp\/v2\/media?parent=34460"}],"wp:term":[{"taxonomy":"zarazeni","embeddable":true,"href":"https:\/\/www.afbrno.cz\/fr\/wp-json\/wp\/v2\/zarazeni?post=34460"}],"curies":[{"name":"wp","href":"https:\/\/api.w.org\/{rel}","templated":true}]}}

Barvy času

<p>La Venue de l&rsquo;avenir</p>



<p><strong>Cédric Klapisch</strong><br>2025 | Francie&nbsp;<br>126 min. | francouzština&nbsp;<br>Titulky – čeština</p>



<p>Hrají: Suzanne Lindon, Abraham Wapler, Julia Piaton, Vincent Macaigne, Zinedine Soualem</p>



<p>Rozvětvená, asi třicetičlenná rodina má zdědit starý, několik let neobývaný dům. Čtyři z nich, vzdálení bratranci Seb, Abdel, Guy a jejich sestřenice Céline dostávají za úkol vydat se na místo, aby nemovitost obhlédli. Ve starém domě nacházejí skryté poklady a vydávají se po stopách jednoho záhadného příběhu.</p>



<p></p>



<p><strong>Trailer</strong></p>



<figure class="wp-block-embed is-type-video is-provider-youtube wp-block-embed-youtube wp-embed-aspect-16-9 wp-has-aspect-ratio"><div class="wp-block-embed__wrapper">
<iframe loading="lazy" title="LA VENUE DE L&#039;AVENIR – Bande-annonce Officielle – Cédric Klapisch (2025)" width="500" height="281" src="https://www.youtube.com/embed/CTHXknI3Hnc?start=12&#038;feature=oembed" frameborder="0" allow="accelerometer; autoplay; clipboard-write; encrypted-media; gyroscope; picture-in-picture; web-share" referrerpolicy="strict-origin-when-cross-origin" allowfullscreen></iframe>
</div></figure>

<p>Festival francouzského filmu</p>
<p>Rozvětvená, asi třicetičlenná rodina má zdědit starý, několik let neobývaný dům. Čtyři z nich, vzdálení bratranci Seb, Abdel, Guy a jejich sestřenice Céline dostávají za úkol vydat se na místo, aby nemovitost obhlédli. Ve starém domě nacházejí skryté poklady a vydávají se po stopách jednoho záhadného příběhu.</p>
