{"id":34456,"date":"2025-10-27T23:37:00","date_gmt":"2025-10-27T22:37:00","guid":{"rendered":"https:\/\/www.afbrno.cz\/?post_type=kultura&#038;p=34456"},"modified":"2025-11-27T16:21:14","modified_gmt":"2025-11-27T15:21:14","slug":"bozska-sarah-bernhardt","status":"publish","type":"kultura","link":"https:\/\/www.afbrno.cz\/fr\/kultura\/bozska-sarah-bernhardt\/","title":{"rendered":"Bo\u017esk\u00e1 Sarah Bernhardt"},"content":{"rendered":"\n<p>Sarah Bernhardt, la divine<\/p>\n\n\n\n<p><strong>Guillaume Nicloux<\/strong><br>2024 | Francie&nbsp;<br>99 min. | francouz\u0161tina&nbsp;<br>Titulky \u2013 \u010de\u0161tina, angli\u010dtina<\/p>\n\n\n\n<p>Hraj\u00ed: Sandrine Kiberlain, Laurent Lafitte, Amira Casar, Pauline \u00c9tienne, Mathilde Ollivier<\/p>\n\n\n\n<p>Pa\u0159\u00ed\u017e, rok 1896. Sarah Bernhardt je na vrcholu sv\u00e9 sl\u00e1vy. Je ikonou sv\u00e9 doby a prvn\u00ed sv\u011btovou hv\u011bzdou, ale z\u00e1rove\u0148 i zamilovanou, svobodnou a modern\u00ed \u017eenou, kter\u00e1 bo\u0159\u00ed konvence. Poznejte osobnost ukr\u00fdvaj\u00edc\u00ed se za legendou.<\/p>\n\n\n\n<p><\/p>\n\n\n\n<p><strong>Trailer<\/strong><\/p>\n\n\n\n<figure class=\"wp-block-embed is-type-video is-provider-youtube wp-block-embed-youtube wp-embed-aspect-16-9 wp-has-aspect-ratio\"><div class=\"wp-block-embed__wrapper\">\n<iframe loading=\"lazy\" title=\"Bo\u017esk\u00e1 Sarah Bernhardt HD Trailer CZ\" width=\"500\" height=\"281\" src=\"https:\/\/www.youtube.com\/embed\/4QA1u2dd4Y8?start=1&#038;feature=oembed\" frameborder=\"0\" allow=\"accelerometer; autoplay; clipboard-write; encrypted-media; gyroscope; picture-in-picture; web-share\" referrerpolicy=\"strict-origin-when-cross-origin\" allowfullscreen><\/iframe>\n<\/div><\/figure>\n","protected":false},"excerpt":{"rendered":"<p>Festival francouzsk\u00e9ho filmu<\/p>\n<p>Pa\u0159\u00ed\u017e, rok 1896. Sarah Bernhardt je na vrcholu sv\u00e9 sl\u00e1vy. Je ikonou sv\u00e9 doby a prvn\u00ed sv\u011btovou hv\u011bzdou, ale z\u00e1rove\u0148 i zamilovanou, svobodnou a modern\u00ed \u017eenou, kter\u00e1 bo\u0159\u00ed konvence. Poznejte osobnost ukr\u00fdvaj\u00edc\u00ed se za legendou.<\/p>\n","protected":false},"featured_media":34380,"parent":0,"template":"","zarazeni":[58],"class_list":["post-34456","kultura","type-kultura","status-publish","has-post-thumbnail","hentry","zarazeni-archiv-akci"],"acf":[],"_links":{"self":[{"href":"https:\/\/www.afbrno.cz\/fr\/wp-json\/wp\/v2\/kultura\/34456","targetHints":{"allow":["GET"]}}],"collection":[{"href":"https:\/\/www.afbrno.cz\/fr\/wp-json\/wp\/v2\/kultura"}],"about":[{"href":"https:\/\/www.afbrno.cz\/fr\/wp-json\/wp\/v2\/types\/kultura"}],"version-history":[{"count":2,"href":"https:\/\/www.afbrno.cz\/fr\/wp-json\/wp\/v2\/kultura\/34456\/revisions"}],"predecessor-version":[{"id":34459,"href":"https:\/\/www.afbrno.cz\/fr\/wp-json\/wp\/v2\/kultura\/34456\/revisions\/34459"}],"wp:featuredmedia":[{"embeddable":true,"href":"https:\/\/www.afbrno.cz\/fr\/wp-json\/wp\/v2\/media\/34380"}],"wp:attachment":[{"href":"https:\/\/www.afbrno.cz\/fr\/wp-json\/wp\/v2\/media?parent=34456"}],"wp:term":[{"taxonomy":"zarazeni","embeddable":true,"href":"https:\/\/www.afbrno.cz\/fr\/wp-json\/wp\/v2\/zarazeni?post=34456"}],"curies":[{"name":"wp","href":"https:\/\/api.w.org\/{rel}","templated":true}]}}

Božská Sarah Bernhardt

<p>Sarah Bernhardt, la divine</p>



<p><strong>Guillaume Nicloux</strong><br>2024 | Francie&nbsp;<br>99 min. | francouzština&nbsp;<br>Titulky – čeština, angličtina</p>



<p>Hrají: Sandrine Kiberlain, Laurent Lafitte, Amira Casar, Pauline Étienne, Mathilde Ollivier</p>



<p>Paříž, rok 1896. Sarah Bernhardt je na vrcholu své slávy. Je ikonou své doby a první světovou hvězdou, ale zároveň i zamilovanou, svobodnou a moderní ženou, která boří konvence. Poznejte osobnost ukrývající se za legendou.</p>



<p></p>



<p><strong>Trailer</strong></p>



<figure class="wp-block-embed is-type-video is-provider-youtube wp-block-embed-youtube wp-embed-aspect-16-9 wp-has-aspect-ratio"><div class="wp-block-embed__wrapper">
<iframe loading="lazy" title="Božská Sarah Bernhardt HD Trailer CZ" width="500" height="281" src="https://www.youtube.com/embed/4QA1u2dd4Y8?start=1&#038;feature=oembed" frameborder="0" allow="accelerometer; autoplay; clipboard-write; encrypted-media; gyroscope; picture-in-picture; web-share" referrerpolicy="strict-origin-when-cross-origin" allowfullscreen></iframe>
</div></figure>

<p>Festival francouzského filmu</p>
<p>Paříž, rok 1896. Sarah Bernhardt je na vrcholu své slávy. Je ikonou své doby a první světovou hvězdou, ale zároveň i zamilovanou, svobodnou a moderní ženou, která boří konvence. Poznejte osobnost ukrývající se za legendou.</p>
