{"id":34445,"date":"2025-10-27T23:26:37","date_gmt":"2025-10-27T22:26:37","guid":{"rendered":"https:\/\/www.afbrno.cz\/?post_type=kultura&#038;p=34445"},"modified":"2025-11-27T16:21:22","modified_gmt":"2025-11-27T15:21:22","slug":"ahoj-a-diky","status":"publish","type":"kultura","link":"https:\/\/www.afbrno.cz\/fr\/kultura\/ahoj-a-diky\/","title":{"rendered":"Ahoj a d\u00edky!"},"content":{"rendered":"\n<p>Partir un jour<\/p>\n\n\n\n<p><strong>Am\u00e9lie Bonnin<\/strong><br>2025 | Francie&nbsp;<br>96 min. | francouz\u0161tina&nbsp;<br>Titulky \u2013 \u010de\u0161tina<\/p>\n\n\n\n<p>Hraj\u00ed: Juliette Armanet, Bastien Bouillon, Fran\u00e7ois Rollin, Tewfik Jallab, Dominique Blanc<\/p>\n\n\n\n<p>Pr\u00e1v\u011b kdy\u017e se C\u00e9cile chyst\u00e1 splnit si sv\u016fj odv\u011bk\u00fd sen \u2013 otev\u0159\u00edt si v Pa\u0159\u00ed\u017ei gastronomickou restauraci, mus\u00ed se neo\u010dek\u00e1van\u011b vr\u00e1tit do sv\u00e9ho rodn\u00e9ho m\u011bste\u010dka, proto\u017ee jej\u00ed otec prod\u011blal infarkt. A tam, daleko od pa\u0159\u00ed\u017esk\u00e9 v\u0159avy, se znovu setk\u00e1v\u00e1 se svou l\u00e1skou z ml\u00e1d\u00ed. Vyno\u0159uj\u00ed se vzpom\u00ednky a dosavadn\u00ed jistoty najednou p\u0159est\u00e1vaj\u00ed b\u00fdt tak pevn\u00e9.<\/p>\n\n\n\n<p><\/p>\n\n\n\n<p><strong>Tralier<\/strong><\/p>\n\n\n\n<figure class=\"wp-block-embed is-type-video is-provider-youtube wp-block-embed-youtube wp-embed-aspect-16-9 wp-has-aspect-ratio\"><div class=\"wp-block-embed__wrapper\">\n<iframe loading=\"lazy\" title=\"Leave One Day \/ Partir un jour (2025) - Trailer (English Subs)\" width=\"500\" height=\"281\" src=\"https:\/\/www.youtube.com\/embed\/enPMDGORmlM?start=1&#038;feature=oembed\" frameborder=\"0\" allow=\"accelerometer; autoplay; clipboard-write; encrypted-media; gyroscope; picture-in-picture; web-share\" referrerpolicy=\"strict-origin-when-cross-origin\" allowfullscreen><\/iframe>\n<\/div><\/figure>\n","protected":false},"excerpt":{"rendered":"<p>Festival francouzsk\u00e9ho filmu<\/p>\n<p>Pr\u00e1v\u011b kdy\u017e se C\u00e9cile chyst\u00e1 splnit si sv\u016fj odv\u011bk\u00fd sen \u2013 otev\u0159\u00edt si v Pa\u0159\u00ed\u017ei gastronomickou restauraci, mus\u00ed se neo\u010dek\u00e1van\u011b vr\u00e1tit do sv\u00e9ho rodn\u00e9ho m\u011bste\u010dka, proto\u017ee jej\u00ed otec prod\u011blal infarkt. A tam, daleko od pa\u0159\u00ed\u017esk\u00e9 v\u0159avy, se znovu setk\u00e1v\u00e1 se svou l\u00e1skou z ml\u00e1d\u00ed. Vyno\u0159uj\u00ed se vzpom\u00ednky a dosavadn\u00ed jistoty najednou p\u0159est\u00e1vaj\u00ed b\u00fdt tak pevn\u00e9.<\/p>\n","protected":false},"featured_media":34450,"parent":0,"template":"","zarazeni":[58],"class_list":["post-34445","kultura","type-kultura","status-publish","has-post-thumbnail","hentry","zarazeni-archiv-akci"],"acf":[],"_links":{"self":[{"href":"https:\/\/www.afbrno.cz\/fr\/wp-json\/wp\/v2\/kultura\/34445","targetHints":{"allow":["GET"]}}],"collection":[{"href":"https:\/\/www.afbrno.cz\/fr\/wp-json\/wp\/v2\/kultura"}],"about":[{"href":"https:\/\/www.afbrno.cz\/fr\/wp-json\/wp\/v2\/types\/kultura"}],"version-history":[{"count":2,"href":"https:\/\/www.afbrno.cz\/fr\/wp-json\/wp\/v2\/kultura\/34445\/revisions"}],"predecessor-version":[{"id":34455,"href":"https:\/\/www.afbrno.cz\/fr\/wp-json\/wp\/v2\/kultura\/34445\/revisions\/34455"}],"wp:featuredmedia":[{"embeddable":true,"href":"https:\/\/www.afbrno.cz\/fr\/wp-json\/wp\/v2\/media\/34450"}],"wp:attachment":[{"href":"https:\/\/www.afbrno.cz\/fr\/wp-json\/wp\/v2\/media?parent=34445"}],"wp:term":[{"taxonomy":"zarazeni","embeddable":true,"href":"https:\/\/www.afbrno.cz\/fr\/wp-json\/wp\/v2\/zarazeni?post=34445"}],"curies":[{"name":"wp","href":"https:\/\/api.w.org\/{rel}","templated":true}]}}

Ahoj a díky!

<p>Partir un jour</p>



<p><strong>Amélie Bonnin</strong><br>2025 | Francie&nbsp;<br>96 min. | francouzština&nbsp;<br>Titulky – čeština</p>



<p>Hrají: Juliette Armanet, Bastien Bouillon, François Rollin, Tewfik Jallab, Dominique Blanc</p>



<p>Právě když se Cécile chystá splnit si svůj odvěký sen – otevřít si v Paříži gastronomickou restauraci, musí se neočekávaně vrátit do svého rodného městečka, protože její otec prodělal infarkt. A tam, daleko od pařížské vřavy, se znovu setkává se svou láskou z mládí. Vynořují se vzpomínky a dosavadní jistoty najednou přestávají být tak pevné.</p>



<p></p>



<p><strong>Tralier</strong></p>



<figure class="wp-block-embed is-type-video is-provider-youtube wp-block-embed-youtube wp-embed-aspect-16-9 wp-has-aspect-ratio"><div class="wp-block-embed__wrapper">
<iframe loading="lazy" title="Leave One Day / Partir un jour (2025) - Trailer (English Subs)" width="500" height="281" src="https://www.youtube.com/embed/enPMDGORmlM?start=1&#038;feature=oembed" frameborder="0" allow="accelerometer; autoplay; clipboard-write; encrypted-media; gyroscope; picture-in-picture; web-share" referrerpolicy="strict-origin-when-cross-origin" allowfullscreen></iframe>
</div></figure>

<p>Festival francouzského filmu</p>
<p>Právě když se Cécile chystá splnit si svůj odvěký sen – otevřít si v Paříži gastronomickou restauraci, musí se neočekávaně vrátit do svého rodného městečka, protože její otec prodělal infarkt. A tam, daleko od pařížské vřavy, se znovu setkává se svou láskou z mládí. Vynořují se vzpomínky a dosavadní jistoty najednou přestávají být tak pevné.</p>
