{"id":34438,"date":"2025-10-27T23:21:32","date_gmt":"2025-10-27T22:21:32","guid":{"rendered":"https:\/\/www.afbrno.cz\/?post_type=kultura&#038;p=34438"},"modified":"2025-11-27T16:21:27","modified_gmt":"2025-11-27T15:21:27","slug":"potopa","status":"publish","type":"kultura","link":"https:\/\/www.afbrno.cz\/fr\/kultura\/potopa\/","title":{"rendered":"Potopa"},"content":{"rendered":"\n<p>Le D\u00e9luge<\/p>\n\n\n\n<p><strong>Gianluca Jodice<\/strong><br>2024 | It\u00e1lie, Francie&nbsp;<br>102 min. | francouz\u0161tina&nbsp;<br>Titulky \u2013 \u010de\u0161tina, angli\u010dtina<\/p>\n\n\n\n<p>Hraj\u00ed: Guillaume Canet, M\u00e9lanie Laurent, Aurore Broutin, Hugo Dillon, Tom Hudson<\/p>\n\n\n\n<p>Rok 1792, ve Francii kon\u010d\u00ed star\u00fd re\u017eim. Ludv\u00edk XVI. a jeho man\u017eelka Marie Antoinetta jsou zat\u010deni a uv\u011bzn\u011bni v pa\u0159\u00ed\u017esk\u00e9m Templu. Voln\u011b inspirov\u00e1no z\u00e1pisky Cl\u00e9ryho, kr\u00e1lova komorn\u00edka, kter\u00fd s n\u00edm z\u016fstal a\u017e do jeho smrti.<\/p>\n\n\n\n<p><\/p>\n\n\n\n<p><strong>Trailer<\/strong><\/p>\n\n\n\n<figure class=\"wp-block-embed is-type-video is-provider-youtube wp-block-embed-youtube wp-embed-aspect-16-9 wp-has-aspect-ratio\"><div class=\"wp-block-embed__wrapper\">\n<iframe loading=\"lazy\" title=\"Potopa HD trailer CZ\" width=\"500\" height=\"281\" src=\"https:\/\/www.youtube.com\/embed\/-WAKJ6tht0c?start=7&#038;feature=oembed\" frameborder=\"0\" allow=\"accelerometer; autoplay; clipboard-write; encrypted-media; gyroscope; picture-in-picture; web-share\" referrerpolicy=\"strict-origin-when-cross-origin\" allowfullscreen><\/iframe>\n<\/div><\/figure>\n","protected":false},"excerpt":{"rendered":"<p>Festival francouzsk\u00e9ho filmu<\/p>\n<p>Rok 1792, ve Francii kon\u010d\u00ed star\u00fd re\u017eim. Ludv\u00edk XVI. a jeho man\u017eelka Marie Antoinetta jsou zat\u010deni a uv\u011bzn\u011bni v pa\u0159\u00ed\u017esk\u00e9m Templu. Voln\u011b inspirov\u00e1no z\u00e1pisky Cl\u00e9ryho, kr\u00e1lova komorn\u00edka, kter\u00fd s n\u00edm z\u016fstal a\u017e do jeho smrti.<\/p>\n","protected":false},"featured_media":34439,"parent":0,"template":"","zarazeni":[58],"class_list":["post-34438","kultura","type-kultura","status-publish","has-post-thumbnail","hentry","zarazeni-archiv-akci"],"acf":[],"_links":{"self":[{"href":"https:\/\/www.afbrno.cz\/fr\/wp-json\/wp\/v2\/kultura\/34438","targetHints":{"allow":["GET"]}}],"collection":[{"href":"https:\/\/www.afbrno.cz\/fr\/wp-json\/wp\/v2\/kultura"}],"about":[{"href":"https:\/\/www.afbrno.cz\/fr\/wp-json\/wp\/v2\/types\/kultura"}],"version-history":[{"count":3,"href":"https:\/\/www.afbrno.cz\/fr\/wp-json\/wp\/v2\/kultura\/34438\/revisions"}],"predecessor-version":[{"id":34444,"href":"https:\/\/www.afbrno.cz\/fr\/wp-json\/wp\/v2\/kultura\/34438\/revisions\/34444"}],"wp:featuredmedia":[{"embeddable":true,"href":"https:\/\/www.afbrno.cz\/fr\/wp-json\/wp\/v2\/media\/34439"}],"wp:attachment":[{"href":"https:\/\/www.afbrno.cz\/fr\/wp-json\/wp\/v2\/media?parent=34438"}],"wp:term":[{"taxonomy":"zarazeni","embeddable":true,"href":"https:\/\/www.afbrno.cz\/fr\/wp-json\/wp\/v2\/zarazeni?post=34438"}],"curies":[{"name":"wp","href":"https:\/\/api.w.org\/{rel}","templated":true}]}}

<p>Le Déluge</p>



<p><strong>Gianluca Jodice</strong><br>2024 | Itálie, Francie&nbsp;<br>102 min. | francouzština&nbsp;<br>Titulky – čeština, angličtina</p>



<p>Hrají: Guillaume Canet, Mélanie Laurent, Aurore Broutin, Hugo Dillon, Tom Hudson</p>



<p>Rok 1792, ve Francii končí starý režim. Ludvík XVI. a jeho manželka Marie Antoinetta jsou zatčeni a uvězněni v pařížském Templu. Volně inspirováno zápisky Cléryho, králova komorníka, který s ním zůstal až do jeho smrti.</p>



<p></p>



<p><strong>Trailer</strong></p>



<figure class="wp-block-embed is-type-video is-provider-youtube wp-block-embed-youtube wp-embed-aspect-16-9 wp-has-aspect-ratio"><div class="wp-block-embed__wrapper">
<iframe loading="lazy" title="Potopa HD trailer CZ" width="500" height="281" src="https://www.youtube.com/embed/-WAKJ6tht0c?start=7&#038;feature=oembed" frameborder="0" allow="accelerometer; autoplay; clipboard-write; encrypted-media; gyroscope; picture-in-picture; web-share" referrerpolicy="strict-origin-when-cross-origin" allowfullscreen></iframe>
</div></figure>

<p>Festival francouzského filmu</p>
<p>Rok 1792, ve Francii končí starý režim. Ludvík XVI. a jeho manželka Marie Antoinetta jsou zatčeni a uvězněni v pařížském Templu. Volně inspirováno zápisky Cléryho, králova komorníka, který s ním zůstal až do jeho smrti.</p>
