{"id":34421,"date":"2025-10-27T23:01:14","date_gmt":"2025-10-27T22:01:14","guid":{"rendered":"https:\/\/www.afbrno.cz\/?post_type=kultura&#038;p=34421"},"modified":"2025-11-27T16:21:42","modified_gmt":"2025-11-27T15:21:42","slug":"tancirna","status":"publish","type":"kultura","link":"https:\/\/www.afbrno.cz\/fr\/kultura\/tancirna\/","title":{"rendered":"Tan\u010d\u00edrna"},"content":{"rendered":"\n<p>Le Bal<\/p>\n\n\n\n<p><strong>Ettore Scola<\/strong><br>1983 | It\u00e1lie, Francie, Al\u017e\u00edrsko&nbsp;<br>112 min. | bez dialog\u016f<\/p>\n\n\n\n<p>Hraj\u00ed: Monica Scattini, Francesco De Rosa, Rossana Di Lorenzo, Marc Berman, R\u00e9gis Bouquet<\/p>\n\n\n\n<p>Tan\u010d\u00edrna, kterou postavili ve 30. letech, se dochovala do dne\u0161n\u00edch dn\u016f v t\u00e9m\u011b\u0159 nezm\u011bn\u011bn\u00e9 podob\u011b. S mal\u00fdmi stolky rozestav\u011bn\u00fdmi kolem z\u010dernal\u00e9ho parketu, o\u0161oupan\u00e9ho tis\u00edci \u201etane\u010dn\u00edmi odpoledni\u201c. Krom\u011b pomal\u00e9ho a postupn\u00e9ho ch\u00e1tr\u00e1n\u00ed zp\u016fsoben\u00e9ho zubem \u010dasu se tu za posledn\u00edch pades\u00e1t let nic nezm\u011bnilo.<\/p>\n\n\n\n<p><\/p>\n\n\n\n<p><strong>Trailer<\/strong><\/p>\n\n\n\n<figure class=\"wp-block-embed is-type-video is-provider-youtube wp-block-embed-youtube wp-embed-aspect-16-9 wp-has-aspect-ratio\"><div class=\"wp-block-embed__wrapper\">\n<iframe loading=\"lazy\" title=\"LE BAL d&#039;Ettore Scola version &quot;T&#039;es OK&quot; - Official trailer - 1983\" width=\"500\" height=\"281\" src=\"https:\/\/www.youtube.com\/embed\/iuDXZ07nOv0?start=5&#038;feature=oembed\" frameborder=\"0\" allow=\"accelerometer; autoplay; clipboard-write; encrypted-media; gyroscope; picture-in-picture; web-share\" referrerpolicy=\"strict-origin-when-cross-origin\" allowfullscreen><\/iframe>\n<\/div><\/figure>\n","protected":false},"excerpt":{"rendered":"<p>Festival francouzsk\u00e9ho filmu<\/p>\n<p>Tan\u010d\u00edrna, kterou postavili ve 30. letech, se dochovala do dne\u0161n\u00edch dn\u016f v t\u00e9m\u011b\u0159 nezm\u011bn\u011bn\u00e9 podob\u011b. S mal\u00fdmi stolky rozestav\u011bn\u00fdmi kolem z\u010dernal\u00e9ho parketu, o\u0161oupan\u00e9ho tis\u00edci \u201etane\u010dn\u00edmi odpoledni\u201c. Krom\u011b pomal\u00e9ho a postupn\u00e9ho ch\u00e1tr\u00e1n\u00ed zp\u016fsoben\u00e9ho zubem \u010dasu se tu za posledn\u00edch pades\u00e1t let nic nezm\u011bnilo.<\/p>\n","protected":false},"featured_media":34422,"parent":0,"template":"","zarazeni":[58],"class_list":["post-34421","kultura","type-kultura","status-publish","has-post-thumbnail","hentry","zarazeni-archiv-akci"],"acf":[],"_links":{"self":[{"href":"https:\/\/www.afbrno.cz\/fr\/wp-json\/wp\/v2\/kultura\/34421","targetHints":{"allow":["GET"]}}],"collection":[{"href":"https:\/\/www.afbrno.cz\/fr\/wp-json\/wp\/v2\/kultura"}],"about":[{"href":"https:\/\/www.afbrno.cz\/fr\/wp-json\/wp\/v2\/types\/kultura"}],"version-history":[{"count":2,"href":"https:\/\/www.afbrno.cz\/fr\/wp-json\/wp\/v2\/kultura\/34421\/revisions"}],"predecessor-version":[{"id":34426,"href":"https:\/\/www.afbrno.cz\/fr\/wp-json\/wp\/v2\/kultura\/34421\/revisions\/34426"}],"wp:featuredmedia":[{"embeddable":true,"href":"https:\/\/www.afbrno.cz\/fr\/wp-json\/wp\/v2\/media\/34422"}],"wp:attachment":[{"href":"https:\/\/www.afbrno.cz\/fr\/wp-json\/wp\/v2\/media?parent=34421"}],"wp:term":[{"taxonomy":"zarazeni","embeddable":true,"href":"https:\/\/www.afbrno.cz\/fr\/wp-json\/wp\/v2\/zarazeni?post=34421"}],"curies":[{"name":"wp","href":"https:\/\/api.w.org\/{rel}","templated":true}]}}

Tančírna

<p>Le Bal</p>



<p><strong>Ettore Scola</strong><br>1983 | Itálie, Francie, Alžírsko&nbsp;<br>112 min. | bez dialogů</p>



<p>Hrají: Monica Scattini, Francesco De Rosa, Rossana Di Lorenzo, Marc Berman, Régis Bouquet</p>



<p>Tančírna, kterou postavili ve 30. letech, se dochovala do dnešních dnů v téměř nezměněné podobě. S malými stolky rozestavěnými kolem zčernalého parketu, ošoupaného tisíci „tanečními odpoledni“. Kromě pomalého a postupného chátrání způsobeného zubem času se tu za posledních padesát let nic nezměnilo.</p>



<p></p>



<p><strong>Trailer</strong></p>



<figure class="wp-block-embed is-type-video is-provider-youtube wp-block-embed-youtube wp-embed-aspect-16-9 wp-has-aspect-ratio"><div class="wp-block-embed__wrapper">
<iframe loading="lazy" title="LE BAL d&#039;Ettore Scola version &quot;T&#039;es OK&quot; - Official trailer - 1983" width="500" height="281" src="https://www.youtube.com/embed/iuDXZ07nOv0?start=5&#038;feature=oembed" frameborder="0" allow="accelerometer; autoplay; clipboard-write; encrypted-media; gyroscope; picture-in-picture; web-share" referrerpolicy="strict-origin-when-cross-origin" allowfullscreen></iframe>
</div></figure>

<p>Festival francouzského filmu</p>
<p>Tančírna, kterou postavili ve 30. letech, se dochovala do dnešních dnů v téměř nezměněné podobě. S malými stolky rozestavěnými kolem zčernalého parketu, ošoupaného tisíci „tanečními odpoledni“. Kromě pomalého a postupného chátrání způsobeného zubem času se tu za posledních padesát let nic nezměnilo.</p>
