{"id":34410,"date":"2025-10-27T22:39:38","date_gmt":"2025-10-27T21:39:38","guid":{"rendered":"https:\/\/www.afbrno.cz\/?post_type=kultura&#038;p=34410"},"modified":"2025-11-27T16:21:49","modified_gmt":"2025-11-27T15:21:49","slug":"stastna-hvezda","status":"publish","type":"kultura","link":"https:\/\/www.afbrno.cz\/fr\/kultura\/stastna-hvezda\/","title":{"rendered":"\u0160\u0165astn\u00e1 hv\u011bzda"},"content":{"rendered":"\n<p>La Bonne \u00e9toile<\/p>\n\n\n\n<p><strong>Pascal Elb\u00e9<\/strong><br>2025 | Francie&nbsp;<br>102 min. | francouz\u0161tina&nbsp;<br>Titulky \u2013 \u010de\u0161tina<\/p>\n\n\n\n<p>Hraj\u00ed: Beno\u00eet Poelvoorde, Audrey Lamy, Zabou Breitman, Hugo Becker, Pascal Elb\u00e9<\/p>\n\n\n\n<p>Francie, 1940, Jean Chevalin a jeho rodina \u017eij\u00ed v chudob\u011b pot\u00e9, co se Jean rozhodl dezertovat. Situace je neudr\u017eiteln\u00e1. Jean, p\u0159esv\u011bd\u010den\u00fd, \u017ee \u201en\u011bkte\u0159\u00ed\u201c jsou na tom l\u00e9pe, p\u0159ich\u00e1z\u00ed s \u00fa\u017easn\u00fdm n\u00e1padem: budou se vyd\u00e1vat za \u017eidy, aby mohli s pomoc\u00ed p\u0159evad\u011b\u010d\u016f p\u0159ej\u00edt do svobodn\u00e9ho p\u00e1sma.<\/p>\n\n\n\n<p><\/p>\n\n\n\n<p><strong>Trailer<\/strong><\/p>\n\n\n\n<figure class=\"wp-block-embed is-type-video is-provider-youtube wp-block-embed-youtube wp-embed-aspect-16-9 wp-has-aspect-ratio\"><div class=\"wp-block-embed__wrapper\">\n<iframe loading=\"lazy\" title=\"LA BONNE \u00c9TOILE Bande Annonce (2025) Beno\u00eet Poelvoorde, Audrey Lamy\" width=\"500\" height=\"281\" src=\"https:\/\/www.youtube.com\/embed\/k4H_sRvJ5OA?start=2&#038;feature=oembed\" frameborder=\"0\" allow=\"accelerometer; autoplay; clipboard-write; encrypted-media; gyroscope; picture-in-picture; web-share\" referrerpolicy=\"strict-origin-when-cross-origin\" allowfullscreen><\/iframe>\n<\/div><\/figure>\n","protected":false},"excerpt":{"rendered":"<p>Festival francouzsk\u00e9ho filmu<\/p>\n<p>Francie, 1940, Jean Chevalin a jeho rodina \u017eij\u00ed v chudob\u011b pot\u00e9, co se Jean rozhodl dezertovat. Situace je neudr\u017eiteln\u00e1. Jean, p\u0159esv\u011bd\u010den\u00fd, \u017ee \u201en\u011bkte\u0159\u00ed\u201c jsou na tom l\u00e9pe, p\u0159ich\u00e1z\u00ed s \u00fa\u017easn\u00fdm n\u00e1padem: budou se vyd\u00e1vat za \u017eidy, aby mohli s pomoc\u00ed p\u0159evad\u011b\u010d\u016f p\u0159ej\u00edt do svobodn\u00e9ho p\u00e1sma.<\/p>\n","protected":false},"featured_media":34411,"parent":0,"template":"","zarazeni":[58],"class_list":["post-34410","kultura","type-kultura","status-publish","has-post-thumbnail","hentry","zarazeni-archiv-akci"],"acf":[],"_links":{"self":[{"href":"https:\/\/www.afbrno.cz\/fr\/wp-json\/wp\/v2\/kultura\/34410","targetHints":{"allow":["GET"]}}],"collection":[{"href":"https:\/\/www.afbrno.cz\/fr\/wp-json\/wp\/v2\/kultura"}],"about":[{"href":"https:\/\/www.afbrno.cz\/fr\/wp-json\/wp\/v2\/types\/kultura"}],"version-history":[{"count":1,"href":"https:\/\/www.afbrno.cz\/fr\/wp-json\/wp\/v2\/kultura\/34410\/revisions"}],"predecessor-version":[{"id":34414,"href":"https:\/\/www.afbrno.cz\/fr\/wp-json\/wp\/v2\/kultura\/34410\/revisions\/34414"}],"wp:featuredmedia":[{"embeddable":true,"href":"https:\/\/www.afbrno.cz\/fr\/wp-json\/wp\/v2\/media\/34411"}],"wp:attachment":[{"href":"https:\/\/www.afbrno.cz\/fr\/wp-json\/wp\/v2\/media?parent=34410"}],"wp:term":[{"taxonomy":"zarazeni","embeddable":true,"href":"https:\/\/www.afbrno.cz\/fr\/wp-json\/wp\/v2\/zarazeni?post=34410"}],"curies":[{"name":"wp","href":"https:\/\/api.w.org\/{rel}","templated":true}]}}

Šťastná hvězda

<p>La Bonne étoile</p>



<p><strong>Pascal Elbé</strong><br>2025 | Francie&nbsp;<br>102 min. | francouzština&nbsp;<br>Titulky – čeština</p>



<p>Hrají: Benoît Poelvoorde, Audrey Lamy, Zabou Breitman, Hugo Becker, Pascal Elbé</p>



<p>Francie, 1940, Jean Chevalin a jeho rodina žijí v chudobě poté, co se Jean rozhodl dezertovat. Situace je neudržitelná. Jean, přesvědčený, že „někteří“ jsou na tom lépe, přichází s úžasným nápadem: budou se vydávat za židy, aby mohli s pomocí převaděčů přejít do svobodného pásma.</p>



<p></p>



<p><strong>Trailer</strong></p>



<figure class="wp-block-embed is-type-video is-provider-youtube wp-block-embed-youtube wp-embed-aspect-16-9 wp-has-aspect-ratio"><div class="wp-block-embed__wrapper">
<iframe loading="lazy" title="LA BONNE ÉTOILE Bande Annonce (2025) Benoît Poelvoorde, Audrey Lamy" width="500" height="281" src="https://www.youtube.com/embed/k4H_sRvJ5OA?start=2&#038;feature=oembed" frameborder="0" allow="accelerometer; autoplay; clipboard-write; encrypted-media; gyroscope; picture-in-picture; web-share" referrerpolicy="strict-origin-when-cross-origin" allowfullscreen></iframe>
</div></figure>

<p>Festival francouzského filmu</p>
<p>Francie, 1940, Jean Chevalin a jeho rodina žijí v chudobě poté, co se Jean rozhodl dezertovat. Situace je neudržitelná. Jean, přesvědčený, že „někteří“ jsou na tom lépe, přichází s úžasným nápadem: budou se vydávat za židy, aby mohli s pomocí převaděčů přejít do svobodného pásma.</p>
