{"id":34405,"date":"2025-10-27T22:32:51","date_gmt":"2025-10-27T21:32:51","guid":{"rendered":"https:\/\/www.afbrno.cz\/?post_type=kultura&#038;p=34405"},"modified":"2025-11-27T16:21:52","modified_gmt":"2025-11-27T15:21:52","slug":"architekt","status":"publish","type":"kultura","link":"https:\/\/www.afbrno.cz\/fr\/kultura\/architekt\/","title":{"rendered":"Architekt"},"content":{"rendered":"\n<p>L&rsquo;Inconnu de la Grande Arche<\/p>\n\n\n\n<p><strong>St\u00e9phane Demoustier<\/strong><br>2025 | Francie&nbsp;<br>105 min. | p\u016fvodn\u00ed zn\u011bn\u00ed&nbsp;<br>Titulky \u2013 \u010de\u0161tina<\/p>\n\n\n\n<p>Hraj\u00ed: Claes Bang, Sidse Babett Knudsen, Xavier Dolan, Swann Arlaud, Michel FauV roce 1982 vypsal Fran\u00e7ois Mitterrand anonymn\u00ed architektonickou sout\u011b\u017e na emblematickou stavbu, kter\u00e1 m\u00e1 st\u00e1t v prodlou\u017een\u00ed osy mezi Louvrem a V\u00edt\u011bzn\u00fdm obloukem. Ke v\u0161eobecn\u00e9mu p\u0159ekvapen\u00ed sout\u011b\u017e vyhr\u00e1v\u00e1 t\u0159iapades\u00e1tilet\u00fd d\u00e1nsk\u00fd architekt. Chyst\u00e1 se postavit Velk\u00fd oblouk podle sv\u00fdch pl\u00e1n\u016f, ale brzy nar\u00e1\u017e\u00ed na komplikovanou skute\u010dnost a z\u00e1konitosti politiky.<\/p>\n\n\n\n<p><\/p>\n\n\n\n<p><strong>Trailer<\/strong><\/p>\n\n\n\n<figure class=\"wp-block-embed is-type-video is-provider-youtube wp-block-embed-youtube wp-embed-aspect-16-9 wp-has-aspect-ratio\"><div class=\"wp-block-embed__wrapper\">\n<iframe loading=\"lazy\" title=\"L&#039;INCONNU DE LA GRANDE ARCHE\uff5cBande-annonce\" width=\"500\" height=\"281\" src=\"https:\/\/www.youtube.com\/embed\/br4gZkvwQps?start=4&#038;feature=oembed\" frameborder=\"0\" allow=\"accelerometer; autoplay; clipboard-write; encrypted-media; gyroscope; picture-in-picture; web-share\" referrerpolicy=\"strict-origin-when-cross-origin\" allowfullscreen><\/iframe>\n<\/div><\/figure>\n","protected":false},"excerpt":{"rendered":"<p>Festival francouzsk\u00e9ho filmu<\/p>\n<p>V roce 1982 vypsal Fran\u00e7ois Mitterrand anonymn\u00ed architektonickou sout\u011b\u017e na emblematickou stavbu, kter\u00e1 m\u00e1 st\u00e1t v prodlou\u017een\u00ed osy mezi Louvrem a V\u00edt\u011bzn\u00fdm obloukem. Ke v\u0161eobecn\u00e9mu p\u0159ekvapen\u00ed sout\u011b\u017e vyhr\u00e1v\u00e1 t\u0159iapades\u00e1tilet\u00fd d\u00e1nsk\u00fd architekt. Chyst\u00e1 se postavit Velk\u00fd oblouk podle sv\u00fdch pl\u00e1n\u016f, ale brzy nar\u00e1\u017e\u00ed na komplikovanou skute\u010dnost a z\u00e1konitosti politiky.<\/p>\n","protected":false},"featured_media":34406,"parent":0,"template":"","zarazeni":[58],"class_list":["post-34405","kultura","type-kultura","status-publish","has-post-thumbnail","hentry","zarazeni-archiv-akci"],"acf":[],"_links":{"self":[{"href":"https:\/\/www.afbrno.cz\/fr\/wp-json\/wp\/v2\/kultura\/34405","targetHints":{"allow":["GET"]}}],"collection":[{"href":"https:\/\/www.afbrno.cz\/fr\/wp-json\/wp\/v2\/kultura"}],"about":[{"href":"https:\/\/www.afbrno.cz\/fr\/wp-json\/wp\/v2\/types\/kultura"}],"version-history":[{"count":1,"href":"https:\/\/www.afbrno.cz\/fr\/wp-json\/wp\/v2\/kultura\/34405\/revisions"}],"predecessor-version":[{"id":34409,"href":"https:\/\/www.afbrno.cz\/fr\/wp-json\/wp\/v2\/kultura\/34405\/revisions\/34409"}],"wp:featuredmedia":[{"embeddable":true,"href":"https:\/\/www.afbrno.cz\/fr\/wp-json\/wp\/v2\/media\/34406"}],"wp:attachment":[{"href":"https:\/\/www.afbrno.cz\/fr\/wp-json\/wp\/v2\/media?parent=34405"}],"wp:term":[{"taxonomy":"zarazeni","embeddable":true,"href":"https:\/\/www.afbrno.cz\/fr\/wp-json\/wp\/v2\/zarazeni?post=34405"}],"curies":[{"name":"wp","href":"https:\/\/api.w.org\/{rel}","templated":true}]}}

<p>L&rsquo;Inconnu de la Grande Arche</p>



<p><strong>Stéphane Demoustier</strong><br>2025 | Francie&nbsp;<br>105 min. | původní znění&nbsp;<br>Titulky – čeština</p>



<p>Hrají: Claes Bang, Sidse Babett Knudsen, Xavier Dolan, Swann Arlaud, Michel FauV roce 1982 vypsal François Mitterrand anonymní architektonickou soutěž na emblematickou stavbu, která má stát v prodloužení osy mezi Louvrem a Vítězným obloukem. Ke všeobecnému překvapení soutěž vyhrává třiapadesátiletý dánský architekt. Chystá se postavit Velký oblouk podle svých plánů, ale brzy naráží na komplikovanou skutečnost a zákonitosti politiky.</p>



<p></p>



<p><strong>Trailer</strong></p>



<figure class="wp-block-embed is-type-video is-provider-youtube wp-block-embed-youtube wp-embed-aspect-16-9 wp-has-aspect-ratio"><div class="wp-block-embed__wrapper">
<iframe loading="lazy" title="L&#039;INCONNU DE LA GRANDE ARCHE｜Bande-annonce" width="500" height="281" src="https://www.youtube.com/embed/br4gZkvwQps?start=4&#038;feature=oembed" frameborder="0" allow="accelerometer; autoplay; clipboard-write; encrypted-media; gyroscope; picture-in-picture; web-share" referrerpolicy="strict-origin-when-cross-origin" allowfullscreen></iframe>
</div></figure>

<p>Festival francouzského filmu</p>
<p>V roce 1982 vypsal François Mitterrand anonymní architektonickou soutěž na emblematickou stavbu, která má stát v prodloužení osy mezi Louvrem a Vítězným obloukem. Ke všeobecnému překvapení soutěž vyhrává třiapadesátiletý dánský architekt. Chystá se postavit Velký oblouk podle svých plánů, ale brzy naráží na komplikovanou skutečnost a zákonitosti politiky.</p>
