{"id":34397,"date":"2025-10-27T22:26:21","date_gmt":"2025-10-27T21:26:21","guid":{"rendered":"https:\/\/www.afbrno.cz\/?post_type=kultura&#038;p=34397"},"modified":"2025-11-27T16:21:57","modified_gmt":"2025-11-27T15:21:57","slug":"soukromy-zivot","status":"publish","type":"kultura","link":"https:\/\/www.afbrno.cz\/fr\/kultura\/soukromy-zivot\/","title":{"rendered":"Soukrom\u00fd \u017eivot"},"content":{"rendered":"\n<p>Vie priv\u00e9e<\/p>\n\n\n\n<p><strong>Rebecca Zlotowski<\/strong><br>2025 | Francie&nbsp;<br>105 min. | francouz\u0161tina&nbsp;<br>Titulky \u2013 \u010de\u0161tina, angli\u010dtina<\/p>\n\n\n\n<p>Hraj\u00ed: Jodie Foster, Virginie Efira, Vincent Lacoste, Daniel Auteuil, Noam Morgensztern<\/p>\n\n\n\n<p>Lilian Steiner je uzn\u00e1van\u00e1 psychiatri\u010dka. Jednoho dne se dozv\u00edd\u00e1 o smrti jedn\u00e9 ze sv\u00fdch pacientek. Lilian je tou zpr\u00e1vou zasa\u017een\u00e1. Vsugeruje si, \u017ee se jedn\u00e1 o vra\u017edu, a za\u010d\u00edn\u00e1 p\u00e1trat na vlastn\u00ed p\u011bst.<\/p>\n\n\n\n<p><\/p>\n\n\n\n<p><strong>Trailer<\/strong><\/p>\n\n\n\n<figure class=\"wp-block-embed is-type-video is-provider-youtube wp-block-embed-youtube wp-embed-aspect-16-9 wp-has-aspect-ratio\"><div class=\"wp-block-embed__wrapper\">\n<iframe loading=\"lazy\" title=\"A Private Life \/ Vie priv\u00e9e (2025) - Clip (English subs)\" width=\"500\" height=\"281\" src=\"https:\/\/www.youtube.com\/embed\/e3RSzFziCHo?start=2&#038;feature=oembed\" frameborder=\"0\" allow=\"accelerometer; autoplay; clipboard-write; encrypted-media; gyroscope; picture-in-picture; web-share\" referrerpolicy=\"strict-origin-when-cross-origin\" allowfullscreen><\/iframe>\n<\/div><\/figure>\n","protected":false},"excerpt":{"rendered":"<p>Festival francouzsk\u00e9ho filmu<\/p>\n<p>Lilian Steiner je uzn\u00e1van\u00e1 psychiatri\u010dka. Jednoho dne se dozv\u00edd\u00e1 o smrti jedn\u00e9 ze sv\u00fdch pacientek. Lilian je tou zpr\u00e1vou zasa\u017een\u00e1. Vsugeruje si, \u017ee se jedn\u00e1 o vra\u017edu, a za\u010d\u00edn\u00e1 p\u00e1trat na vlastn\u00ed p\u011bst.<\/p>\n","protected":false},"featured_media":34398,"parent":0,"template":"","zarazeni":[58],"class_list":["post-34397","kultura","type-kultura","status-publish","has-post-thumbnail","hentry","zarazeni-archiv-akci"],"acf":[],"_links":{"self":[{"href":"https:\/\/www.afbrno.cz\/fr\/wp-json\/wp\/v2\/kultura\/34397","targetHints":{"allow":["GET"]}}],"collection":[{"href":"https:\/\/www.afbrno.cz\/fr\/wp-json\/wp\/v2\/kultura"}],"about":[{"href":"https:\/\/www.afbrno.cz\/fr\/wp-json\/wp\/v2\/types\/kultura"}],"version-history":[{"count":2,"href":"https:\/\/www.afbrno.cz\/fr\/wp-json\/wp\/v2\/kultura\/34397\/revisions"}],"predecessor-version":[{"id":34403,"href":"https:\/\/www.afbrno.cz\/fr\/wp-json\/wp\/v2\/kultura\/34397\/revisions\/34403"}],"wp:featuredmedia":[{"embeddable":true,"href":"https:\/\/www.afbrno.cz\/fr\/wp-json\/wp\/v2\/media\/34398"}],"wp:attachment":[{"href":"https:\/\/www.afbrno.cz\/fr\/wp-json\/wp\/v2\/media?parent=34397"}],"wp:term":[{"taxonomy":"zarazeni","embeddable":true,"href":"https:\/\/www.afbrno.cz\/fr\/wp-json\/wp\/v2\/zarazeni?post=34397"}],"curies":[{"name":"wp","href":"https:\/\/api.w.org\/{rel}","templated":true}]}}

Soukromý život

<p>Vie privée</p>



<p><strong>Rebecca Zlotowski</strong><br>2025 | Francie&nbsp;<br>105 min. | francouzština&nbsp;<br>Titulky – čeština, angličtina</p>



<p>Hrají: Jodie Foster, Virginie Efira, Vincent Lacoste, Daniel Auteuil, Noam Morgensztern</p>



<p>Lilian Steiner je uznávaná psychiatrička. Jednoho dne se dozvídá o smrti jedné ze svých pacientek. Lilian je tou zprávou zasažená. Vsugeruje si, že se jedná o vraždu, a začíná pátrat na vlastní pěst.</p>



<p></p>



<p><strong>Trailer</strong></p>



<figure class="wp-block-embed is-type-video is-provider-youtube wp-block-embed-youtube wp-embed-aspect-16-9 wp-has-aspect-ratio"><div class="wp-block-embed__wrapper">
<iframe loading="lazy" title="A Private Life / Vie privée (2025) - Clip (English subs)" width="500" height="281" src="https://www.youtube.com/embed/e3RSzFziCHo?start=2&#038;feature=oembed" frameborder="0" allow="accelerometer; autoplay; clipboard-write; encrypted-media; gyroscope; picture-in-picture; web-share" referrerpolicy="strict-origin-when-cross-origin" allowfullscreen></iframe>
</div></figure>

<p>Festival francouzského filmu</p>
<p>Lilian Steiner je uznávaná psychiatrička. Jednoho dne se dozvídá o smrti jedné ze svých pacientek. Lilian je tou zprávou zasažená. Vsugeruje si, že se jedná o vraždu, a začíná pátrat na vlastní pěst.</p>
