{"id":34391,"date":"2025-10-27T22:14:22","date_gmt":"2025-10-27T21:14:22","guid":{"rendered":"https:\/\/www.afbrno.cz\/?post_type=kultura&#038;p=34391"},"modified":"2025-11-27T16:22:01","modified_gmt":"2025-11-27T15:22:01","slug":"volny-hrac","status":"publish","type":"kultura","link":"https:\/\/www.afbrno.cz\/fr\/kultura\/volny-hrac\/","title":{"rendered":"Voln\u00fd hr\u00e1\u010d"},"content":{"rendered":"\n<p>Les Ar\u00e8nes<\/p>\n\n\n\n<p><strong>Camille Perton<\/strong><br>2024 | Francie&nbsp;<br>100 min. | francouz\u0161tina&nbsp;<br>Titulky \u2013 \u010de\u0161tina<\/p>\n\n\n\n<p>Hraj\u00ed: Ili\u00e8s Kadri, Sofian Khammes, \u00c9dgar Ram\u00edrez, Lorenzo Zurzolo, C\u00f4me Levin<\/p>\n\n\n\n<p><\/p>\n\n\n\n<p>Brahim, kter\u00fd pr\u00e1v\u011b oslavil sv\u00e9 osmn\u00e1ct\u00e9 narozeniny, je slibn\u00fd mlad\u00fd fotbalista. Nech\u00e1v\u00e1 se zastupovat sv\u00fdm bratrancem. Chyst\u00e1 se splnit si sv\u016fj sen a podepsat prvn\u00ed profesion\u00e1ln\u00ed smlouvu s jedn\u00edm lyonsk\u00fdm klubem. Ale na sc\u00e9n\u011b se objevuje mocn\u00fd zahrani\u010dn\u00ed agent, co\u017e m\u011bn\u00ed situaci. Ve sv\u011bt\u011b, kde je v\u0161echno povoleno, se ale tak\u00e9 za v\u0161echno plat\u00ed, dokonce i za loajalitu.<\/p>\n\n\n\n<p><\/p>\n\n\n\n<p><strong>Trailer<\/strong><\/p>\n\n\n\n<figure class=\"wp-block-embed is-type-video is-provider-youtube wp-block-embed-youtube wp-embed-aspect-16-9 wp-has-aspect-ratio\"><div class=\"wp-block-embed__wrapper\">\n<iframe loading=\"lazy\" title=\"LES AR\u00c8NES I Bande-annonce\" width=\"500\" height=\"281\" src=\"https:\/\/www.youtube.com\/embed\/o4LwEo2zZG8?start=9&#038;feature=oembed\" frameborder=\"0\" allow=\"accelerometer; autoplay; clipboard-write; encrypted-media; gyroscope; picture-in-picture; web-share\" referrerpolicy=\"strict-origin-when-cross-origin\" allowfullscreen><\/iframe>\n<\/div><\/figure>\n","protected":false},"excerpt":{"rendered":"<p>Festival francouzsk\u00e9ho filmu<\/p>\n<p>Brahim, kter\u00fd pr\u00e1v\u011b oslavil sv\u00e9 osmn\u00e1ct\u00e9 narozeniny, je slibn\u00fd mlad\u00fd fotbalista. Nech\u00e1v\u00e1 se zastupovat sv\u00fdm bratrancem. Chyst\u00e1 se splnit si sv\u016fj sen a podepsat prvn\u00ed profesion\u00e1ln\u00ed smlouvu s jedn\u00edm lyonsk\u00fdm klubem. Ale na sc\u00e9n\u011b se objevuje mocn\u00fd zahrani\u010dn\u00ed agent, co\u017e m\u011bn\u00ed situaci. Ve sv\u011bt\u011b, kde je v\u0161echno povoleno, se ale tak\u00e9 za v\u0161echno plat\u00ed, dokonce i za loajalitu.<\/p>\n","protected":false},"featured_media":34392,"parent":0,"template":"","zarazeni":[58],"class_list":["post-34391","kultura","type-kultura","status-publish","has-post-thumbnail","hentry","zarazeni-archiv-akci"],"acf":[],"_links":{"self":[{"href":"https:\/\/www.afbrno.cz\/fr\/wp-json\/wp\/v2\/kultura\/34391","targetHints":{"allow":["GET"]}}],"collection":[{"href":"https:\/\/www.afbrno.cz\/fr\/wp-json\/wp\/v2\/kultura"}],"about":[{"href":"https:\/\/www.afbrno.cz\/fr\/wp-json\/wp\/v2\/types\/kultura"}],"version-history":[{"count":2,"href":"https:\/\/www.afbrno.cz\/fr\/wp-json\/wp\/v2\/kultura\/34391\/revisions"}],"predecessor-version":[{"id":34396,"href":"https:\/\/www.afbrno.cz\/fr\/wp-json\/wp\/v2\/kultura\/34391\/revisions\/34396"}],"wp:featuredmedia":[{"embeddable":true,"href":"https:\/\/www.afbrno.cz\/fr\/wp-json\/wp\/v2\/media\/34392"}],"wp:attachment":[{"href":"https:\/\/www.afbrno.cz\/fr\/wp-json\/wp\/v2\/media?parent=34391"}],"wp:term":[{"taxonomy":"zarazeni","embeddable":true,"href":"https:\/\/www.afbrno.cz\/fr\/wp-json\/wp\/v2\/zarazeni?post=34391"}],"curies":[{"name":"wp","href":"https:\/\/api.w.org\/{rel}","templated":true}]}}

Volný hráč

<p>Les Arènes</p>



<p><strong>Camille Perton</strong><br>2024 | Francie&nbsp;<br>100 min. | francouzština&nbsp;<br>Titulky – čeština</p>



<p>Hrají: Iliès Kadri, Sofian Khammes, Édgar Ramírez, Lorenzo Zurzolo, Côme Levin</p>



<p></p>



<p>Brahim, který právě oslavil své osmnácté narozeniny, je slibný mladý fotbalista. Nechává se zastupovat svým bratrancem. Chystá se splnit si svůj sen a podepsat první profesionální smlouvu s jedním lyonským klubem. Ale na scéně se objevuje mocný zahraniční agent, což mění situaci. Ve světě, kde je všechno povoleno, se ale také za všechno platí, dokonce i za loajalitu.</p>



<p></p>



<p><strong>Trailer</strong></p>



<figure class="wp-block-embed is-type-video is-provider-youtube wp-block-embed-youtube wp-embed-aspect-16-9 wp-has-aspect-ratio"><div class="wp-block-embed__wrapper">
<iframe loading="lazy" title="LES ARÈNES I Bande-annonce" width="500" height="281" src="https://www.youtube.com/embed/o4LwEo2zZG8?start=9&#038;feature=oembed" frameborder="0" allow="accelerometer; autoplay; clipboard-write; encrypted-media; gyroscope; picture-in-picture; web-share" referrerpolicy="strict-origin-when-cross-origin" allowfullscreen></iframe>
</div></figure>

<p>Festival francouzského filmu</p>
<p>Brahim, který právě oslavil své osmnácté narozeniny, je slibný mladý fotbalista. Nechává se zastupovat svým bratrancem. Chystá se splnit si svůj sen a podepsat první profesionální smlouvu s jedním lyonským klubem. Ale na scéně se objevuje mocný zahraniční agent, což mění situaci. Ve světě, kde je všechno povoleno, se ale také za všechno platí, dokonce i za loajalitu.</p>
