{"id":33895,"date":"2025-09-29T06:40:00","date_gmt":"2025-09-29T04:40:00","guid":{"rendered":"https:\/\/www.afbrno.cz\/?post_type=kultura&#038;p=33895"},"modified":"2025-10-15T13:38:39","modified_gmt":"2025-10-15T11:38:39","slug":"moje-cesta-k-romanu","status":"publish","type":"kultura","link":"https:\/\/www.afbrno.cz\/fr\/kultura\/moje-cesta-k-romanu\/","title":{"rendered":"(Moje) cesta k rom\u00e1nu"},"content":{"rendered":"\n<p>Setk\u00e1n\u00ed a beseda s&nbsp;francouzskou spisovatelkou a ilustr\u00e1torkou <strong>Pauline Ferrand<\/strong>, kter\u00e1 v&nbsp;r\u00e1mci reziden\u010dn\u00edho pobytu Villa Boh\u00eama p\u0159edstav\u00ed svou nov\u011b vznikaj\u00edc\u00ed knihu&nbsp;<em>H\u00e9l\u00e9na, enfant slave de la cit\u00e9 des Batignolles<\/em>.<\/p>\n\n\n\n<p><\/p>\n\n\n\n<p>P\u0159ipravovan\u00e1 kniha, kter\u00e1 vyjde v\u00a0roce 2027 v\u00a0nakladatelstv\u00ed Grasset-Jeunesse, vypr\u00e1v\u00ed \u017eivot Heleny, \u010desk\u00e9 \u017eidovky narozen\u00e9 ve francouzsk\u00e9m Nantes, jej\u00ed\u017e rodinn\u00e1 historie se prol\u00edn\u00e1 s\u00a0velk\u00fdmi d\u011bjinami Evropy 20. stolet\u00ed. Kniha nab\u00edz\u00ed hrav\u00fd p\u0159\u00edb\u011bh a z\u00e1rove\u0148 pou\u010dn\u00fd pohled na minulost na pozad\u00ed genealogick\u00fdch re\u0161er\u0161\u00ed, sch\u00e9mat a glos\u00e1\u0159e. Rezidence Villa Boh\u00eama je spole\u010dn\u00fdm projektem Statut\u00e1rn\u00edho m\u011bsta Brna, Moravsk\u00e9 zemsk\u00e9 knihovny, Francouzsk\u00e9ho institutu v\u00a0Praze a \u010cesk\u00e9ho centra v\u00a0Pa\u0159\u00ed\u017ei.<\/p>\n\n\n\n<p>Pauline Ferrand je dr\u017eitelkou ceny Voyage \u00e0 Bologne pro mlad\u00e9 francouzsk\u00e9 spisovatele a ilustr\u00e1tory knih pro d\u011bti.<\/p>\n\n\n\n<p>Akce ve francouz\u0161tin\u011b. Tlumo\u010den\u00ed do \u010de\u0161tiny bude zji\u0161t\u011bno.<\/p>\n","protected":false},"excerpt":{"rendered":"<p>Setk\u00e1n\u00ed se spisovatelkou Pauline Ferrand<\/p>\n","protected":false},"featured_media":33897,"parent":0,"template":"","zarazeni":[58],"class_list":["post-33895","kultura","type-kultura","status-publish","has-post-thumbnail","hentry","zarazeni-archiv-akci"],"acf":[],"_links":{"self":[{"href":"https:\/\/www.afbrno.cz\/fr\/wp-json\/wp\/v2\/kultura\/33895","targetHints":{"allow":["GET"]}}],"collection":[{"href":"https:\/\/www.afbrno.cz\/fr\/wp-json\/wp\/v2\/kultura"}],"about":[{"href":"https:\/\/www.afbrno.cz\/fr\/wp-json\/wp\/v2\/types\/kultura"}],"version-history":[{"count":7,"href":"https:\/\/www.afbrno.cz\/fr\/wp-json\/wp\/v2\/kultura\/33895\/revisions"}],"predecessor-version":[{"id":33904,"href":"https:\/\/www.afbrno.cz\/fr\/wp-json\/wp\/v2\/kultura\/33895\/revisions\/33904"}],"wp:featuredmedia":[{"embeddable":true,"href":"https:\/\/www.afbrno.cz\/fr\/wp-json\/wp\/v2\/media\/33897"}],"wp:attachment":[{"href":"https:\/\/www.afbrno.cz\/fr\/wp-json\/wp\/v2\/media?parent=33895"}],"wp:term":[{"taxonomy":"zarazeni","embeddable":true,"href":"https:\/\/www.afbrno.cz\/fr\/wp-json\/wp\/v2\/zarazeni?post=33895"}],"curies":[{"name":"wp","href":"https:\/\/api.w.org\/{rel}","templated":true}]}}

(Moje) cesta k románu

<p>Setkání a beseda s&nbsp;francouzskou spisovatelkou a ilustrátorkou <strong>Pauline Ferrand</strong>, která v&nbsp;rámci rezidenčního pobytu Villa Bohêma představí svou nově vznikající knihu&nbsp;<em>Héléna, enfant slave de la cité des Batignolles</em>.</p>



<p></p>



<p>Připravovaná kniha, která vyjde v roce 2027 v nakladatelství Grasset-Jeunesse, vypráví život Heleny, české židovky narozené ve francouzském Nantes, jejíž rodinná historie se prolíná s velkými dějinami Evropy 20. století. Kniha nabízí hravý příběh a zároveň poučný pohled na minulost na pozadí genealogických rešerší, schémat a glosáře. Rezidence Villa Bohêma je společným projektem Statutárního města Brna, Moravské zemské knihovny, Francouzského institutu v Praze a Českého centra v Paříži.</p>



<p>Pauline Ferrand je držitelkou ceny Voyage à Bologne pro mladé francouzské spisovatele a ilustrátory knih pro děti.</p>



<p>Akce ve francouzštině. Tlumočení do češtiny bude zjištěno.</p>

<p>Setkání se spisovatelkou Pauline Ferrand</p>
