{"id":33674,"date":"2025-09-29T05:00:00","date_gmt":"2025-09-29T03:00:00","guid":{"rendered":"https:\/\/www.afbrno.cz\/?post_type=kultura&#038;p=33674"},"modified":"2025-10-27T21:55:55","modified_gmt":"2025-10-27T20:55:55","slug":"breizh-halloween","status":"publish","type":"kultura","link":"https:\/\/www.afbrno.cz\/fr\/kultura\/breizh-halloween\/","title":{"rendered":"Breizh Halloween"},"content":{"rendered":"\n<p>F\u00eate de la Bretagne, soir\u00e9e de musique, cidre, sp\u00e9cialit\u00e9s culinaires et danses bretonnes ! Cette fois avec la th\u00e8me de Halloween, car la date de soir\u00e9e est tout pr\u00e8s de <em>Samain<\/em>, la f\u00eate tr\u00e8s importante pour les Celtes, les anc\u00eatres des Bretons.<\/p>\n\n\n\n<p>Qu\u2019est-ce qu\u2019on va vous pr\u00e9senter dans le soir\u00e9e ? Il y aura les performances des groupes de musique bretonne et celtique, comme Bran (CZ), Roc\u2019hann (FR\/SK) et Shivers (CZ).<\/p>\n\n\n\n<p>Ensuite nous vous invitons \u00e0 go\u00fbter les galettes et le cidre (tout original breton !) et participer \u00e0 des ateliers de danses bretonnes et \u00e0 la pr\u00e9sentation sur les druides et leurs liens avec la f\u00eate Samain (Halloween).<\/p>\n\n\n\n<p>Soyez invit\u00e9s \u00e0 c\u00e9l\u00e9brer la Bretagne dans le club de musique <strong>Prvn\u00ed Patro<\/strong> \u00e0 Brno!<\/p>\n\n\n\n<p>Suivre l&rsquo;\u00e9v\u00e9nement sur:<\/p>\n\n\n\n<ul class=\"wp-block-social-links is-layout-flex wp-block-social-links-is-layout-flex\"><li class=\"wp-social-link wp-social-link-facebook  wp-block-social-link\"><a href=\"https:\/\/www.facebook.com\/events\/1307787887363960\" class=\"wp-block-social-link-anchor\" target=\"_blank\" rel=\"noopener\"><svg width=\"24\" height=\"24\" viewBox=\"0 0 24 24\" version=\"1.1\" xmlns=\"http:\/\/www.w3.org\/2000\/svg\" aria-hidden=\"true\" focusable=\"false\"><path d=\"M12 2C6.5 2 2 6.5 2 12c0 5 3.7 9.1 8.4 9.9v-7H7.9V12h2.5V9.8c0-2.5 1.5-3.9 3.8-3.9 1.1 0 2.2.2 2.2.2v2.5h-1.3c-1.2 0-1.6.8-1.6 1.6V12h2.8l-.4 2.9h-2.3v7C18.3 21.1 22 17 22 12c0-5.5-4.5-10-10-10z\"><\/path><\/svg><span class=\"wp-block-social-link-label screen-reader-text\">Facebook<\/span><\/a><\/li><\/ul>\n\n\n\n<div style=\"height:44px\" aria-hidden=\"true\" class=\"wp-block-spacer\"><\/div>\n\n\n\n<p><strong>Programme :<\/strong><\/p>\n\n\n\n<p>18:00 ouverture des portes, vente de cidre et de sp\u00e9cialit\u00e9s bretonnes<br>19:00 Shivers<br>20:00 atelier danse (Ton Simple)<br>20:30 Roc\u2019hann<br>22:00 pr\u00e9sentation \u201eLa Bretagne et Halloween\u201c<br>22:15 atelier danse (Ton Simple)<br>22:40 Bran<\/p>\n\n\n\n<p><\/p>\n\n\n\n<p>\u00c9v\u00e9nement organis\u00e9 par <a href=\"https:\/\/www.facebook.com\/krcmastregobor\" target=\"_blank\" rel=\"noreferrer noopener\">Kr\u010dma Stregobor<\/a> et <a href=\"https:\/\/www.facebook.com\/Breizh.sk\" target=\"_blank\" data-type=\"link\" data-id=\"https:\/\/www.facebook.com\/Breizh.sk\" rel=\"noreferrer noopener\">Les Amis de la Bretagne en Slovaquie<\/a> en collaboration avec <a href=\"https:\/\/www.facebook.com\/patrobrno\" target=\"_blank\" rel=\"noreferrer noopener\">Prvn\u00ed Patro<\/a>.<\/p>\n\n\n\n<p><\/p>\n","protected":false},"excerpt":{"rendered":"<p>Soir\u00e9e bretonne<\/p>\n<p>Bran (CZ), Roc\u2019hann (FR\/SK), Shivers (CZ)<\/p>\n","protected":false},"featured_media":33677,"parent":0,"template":"","zarazeni":[60],"class_list":["post-33674","kultura","type-kultura","status-publish","has-post-thumbnail","hentry","zarazeni-evenements-passes"],"acf":[],"_links":{"self":[{"href":"https:\/\/www.afbrno.cz\/fr\/wp-json\/wp\/v2\/kultura\/33674","targetHints":{"allow":["GET"]}}],"collection":[{"href":"https:\/\/www.afbrno.cz\/fr\/wp-json\/wp\/v2\/kultura"}],"about":[{"href":"https:\/\/www.afbrno.cz\/fr\/wp-json\/wp\/v2\/types\/kultura"}],"version-history":[{"count":14,"href":"https:\/\/www.afbrno.cz\/fr\/wp-json\/wp\/v2\/kultura\/33674\/revisions"}],"predecessor-version":[{"id":33701,"href":"https:\/\/www.afbrno.cz\/fr\/wp-json\/wp\/v2\/kultura\/33674\/revisions\/33701"}],"wp:featuredmedia":[{"embeddable":true,"href":"https:\/\/www.afbrno.cz\/fr\/wp-json\/wp\/v2\/media\/33677"}],"wp:attachment":[{"href":"https:\/\/www.afbrno.cz\/fr\/wp-json\/wp\/v2\/media?parent=33674"}],"wp:term":[{"taxonomy":"zarazeni","embeddable":true,"href":"https:\/\/www.afbrno.cz\/fr\/wp-json\/wp\/v2\/zarazeni?post=33674"}],"curies":[{"name":"wp","href":"https:\/\/api.w.org\/{rel}","templated":true}]}}

<p>Fête de la Bretagne, soirée de musique, cidre, spécialités culinaires et danses bretonnes ! Cette fois avec la thème de Halloween, car la date de soirée est tout près de <em>Samain</em>, la fête très importante pour les Celtes, les ancêtres des Bretons.</p>



<p>Qu’est-ce qu’on va vous présenter dans le soirée ? Il y aura les performances des groupes de musique bretonne et celtique, comme Bran (CZ), Roc’hann (FR/SK) et Shivers (CZ).</p>



<p>Ensuite nous vous invitons à goûter les galettes et le cidre (tout original breton !) et participer à des ateliers de danses bretonnes et à la présentation sur les druides et leurs liens avec la fête Samain (Halloween).</p>



<p>Soyez invités à célébrer la Bretagne dans le club de musique <strong>První Patro</strong> à Brno!</p>



<p>Suivre l&rsquo;événement sur:</p>



<ul class="wp-block-social-links is-layout-flex wp-block-social-links-is-layout-flex"><li class="wp-social-link wp-social-link-facebook  wp-block-social-link"><a href="https://www.facebook.com/events/1307787887363960" class="wp-block-social-link-anchor" target="_blank" rel="noopener"><svg width="24" height="24" viewBox="0 0 24 24" version="1.1" xmlns="http://www.w3.org/2000/svg" aria-hidden="true" focusable="false"><path d="M12 2C6.5 2 2 6.5 2 12c0 5 3.7 9.1 8.4 9.9v-7H7.9V12h2.5V9.8c0-2.5 1.5-3.9 3.8-3.9 1.1 0 2.2.2 2.2.2v2.5h-1.3c-1.2 0-1.6.8-1.6 1.6V12h2.8l-.4 2.9h-2.3v7C18.3 21.1 22 17 22 12c0-5.5-4.5-10-10-10z"></path></svg><span class="wp-block-social-link-label screen-reader-text">Facebook</span></a></li></ul>



<div style="height:44px" aria-hidden="true" class="wp-block-spacer"></div>



<p><strong>Programme :</strong></p>



<p>18:00 ouverture des portes, vente de cidre et de spécialités bretonnes<br>19:00 Shivers<br>20:00 atelier danse (Ton Simple)<br>20:30 Roc’hann<br>22:00 présentation „La Bretagne et Halloween“<br>22:15 atelier danse (Ton Simple)<br>22:40 Bran</p>



<p></p>



<p>Événement organisé par <a href="https://www.facebook.com/krcmastregobor" target="_blank" rel="noreferrer noopener">Krčma Stregobor</a> et <a href="https://www.facebook.com/Breizh.sk" target="_blank" data-type="link" data-id="https://www.facebook.com/Breizh.sk" rel="noreferrer noopener">Les Amis de la Bretagne en Slovaquie</a> en collaboration avec <a href="https://www.facebook.com/patrobrno" target="_blank" rel="noreferrer noopener">První Patro</a>.</p>



<p></p>

<p>Soirée bretonne</p>
<p>Bran (CZ), Roc’hann (FR/SK), Shivers (CZ)</p>
