{"id":33297,"date":"2025-10-28T00:20:07","date_gmt":"2025-10-27T23:20:07","guid":{"rendered":"https:\/\/www.afbrno.cz\/?post_type=kultura&#038;p=33297"},"modified":"2026-01-29T20:43:53","modified_gmt":"2026-01-29T19:43:53","slug":"le-lyceen","status":"publish","type":"kultura","link":"https:\/\/www.afbrno.cz\/fr\/kultura\/le-lyceen\/","title":{"rendered":"Le lyc\u00e9en"},"content":{"rendered":"\n<p>Le lyc\u00e9en<\/p>\n\n<p>Francie, 2022, 122 min.<\/p>\n\n<p>Re\u017eie: Christophe Honor\u00e9<\/p>\n\n<p>Hraj\u00ed: Vincent Lacoste, Paul Kircher, Juliette Binoche<\/p>\n\n<p><\/p>\n\n<p>Lucasovi (<a href=\"https:\/\/www.csfd.cz\/tvurce\/592804-paul-kircher\/\" target=\"_blank\" rel=\"noopener\">Paul Kircher<\/a>) je 17 let, kdy\u017e se jeho dosp\u00edvaj\u00edc\u00ed sv\u011bt n\u00e1hle rozpadne. Na sv\u016fj \u017eivot pohl\u00ed\u017e\u00ed jako na divok\u00e9 zv\u00ed\u0159e, kter\u00e9 je t\u0159eba zkrotit. Mezi bratrem, kter\u00fd se usadil v Pa\u0159\u00ed\u017ei, a matkou, s n\u00ed\u017e nyn\u00ed \u017eije s\u00e1m, bude muset Lucas bojovat, aby znovu objevil nad\u011bji a l\u00e1sku.\u00a0<\/p>\n\n<p><\/p>\n\n<p>(zdroj: \u010cSFD.cz)<\/p>\n\n<p><\/p>\n\n<p>Film bude uveden v p\u016fvodn\u00edm francouzsk\u00e9m zn\u011bn\u00ed s anglick\u00fdmi titulky. Po projekci n\u00e1sleduje debata.<\/p>\n\n<p><\/p>\n\n<p>Projekce se kon\u00e1 v r\u00e1mci <a href=\"https:\/\/www.afbrno.cz\/fr\/zarazeni\/cine-club\/\">filmov\u00e9ho klubu Pomez\u00ed<\/a>.<\/p>\n\n<p>S laskavou podporou Institut fran\u00e7ais.<\/p>\n\n<figure class=\"wp-block-image size-full is-resized\"><img loading=\"lazy\" decoding=\"async\" width=\"852\" height=\"591\" src=\"https:\/\/www.afbrno.cz\/wp-content\/uploads\/2024\/05\/IF_Logo_Sans_Bleu_RVB.png\" alt=\"\" class=\"wp-image-29044\" style=\"width:166px;height:auto\" srcset=\"https:\/\/www.afbrno.cz\/wp-content\/uploads\/2024\/05\/IF_Logo_Sans_Bleu_RVB.png 852w, https:\/\/www.afbrno.cz\/wp-content\/uploads\/2024\/05\/IF_Logo_Sans_Bleu_RVB-460x319.png 460w, https:\/\/www.afbrno.cz\/wp-content\/uploads\/2024\/05\/IF_Logo_Sans_Bleu_RVB-768x533.png 768w\" sizes=\"auto, (max-width: 852px) 100vw, 852px\" \/><\/figure>\n\n<p>Za finan\u010dn\u00ed podpory statut\u00e1rn\u00edho m\u011bsta Brna.<\/p>\n\n<figure class=\"wp-block-image size-full is-resized\"><img loading=\"lazy\" decoding=\"async\" width=\"482\" height=\"217\" src=\"https:\/\/www.afbrno.cz\/wp-content\/uploads\/2024\/06\/Logo-mesto-Brno.png\" alt=\"\" class=\"wp-image-27886\" style=\"width:189px;height:auto\" srcset=\"https:\/\/www.afbrno.cz\/wp-content\/uploads\/2024\/06\/Logo-mesto-Brno.png 482w, https:\/\/www.afbrno.cz\/wp-content\/uploads\/2024\/06\/Logo-mesto-Brno-460x207.png 460w\" sizes=\"auto, (max-width: 482px) 100vw, 482px\" \/><\/figure>\n","protected":false},"excerpt":{"rendered":"<p>Cin\u00e9 club<\/p>\n<p>Un film intimiste \u00e9mouvant sur la perte et la recherche de l&rsquo;espoir. Avec Juliette Binoche dans le r\u00f4le principal.<\/p>\n","protected":false},"featured_media":33172,"parent":0,"template":"","zarazeni":[60],"class_list":["post-33297","kultura","type-kultura","status-publish","has-post-thumbnail","hentry","zarazeni-evenements-passes"],"acf":[],"_links":{"self":[{"href":"https:\/\/www.afbrno.cz\/fr\/wp-json\/wp\/v2\/kultura\/33297","targetHints":{"allow":["GET"]}}],"collection":[{"href":"https:\/\/www.afbrno.cz\/fr\/wp-json\/wp\/v2\/kultura"}],"about":[{"href":"https:\/\/www.afbrno.cz\/fr\/wp-json\/wp\/v2\/types\/kultura"}],"version-history":[{"count":11,"href":"https:\/\/www.afbrno.cz\/fr\/wp-json\/wp\/v2\/kultura\/33297\/revisions"}],"predecessor-version":[{"id":35674,"href":"https:\/\/www.afbrno.cz\/fr\/wp-json\/wp\/v2\/kultura\/33297\/revisions\/35674"}],"wp:featuredmedia":[{"embeddable":true,"href":"https:\/\/www.afbrno.cz\/fr\/wp-json\/wp\/v2\/media\/33172"}],"wp:attachment":[{"href":"https:\/\/www.afbrno.cz\/fr\/wp-json\/wp\/v2\/media?parent=33297"}],"wp:term":[{"taxonomy":"zarazeni","embeddable":true,"href":"https:\/\/www.afbrno.cz\/fr\/wp-json\/wp\/v2\/zarazeni?post=33297"}],"curies":[{"name":"wp","href":"https:\/\/api.w.org\/{rel}","templated":true}]}}

Le lycéen

<p>Le lycéen</p>

<p>Francie, 2022, 122 min.</p>

<p>Režie: Christophe Honoré</p>

<p>Hrají: Vincent Lacoste, Paul Kircher, Juliette Binoche</p>

<p></p>

<p>Lucasovi (<a href="https://www.csfd.cz/tvurce/592804-paul-kircher/" target="_blank" rel="noopener">Paul Kircher</a>) je 17 let, když se jeho dospívající svět náhle rozpadne. Na svůj život pohlíží jako na divoké zvíře, které je třeba zkrotit. Mezi bratrem, který se usadil v Paříži, a matkou, s níž nyní žije sám, bude muset Lucas bojovat, aby znovu objevil naději a lásku. </p>

<p></p>

<p>(zdroj: ČSFD.cz)</p>

<p></p>

<p>Film bude uveden v původním francouzském znění s anglickými titulky. Po projekci následuje debata.</p>

<p></p>

<p>Projekce se koná v rámci <a href="https://www.afbrno.cz/fr/zarazeni/cine-club/">filmového klubu Pomezí</a>.</p>

<p>S laskavou podporou Institut français.</p>

<figure class="wp-block-image size-full is-resized"><img loading="lazy" decoding="async" width="852" height="591" src="https://www.afbrno.cz/wp-content/uploads/2024/05/IF_Logo_Sans_Bleu_RVB.png" alt="" class="wp-image-29044" style="width:166px;height:auto" srcset="https://www.afbrno.cz/wp-content/uploads/2024/05/IF_Logo_Sans_Bleu_RVB.png 852w, https://www.afbrno.cz/wp-content/uploads/2024/05/IF_Logo_Sans_Bleu_RVB-460x319.png 460w, https://www.afbrno.cz/wp-content/uploads/2024/05/IF_Logo_Sans_Bleu_RVB-768x533.png 768w" sizes="auto, (max-width: 852px) 100vw, 852px" /></figure>

<p>Za finanční podpory statutárního města Brna.</p>

<figure class="wp-block-image size-full is-resized"><img loading="lazy" decoding="async" width="482" height="217" src="https://www.afbrno.cz/wp-content/uploads/2024/06/Logo-mesto-Brno.png" alt="" class="wp-image-27886" style="width:189px;height:auto" srcset="https://www.afbrno.cz/wp-content/uploads/2024/06/Logo-mesto-Brno.png 482w, https://www.afbrno.cz/wp-content/uploads/2024/06/Logo-mesto-Brno-460x207.png 460w" sizes="auto, (max-width: 482px) 100vw, 482px" /></figure>

<p>Ciné club</p>
<p>Un film intimiste émouvant sur la perte et la recherche de l&rsquo;espoir. Avec Juliette Binoche dans le rôle principal.</p>
