{"id":33294,"date":"2025-09-29T07:00:00","date_gmt":"2025-09-29T05:00:00","guid":{"rendered":"https:\/\/www.afbrno.cz\/?post_type=kultura&#038;p=33294"},"modified":"2026-01-29T20:43:57","modified_gmt":"2026-01-29T19:43:57","slug":"paris-qui-dort","status":"publish","type":"kultura","link":"https:\/\/www.afbrno.cz\/fr\/kultura\/paris-qui-dort\/","title":{"rendered":"Paris qui dort"},"content":{"rendered":"\n<p>France, 1925, 59 min.<\/p>\n\n\n\n<p>R\u00e9alisateur : Ren\u00e9 Clair<\/p>\n\n\n\n<p>Avec : Albert Pr\u00e9jean, Henri Rollan, Charles Martinelli<\/p>\n\n\n\n<p><\/p>\n\n\n\n<p>Dans Paris qui dort, le gardien de la Tour Eiffel s&rsquo;aper\u00e7oit un matin que Paris ne s&rsquo;est pas r\u00e9veill\u00e9. Seules cinq personnes ont \u00e9chapp\u00e9 au sortil\u00e8ge et d\u00e9ambulent dans la ville endormie&#8230;<\/p>\n\n\n\n<p><\/p>\n\n\n\n<p><strong>Film muet avec accompagnement musical (James Aitken).<\/strong> La projection sera suivie d&rsquo;un d\u00e9bat.<\/p>\n\n\n\n<p><\/p>\n\n\n\n<p>La projection a lieu dans le cadre du <a href=\"https:\/\/www.afbrno.cz\/fr\/zarazeni\/cine-club\/\" target=\"_blank\" rel=\"noreferrer noopener\">cin\u00e9 club Pomez\u00ed<\/a>.<\/p>\n\n\n\n<p>Manifestation organis\u00e9e avec l&rsquo;appui de l&rsquo;Institut fran\u00e7ais.<\/p>\n\n\n\n<figure class=\"wp-block-image size-full is-resized\"><img loading=\"lazy\" decoding=\"async\" width=\"852\" height=\"591\" src=\"https:\/\/www.afbrno.cz\/wp-content\/uploads\/2024\/05\/IF_Logo_Sans_Bleu_RVB.png\" alt=\"\" class=\"wp-image-29044\" style=\"width:166px;height:auto\" srcset=\"https:\/\/www.afbrno.cz\/wp-content\/uploads\/2024\/05\/IF_Logo_Sans_Bleu_RVB.png 852w, https:\/\/www.afbrno.cz\/wp-content\/uploads\/2024\/05\/IF_Logo_Sans_Bleu_RVB-460x319.png 460w, https:\/\/www.afbrno.cz\/wp-content\/uploads\/2024\/05\/IF_Logo_Sans_Bleu_RVB-768x533.png 768w\" sizes=\"auto, (max-width: 852px) 100vw, 852px\" \/><\/figure>\n\n\n\n<p>Manifestation organis\u00e9e avec l&rsquo;appui financier de la Ville de Brno.<\/p>\n\n\n\n<figure class=\"wp-block-image size-full is-resized\"><img loading=\"lazy\" decoding=\"async\" width=\"482\" height=\"217\" src=\"https:\/\/www.afbrno.cz\/wp-content\/uploads\/2024\/06\/Logo-mesto-Brno.png\" alt=\"\" class=\"wp-image-27886\" style=\"width:189px;height:auto\" srcset=\"https:\/\/www.afbrno.cz\/wp-content\/uploads\/2024\/06\/Logo-mesto-Brno.png 482w, https:\/\/www.afbrno.cz\/wp-content\/uploads\/2024\/06\/Logo-mesto-Brno-460x207.png 460w\" sizes=\"auto, (max-width: 482px) 100vw, 482px\" \/><\/figure>\n","protected":false},"excerpt":{"rendered":"<p>Cin\u00e9 club<\/p>\n<p>Une science-fiction vieille d&rsquo;un si\u00e8cle qui imagine ce qui se passerait si tout Paris, \u00e0 quelques exceptions pr\u00e8s, s&rsquo;endormait. <\/p>\n<p>Film muet avec accompagnement musical (James Aitken).<\/p>\n","protected":false},"featured_media":33160,"parent":0,"template":"","zarazeni":[60],"class_list":["post-33294","kultura","type-kultura","status-publish","has-post-thumbnail","hentry","zarazeni-evenements-passes"],"acf":[],"_links":{"self":[{"href":"https:\/\/www.afbrno.cz\/fr\/wp-json\/wp\/v2\/kultura\/33294","targetHints":{"allow":["GET"]}}],"collection":[{"href":"https:\/\/www.afbrno.cz\/fr\/wp-json\/wp\/v2\/kultura"}],"about":[{"href":"https:\/\/www.afbrno.cz\/fr\/wp-json\/wp\/v2\/types\/kultura"}],"version-history":[{"count":18,"href":"https:\/\/www.afbrno.cz\/fr\/wp-json\/wp\/v2\/kultura\/33294\/revisions"}],"predecessor-version":[{"id":35675,"href":"https:\/\/www.afbrno.cz\/fr\/wp-json\/wp\/v2\/kultura\/33294\/revisions\/35675"}],"wp:featuredmedia":[{"embeddable":true,"href":"https:\/\/www.afbrno.cz\/fr\/wp-json\/wp\/v2\/media\/33160"}],"wp:attachment":[{"href":"https:\/\/www.afbrno.cz\/fr\/wp-json\/wp\/v2\/media?parent=33294"}],"wp:term":[{"taxonomy":"zarazeni","embeddable":true,"href":"https:\/\/www.afbrno.cz\/fr\/wp-json\/wp\/v2\/zarazeni?post=33294"}],"curies":[{"name":"wp","href":"https:\/\/api.w.org\/{rel}","templated":true}]}}

<p>France, 1925, 59 min.</p>



<p>Réalisateur : René Clair</p>



<p>Avec : Albert Préjean, Henri Rollan, Charles Martinelli</p>



<p></p>



<p>Dans Paris qui dort, le gardien de la Tour Eiffel s&rsquo;aperçoit un matin que Paris ne s&rsquo;est pas réveillé. Seules cinq personnes ont échappé au sortilège et déambulent dans la ville endormie&#8230;</p>



<p></p>



<p><strong>Film muet avec accompagnement musical (James Aitken).</strong> La projection sera suivie d&rsquo;un débat.</p>



<p></p>



<p>La projection a lieu dans le cadre du <a href="https://www.afbrno.cz/fr/zarazeni/cine-club/" target="_blank" rel="noreferrer noopener">ciné club Pomezí</a>.</p>



<p>Manifestation organisée avec l&rsquo;appui de l&rsquo;Institut français.</p>



<figure class="wp-block-image size-full is-resized"><img loading="lazy" decoding="async" width="852" height="591" src="https://www.afbrno.cz/wp-content/uploads/2024/05/IF_Logo_Sans_Bleu_RVB.png" alt="" class="wp-image-29044" style="width:166px;height:auto" srcset="https://www.afbrno.cz/wp-content/uploads/2024/05/IF_Logo_Sans_Bleu_RVB.png 852w, https://www.afbrno.cz/wp-content/uploads/2024/05/IF_Logo_Sans_Bleu_RVB-460x319.png 460w, https://www.afbrno.cz/wp-content/uploads/2024/05/IF_Logo_Sans_Bleu_RVB-768x533.png 768w" sizes="auto, (max-width: 852px) 100vw, 852px" /></figure>



<p>Manifestation organisée avec l&rsquo;appui financier de la Ville de Brno.</p>



<figure class="wp-block-image size-full is-resized"><img loading="lazy" decoding="async" width="482" height="217" src="https://www.afbrno.cz/wp-content/uploads/2024/06/Logo-mesto-Brno.png" alt="" class="wp-image-27886" style="width:189px;height:auto" srcset="https://www.afbrno.cz/wp-content/uploads/2024/06/Logo-mesto-Brno.png 482w, https://www.afbrno.cz/wp-content/uploads/2024/06/Logo-mesto-Brno-460x207.png 460w" sizes="auto, (max-width: 482px) 100vw, 482px" /></figure>

<p>Ciné club</p>
<p>Une science-fiction vieille d&rsquo;un siècle qui imagine ce qui se passerait si tout Paris, à quelques exceptions près, s&rsquo;endormait. </p>
<p>Film muet avec accompagnement musical (James Aitken).</p>
