{"id":33289,"date":"2025-09-02T14:33:17","date_gmt":"2025-09-02T12:33:17","guid":{"rendered":"https:\/\/www.afbrno.cz\/?post_type=kultura&#038;p=33289"},"modified":"2026-01-29T20:44:00","modified_gmt":"2026-01-29T19:44:00","slug":"revoir-paris","status":"publish","type":"kultura","link":"https:\/\/www.afbrno.cz\/fr\/kultura\/revoir-paris\/","title":{"rendered":"Revoir Paris"},"content":{"rendered":"\n<p>France, 2022, 1h45<\/p>\n\n\n\n<p>R\u00e9alisateur : Alice Winocour<\/p>\n\n\n\n<p>Avec : Beno\u00eet Magimel, Gr\u00e9goire Colin, Maya Sansa, Virginie Efira, Amadou Mbow<\/p>\n\n\n\n<p><\/p>\n\n\n\n<p>\u00c0 Paris, Mia est prise dans un attentat dans une brasserie. Trois mois plus tard, alors qu\u2019elle n\u2019a toujours pas r\u00e9ussi \u00e0 reprendre le cours de sa vie et qu\u2019elle ne se rappelle de l\u2019\u00e9v\u00e8nement que par bribes, Mia d\u00e9cide d\u2019enqu\u00eater dans sa m\u00e9moire pour retrouver le chemin d\u2019un bonheur possible.<\/p>\n\n\n\n<p><\/p>\n\n\n\n<p>En VO sous-titr\u00e9e en anglais. La projection sera suivie d&rsquo;un d\u00e9bat.<\/p>\n\n\n\n<p><\/p>\n\n\n\n<p>La projection a lieu dans le cadre du <a href=\"https:\/\/www.afbrno.cz\/fr\/zarazeni\/cine-club\/\" target=\"_blank\" rel=\"noreferrer noopener\">cin\u00e9 club Pomez\u00ed<\/a>.<\/p>\n\n\n\n<p>Manifestation organis\u00e9e avec l&rsquo;appui de l&rsquo;Institut fran\u00e7ais.<\/p>\n\n\n\n<figure class=\"wp-block-image size-full is-resized\"><img loading=\"lazy\" decoding=\"async\" width=\"852\" height=\"591\" src=\"https:\/\/www.afbrno.cz\/wp-content\/uploads\/2024\/05\/IF_Logo_Sans_Bleu_RVB.png\" alt=\"\" class=\"wp-image-29044\" style=\"width:166px;height:auto\" srcset=\"https:\/\/www.afbrno.cz\/wp-content\/uploads\/2024\/05\/IF_Logo_Sans_Bleu_RVB.png 852w, https:\/\/www.afbrno.cz\/wp-content\/uploads\/2024\/05\/IF_Logo_Sans_Bleu_RVB-460x319.png 460w, https:\/\/www.afbrno.cz\/wp-content\/uploads\/2024\/05\/IF_Logo_Sans_Bleu_RVB-768x533.png 768w\" sizes=\"auto, (max-width: 852px) 100vw, 852px\" \/><\/figure>\n\n\n\n<p>Manifestation organis\u00e9e avec l&rsquo;appui financier de la Ville de Brno.<\/p>\n\n\n\n<figure class=\"wp-block-image size-full is-resized\"><img loading=\"lazy\" decoding=\"async\" width=\"482\" height=\"217\" src=\"https:\/\/www.afbrno.cz\/wp-content\/uploads\/2024\/06\/Logo-mesto-Brno.png\" alt=\"\" class=\"wp-image-27886\" style=\"width:189px;height:auto\" srcset=\"https:\/\/www.afbrno.cz\/wp-content\/uploads\/2024\/06\/Logo-mesto-Brno.png 482w, https:\/\/www.afbrno.cz\/wp-content\/uploads\/2024\/06\/Logo-mesto-Brno-460x207.png 460w\" sizes=\"auto, (max-width: 482px) 100vw, 482px\" \/><\/figure>\n","protected":false},"excerpt":{"rendered":"<p>Cin\u00e9 club<\/p>\n<p>Comment surmonter le fait d&rsquo;avoir surv\u00e9cu \u00e0 des attentats terroristes&#8230;<\/p>\n","protected":false},"featured_media":33143,"parent":0,"template":"","zarazeni":[60],"class_list":["post-33289","kultura","type-kultura","status-publish","has-post-thumbnail","hentry","zarazeni-evenements-passes"],"acf":[],"_links":{"self":[{"href":"https:\/\/www.afbrno.cz\/fr\/wp-json\/wp\/v2\/kultura\/33289","targetHints":{"allow":["GET"]}}],"collection":[{"href":"https:\/\/www.afbrno.cz\/fr\/wp-json\/wp\/v2\/kultura"}],"about":[{"href":"https:\/\/www.afbrno.cz\/fr\/wp-json\/wp\/v2\/types\/kultura"}],"version-history":[{"count":6,"href":"https:\/\/www.afbrno.cz\/fr\/wp-json\/wp\/v2\/kultura\/33289\/revisions"}],"predecessor-version":[{"id":35676,"href":"https:\/\/www.afbrno.cz\/fr\/wp-json\/wp\/v2\/kultura\/33289\/revisions\/35676"}],"wp:featuredmedia":[{"embeddable":true,"href":"https:\/\/www.afbrno.cz\/fr\/wp-json\/wp\/v2\/media\/33143"}],"wp:attachment":[{"href":"https:\/\/www.afbrno.cz\/fr\/wp-json\/wp\/v2\/media?parent=33289"}],"wp:term":[{"taxonomy":"zarazeni","embeddable":true,"href":"https:\/\/www.afbrno.cz\/fr\/wp-json\/wp\/v2\/zarazeni?post=33289"}],"curies":[{"name":"wp","href":"https:\/\/api.w.org\/{rel}","templated":true}]}}

<p>France, 2022, 1h45</p>



<p>Réalisateur : Alice Winocour</p>



<p>Avec : Benoît Magimel, Grégoire Colin, Maya Sansa, Virginie Efira, Amadou Mbow</p>



<p></p>



<p>À Paris, Mia est prise dans un attentat dans une brasserie. Trois mois plus tard, alors qu’elle n’a toujours pas réussi à reprendre le cours de sa vie et qu’elle ne se rappelle de l’évènement que par bribes, Mia décide d’enquêter dans sa mémoire pour retrouver le chemin d’un bonheur possible.</p>



<p></p>



<p>En VO sous-titrée en anglais. La projection sera suivie d&rsquo;un débat.</p>



<p></p>



<p>La projection a lieu dans le cadre du <a href="https://www.afbrno.cz/fr/zarazeni/cine-club/" target="_blank" rel="noreferrer noopener">ciné club Pomezí</a>.</p>



<p>Manifestation organisée avec l&rsquo;appui de l&rsquo;Institut français.</p>



<figure class="wp-block-image size-full is-resized"><img loading="lazy" decoding="async" width="852" height="591" src="https://www.afbrno.cz/wp-content/uploads/2024/05/IF_Logo_Sans_Bleu_RVB.png" alt="" class="wp-image-29044" style="width:166px;height:auto" srcset="https://www.afbrno.cz/wp-content/uploads/2024/05/IF_Logo_Sans_Bleu_RVB.png 852w, https://www.afbrno.cz/wp-content/uploads/2024/05/IF_Logo_Sans_Bleu_RVB-460x319.png 460w, https://www.afbrno.cz/wp-content/uploads/2024/05/IF_Logo_Sans_Bleu_RVB-768x533.png 768w" sizes="auto, (max-width: 852px) 100vw, 852px" /></figure>



<p>Manifestation organisée avec l&rsquo;appui financier de la Ville de Brno.</p>



<figure class="wp-block-image size-full is-resized"><img loading="lazy" decoding="async" width="482" height="217" src="https://www.afbrno.cz/wp-content/uploads/2024/06/Logo-mesto-Brno.png" alt="" class="wp-image-27886" style="width:189px;height:auto" srcset="https://www.afbrno.cz/wp-content/uploads/2024/06/Logo-mesto-Brno.png 482w, https://www.afbrno.cz/wp-content/uploads/2024/06/Logo-mesto-Brno-460x207.png 460w" sizes="auto, (max-width: 482px) 100vw, 482px" /></figure>

<p>Ciné club</p>
<p>Comment surmonter le fait d&rsquo;avoir survécu à des attentats terroristes&#8230;</p>
