{"id":33265,"date":"2025-09-29T06:00:00","date_gmt":"2025-09-29T04:00:00","guid":{"rendered":"https:\/\/www.afbrno.cz\/?post_type=kultura&#038;p=33265"},"modified":"2025-09-29T10:01:19","modified_gmt":"2025-09-29T08:01:19","slug":"dimitri-boekhoorn-concert-de-harpes-celtiques","status":"publish","type":"kultura","link":"https:\/\/www.afbrno.cz\/fr\/kultura\/dimitri-boekhoorn-concert-de-harpes-celtiques\/","title":{"rendered":"Dimitri Boekhoorn \u2013 r\u00e9cital de harpes celtiques"},"content":{"rendered":"\n<p><strong>Dimitri Boekhoorn<\/strong>, docteur \u00e8s Etudes Celtiques \u00e0 l\u2019Universit\u00e9 de Rennes, originaire des Pays-Bas, mais install\u00e9 en Bretagne, joue d\u2019une multitude de harpes modernes et anciennes dot\u00e9es de diff\u00e9rents types de cordes. D\u2019autres cordophones comme la lyre et la rote font \u00e9galement partie de son importante collection. Autodidacte, il utilise les ongles comme les \u00ab\u00a0harpeurs\u00a0\u00bb irlandais du Moyen-Age. Ainsi il a retrouv\u00e9 un style plus l\u00e9ger, rapide et ornement\u00e9. Invit\u00e9 r\u00e9gulier de festivals en Europe, il s\u2019est produit avec des musiciens renomm\u00e9s (Carlos N\u00fa\u00f1ez, Jordi Savall). Son projet avec une harpe ga\u00e9lique dot\u00e9e de cordes en or massif a \u00e9t\u00e9 l\u2019objet d\u2019une \u00e9mission sur France Culture.<\/p>\n\n\n\n<p>Pendant son r\u00e9cital \u00e0 Brno, Dimitri Boekhoorn interpr\u00e8tera des compositions personnelles, de la musique traditionnelle celtique et d\u2019ailleurs (musiques du monde) et de la musique ancienne.<\/p>\n\n\n\n<div style=\"height:42px\" aria-hidden=\"true\" class=\"wp-block-spacer\"><\/div>\n\n\n\n<div class=\"wp-block-buttons is-layout-flex wp-block-buttons-is-layout-flex\">\n<div class=\"wp-block-button\"><a class=\"wp-block-button__link wp-element-button\" href=\"https:\/\/goout.net\/cs\/keltske-harfy-vypraveji-dimitri-boekhoorn\/szaqsyx\/\" target=\"_blank\" rel=\"noreferrer noopener\">acheter le billet<\/a><\/div>\n<\/div>\n\n\n\n<div style=\"height:42px\" aria-hidden=\"true\" class=\"wp-block-spacer\"><\/div>\n\n\n\n<p>Avec le soutien financier de la Ville de Brno.<\/p>\n\n\n\n<figure class=\"wp-block-image size-full is-resized\"><img loading=\"lazy\" decoding=\"async\" width=\"482\" height=\"217\" src=\"https:\/\/www.afbrno.cz\/wp-content\/uploads\/2024\/06\/Logo-mesto-Brno.png\" alt=\"\" class=\"wp-image-27886\" style=\"width:189px;height:auto\" srcset=\"https:\/\/www.afbrno.cz\/wp-content\/uploads\/2024\/06\/Logo-mesto-Brno.png 482w, https:\/\/www.afbrno.cz\/wp-content\/uploads\/2024\/06\/Logo-mesto-Brno-460x207.png 460w\" sizes=\"auto, (max-width: 482px) 100vw, 482px\" \/><\/figure>\n\n\n\n<div style=\"height:37px\" aria-hidden=\"true\" class=\"wp-block-spacer\"><\/div>\n\n\n\n<p>\u00c9v\u00e9nement organis\u00e9 dans le cadre des c\u00e9l\u00e9brations du 60\u00e8me anniversaire du jumelage entre les Villes de Rennes et Brno (1965-2025).<\/p>\n\n\n\n<figure class=\"wp-block-image size-full is-resized\"><img loading=\"lazy\" decoding=\"async\" width=\"786\" height=\"443\" src=\"https:\/\/www.afbrno.cz\/wp-content\/uploads\/2025\/09\/Logo-60-ans-Rennes-Brno.png\" alt=\"\" class=\"wp-image-33266\" style=\"width:155px;height:auto\" srcset=\"https:\/\/www.afbrno.cz\/wp-content\/uploads\/2025\/09\/Logo-60-ans-Rennes-Brno.png 786w, https:\/\/www.afbrno.cz\/wp-content\/uploads\/2025\/09\/Logo-60-ans-Rennes-Brno-460x259.png 460w, https:\/\/www.afbrno.cz\/wp-content\/uploads\/2025\/09\/Logo-60-ans-Rennes-Brno-768x433.png 768w\" sizes=\"auto, (max-width: 786px) 100vw, 786px\" \/><\/figure>\n\n\n\n<div style=\"height:37px\" aria-hidden=\"true\" class=\"wp-block-spacer\"><\/div>\n\n\n\n<p>En collaboration avec le Cercle Celtique de Rennes.<\/p>\n\n\n\n<figure class=\"wp-block-image size-full is-resized\"><img loading=\"lazy\" decoding=\"async\" width=\"559\" height=\"446\" src=\"https:\/\/www.afbrno.cz\/wp-content\/uploads\/2025\/09\/Logo-Cercle-celtique-de-Rennes.png\" alt=\"\" class=\"wp-image-33261\" style=\"width:172px;height:auto\" srcset=\"https:\/\/www.afbrno.cz\/wp-content\/uploads\/2025\/09\/Logo-Cercle-celtique-de-Rennes.png 559w, https:\/\/www.afbrno.cz\/wp-content\/uploads\/2025\/09\/Logo-Cercle-celtique-de-Rennes-460x367.png 460w\" sizes=\"auto, (max-width: 559px) 100vw, 559px\" \/><\/figure>\n\n\n\n<div style=\"height:42px\" aria-hidden=\"true\" class=\"wp-block-spacer\"><\/div>\n\n\n\n<p>Foto: Dimitri Boekhoorn \u00a9 Youenn Chapalain<\/p>\n\n\n\n<p><\/p>\n\n\n\n<p><\/p>\n","protected":false},"excerpt":{"rendered":"<p>Nov\u00e1 radnice \u2013 K\u0159\u00ed\u017eov\u00e1 chodba<\/p>\n<p>concert<\/p>\n","protected":false},"featured_media":33257,"parent":0,"template":"","zarazeni":[60],"class_list":["post-33265","kultura","type-kultura","status-publish","has-post-thumbnail","hentry","zarazeni-evenements-passes"],"acf":[],"_links":{"self":[{"href":"https:\/\/www.afbrno.cz\/fr\/wp-json\/wp\/v2\/kultura\/33265","targetHints":{"allow":["GET"]}}],"collection":[{"href":"https:\/\/www.afbrno.cz\/fr\/wp-json\/wp\/v2\/kultura"}],"about":[{"href":"https:\/\/www.afbrno.cz\/fr\/wp-json\/wp\/v2\/types\/kultura"}],"version-history":[{"count":12,"href":"https:\/\/www.afbrno.cz\/fr\/wp-json\/wp\/v2\/kultura\/33265\/revisions"}],"predecessor-version":[{"id":33338,"href":"https:\/\/www.afbrno.cz\/fr\/wp-json\/wp\/v2\/kultura\/33265\/revisions\/33338"}],"wp:featuredmedia":[{"embeddable":true,"href":"https:\/\/www.afbrno.cz\/fr\/wp-json\/wp\/v2\/media\/33257"}],"wp:attachment":[{"href":"https:\/\/www.afbrno.cz\/fr\/wp-json\/wp\/v2\/media?parent=33265"}],"wp:term":[{"taxonomy":"zarazeni","embeddable":true,"href":"https:\/\/www.afbrno.cz\/fr\/wp-json\/wp\/v2\/zarazeni?post=33265"}],"curies":[{"name":"wp","href":"https:\/\/api.w.org\/{rel}","templated":true}]}}

Dimitri Boekhoorn – récital de harpes celtiques

<p><strong>Dimitri Boekhoorn</strong>, docteur ès Etudes Celtiques à l’Université de Rennes, originaire des Pays-Bas, mais installé en Bretagne, joue d’une multitude de harpes modernes et anciennes dotées de différents types de cordes. D’autres cordophones comme la lyre et la rote font également partie de son importante collection. Autodidacte, il utilise les ongles comme les « harpeurs » irlandais du Moyen-Age. Ainsi il a retrouvé un style plus léger, rapide et ornementé. Invité régulier de festivals en Europe, il s’est produit avec des musiciens renommés (Carlos Núñez, Jordi Savall). Son projet avec une harpe gaélique dotée de cordes en or massif a été l’objet d’une émission sur France Culture.</p>



<p>Pendant son récital à Brno, Dimitri Boekhoorn interprètera des compositions personnelles, de la musique traditionnelle celtique et d’ailleurs (musiques du monde) et de la musique ancienne.</p>



<div style="height:42px" aria-hidden="true" class="wp-block-spacer"></div>



<div class="wp-block-buttons is-layout-flex wp-block-buttons-is-layout-flex">
<div class="wp-block-button"><a class="wp-block-button__link wp-element-button" href="https://goout.net/cs/keltske-harfy-vypraveji-dimitri-boekhoorn/szaqsyx/" target="_blank" rel="noreferrer noopener">acheter le billet</a></div>
</div>



<div style="height:42px" aria-hidden="true" class="wp-block-spacer"></div>



<p>Avec le soutien financier de la Ville de Brno.</p>



<figure class="wp-block-image size-full is-resized"><img loading="lazy" decoding="async" width="482" height="217" src="https://www.afbrno.cz/wp-content/uploads/2024/06/Logo-mesto-Brno.png" alt="" class="wp-image-27886" style="width:189px;height:auto" srcset="https://www.afbrno.cz/wp-content/uploads/2024/06/Logo-mesto-Brno.png 482w, https://www.afbrno.cz/wp-content/uploads/2024/06/Logo-mesto-Brno-460x207.png 460w" sizes="auto, (max-width: 482px) 100vw, 482px" /></figure>



<div style="height:37px" aria-hidden="true" class="wp-block-spacer"></div>



<p>Événement organisé dans le cadre des célébrations du 60ème anniversaire du jumelage entre les Villes de Rennes et Brno (1965-2025).</p>



<figure class="wp-block-image size-full is-resized"><img loading="lazy" decoding="async" width="786" height="443" src="https://www.afbrno.cz/wp-content/uploads/2025/09/Logo-60-ans-Rennes-Brno.png" alt="" class="wp-image-33266" style="width:155px;height:auto" srcset="https://www.afbrno.cz/wp-content/uploads/2025/09/Logo-60-ans-Rennes-Brno.png 786w, https://www.afbrno.cz/wp-content/uploads/2025/09/Logo-60-ans-Rennes-Brno-460x259.png 460w, https://www.afbrno.cz/wp-content/uploads/2025/09/Logo-60-ans-Rennes-Brno-768x433.png 768w" sizes="auto, (max-width: 786px) 100vw, 786px" /></figure>



<div style="height:37px" aria-hidden="true" class="wp-block-spacer"></div>



<p>En collaboration avec le Cercle Celtique de Rennes.</p>



<figure class="wp-block-image size-full is-resized"><img loading="lazy" decoding="async" width="559" height="446" src="https://www.afbrno.cz/wp-content/uploads/2025/09/Logo-Cercle-celtique-de-Rennes.png" alt="" class="wp-image-33261" style="width:172px;height:auto" srcset="https://www.afbrno.cz/wp-content/uploads/2025/09/Logo-Cercle-celtique-de-Rennes.png 559w, https://www.afbrno.cz/wp-content/uploads/2025/09/Logo-Cercle-celtique-de-Rennes-460x367.png 460w" sizes="auto, (max-width: 559px) 100vw, 559px" /></figure>



<div style="height:42px" aria-hidden="true" class="wp-block-spacer"></div>



<p>Foto: Dimitri Boekhoorn © Youenn Chapalain</p>



<p></p>



<p></p>

<p>Nová radnice – Křížová chodba</p>
<p>concert</p>
