{"id":32572,"date":"2025-06-16T10:01:14","date_gmt":"2025-06-16T08:01:14","guid":{"rendered":"https:\/\/www.afbrno.cz\/?post_type=kultura&#038;p=32572"},"modified":"2025-06-23T16:52:25","modified_gmt":"2025-06-23T14:52:25","slug":"na-pomezi-leta","status":"publish","type":"kultura","link":"https:\/\/www.afbrno.cz\/fr\/kultura\/na-pomezi-leta\/","title":{"rendered":"Na Pomez\u00ed l\u00e9ta"},"content":{"rendered":"\n<p><strong>V sobotu 21. \u010dervna 2025 v\u00e1s <a href=\"https:\/\/www.pomezi-klub.cz\" target=\"_blank\" data-type=\"link\" data-id=\"https:\/\/www.pomezi-klub.cz\" rel=\"noreferrer noopener\">Pomez\u00ed klub<\/a> a Alliance Fran\u00e7aise Brno zvou na Sv\u011btov\u00fd sv\u00e1tek hudby.<\/strong><\/p>\n\n\n\n<p>Sv\u011btov\u00fd sv\u00e1tek hudby se oslavuje ka\u017edoro\u010dn\u011b 21. \u010dervna s p\u0159\u00edchodem l\u00e9ta. Zrodil se v roce 1982 ve Francii pod n\u00e1zvem <strong>F\u00eate de la musique<\/strong>. C\u00edlem tohoto sv\u00e1tku je propagovat hudbu ve v\u0161ech jej\u00edch aspektech, amat\u00e9rskou i profesion\u00e1ln\u00ed, s\u00f3lovou i skupinovou, a to bezplatn\u011b, jeliko\u017e smyslem Sv\u011btov\u00e9ho sv\u00e1tku hudby je, aby byla hudba dostupn\u00e1 v\u0161em.<\/p>\n\n\n\n<div style=\"height:44px\" aria-hidden=\"true\" class=\"wp-block-spacer\"><\/div>\n\n\n\n<h4 class=\"wp-block-heading\"><strong>Program v Pomez\u00ed klubu:<\/strong><\/h4>\n\n\n\n<div style=\"height:40px\" aria-hidden=\"true\" class=\"wp-block-spacer\"><\/div>\n\n\n\n<h4 class=\"wp-block-heading\"><strong>17:00 <mark style=\"background-color:rgba(0, 0, 0, 0)\" class=\"has-inline-color has-color-text-color\">Francouzsk\u00e9 Wichyt\u00e1vky: Prol\u00edn\u00e1n\u00ed kultur<\/mark><\/strong><\/h4>\n\n\n\n<p>Hudebn\u00ed publicista a rozhlasov\u00fd redaktor Franti\u0161ek Wich \u0159adu let p\u0159ipravoval pro rozhlas po\u0159ady na t\u00e9ma frankofonn\u00ed popul\u00e1rn\u00ed hudby, p\u0159edev\u0161\u00edm s c\u00edlem roz\u0161\u00ed\u0159it p\u0159ehled o t\u00e9to u n\u00e1s opom\u00edjen\u00e9 hudebn\u00ed sc\u00e9n\u011b. V posledn\u00ed dob\u011b se tak\u00e9 v\u011bnuje \u017eiv\u00fdm verz\u00edm sv\u00fdch program\u016f.<\/p>\n\n\n\n<p>Svoji prezentaci v Pomez\u00ed klubu nazval <strong>Prol\u00edn\u00e1n\u00ed kultur<\/strong>.<\/p>\n\n\n\n<ul class=\"wp-block-social-links is-layout-flex wp-block-social-links-is-layout-flex\"><li class=\"wp-social-link wp-social-link-facebook  wp-block-social-link\"><a href=\"https:\/\/www.facebook.com\/frantisek.wich\/\" class=\"wp-block-social-link-anchor\" target=\"_blank\" rel=\"noopener\"><svg width=\"24\" height=\"24\" viewBox=\"0 0 24 24\" version=\"1.1\" xmlns=\"http:\/\/www.w3.org\/2000\/svg\" aria-hidden=\"true\" focusable=\"false\"><path d=\"M12 2C6.5 2 2 6.5 2 12c0 5 3.7 9.1 8.4 9.9v-7H7.9V12h2.5V9.8c0-2.5 1.5-3.9 3.8-3.9 1.1 0 2.2.2 2.2.2v2.5h-1.3c-1.2 0-1.6.8-1.6 1.6V12h2.8l-.4 2.9h-2.3v7C18.3 21.1 22 17 22 12c0-5.5-4.5-10-10-10z\"><\/path><\/svg><span class=\"wp-block-social-link-label screen-reader-text\">Facebook<\/span><\/a><\/li>\n\n<li class=\"wp-social-link wp-social-link-youtube  wp-block-social-link\"><a href=\"https:\/\/www.youtube.com\/@Francouzske_wichytavky\" class=\"wp-block-social-link-anchor\" target=\"_blank\" rel=\"noopener\"><svg width=\"24\" height=\"24\" viewBox=\"0 0 24 24\" version=\"1.1\" xmlns=\"http:\/\/www.w3.org\/2000\/svg\" aria-hidden=\"true\" focusable=\"false\"><path d=\"M21.8,8.001c0,0-0.195-1.378-0.795-1.985c-0.76-0.797-1.613-0.801-2.004-0.847c-2.799-0.202-6.997-0.202-6.997-0.202 h-0.009c0,0-4.198,0-6.997,0.202C4.608,5.216,3.756,5.22,2.995,6.016C2.395,6.623,2.2,8.001,2.2,8.001S2,9.62,2,11.238v1.517 c0,1.618,0.2,3.237,0.2,3.237s0.195,1.378,0.795,1.985c0.761,0.797,1.76,0.771,2.205,0.855c1.6,0.153,6.8,0.201,6.8,0.201 s4.203-0.006,7.001-0.209c0.391-0.047,1.243-0.051,2.004-0.847c0.6-0.607,0.795-1.985,0.795-1.985s0.2-1.618,0.2-3.237v-1.517 C22,9.62,21.8,8.001,21.8,8.001z M9.935,14.594l-0.001-5.62l5.404,2.82L9.935,14.594z\"><\/path><\/svg><span class=\"wp-block-social-link-label screen-reader-text\">YouTube<\/span><\/a><\/li><\/ul>\n\n\n\n<div style=\"height:40px\" aria-hidden=\"true\" class=\"wp-block-spacer\"><\/div>\n\n\n\n<h4 class=\"wp-block-heading\"><strong>18:30 <mark style=\"background-color:rgba(0, 0, 0, 0)\" class=\"has-inline-color has-color-text-color\">TrioD\u00e9<\/mark>&nbsp;<\/strong><\/h4>\n\n\n\n<p>Sophie, Eva a Tom\u00e1\u0161 hraj\u00ed zn\u00e1m\u00e9 i m\u00e9n\u011b zn\u00e1m\u00e9 (zen)lidov\u00e9 p\u00edsn\u011b. Zp\u00edvaj\u00ed italsky, jidi\u0161, anglicky, \u010desky, \u0159ecky, romsky a samoz\u0159ejm\u011b francouzsky.<\/p>\n\n\n\n<div style=\"height:40px\" aria-hidden=\"true\" class=\"wp-block-spacer\"><\/div>\n\n\n\n<h4 class=\"wp-block-heading\"><strong>19:00 <mark style=\"background-color:rgba(0, 0, 0, 0)\" class=\"has-inline-color has-color-text-color\">Hudba dle libosti \u2013 kdo p\u0159ijde, m\u016f\u017ee si zahr\u00e1t<\/mark><\/strong><\/h4>\n\n\n\n<p>Pokud si chcete zahr\u00e1t a p\u0159iv\u00edtat prvn\u00ed letn\u00ed den svoj\u00ed hudbou, pros\u00edm, ozv\u011bte se p\u0159edem na <a href=\"mailto:sophie_lefevre@seznam.cz\" target=\"_blank\" rel=\"noreferrer noopener\">sophie_lefevre@seznam.cz<\/a> a domluvte si \u010das na vystoupen\u00ed. Anebo p\u0159ij\u010fte jen tak a spont\u00e1nn\u011b hudebn\u011b osl\u0148te.<\/p>\n\n\n\n<div style=\"height:40px\" aria-hidden=\"true\" class=\"wp-block-spacer\"><\/div>\n\n\n\n<h4 class=\"wp-block-heading\"><strong>20:00 <mark style=\"background-color:rgba(0, 0, 0, 0)\" class=\"has-inline-color has-color-text-color\">LP party s DJ Romeo Green<\/mark><\/strong><\/h4>\n\n\n\n<p>DJ Romeo Green roztan\u010d\u00ed parket (nejen) francouzsk\u00fdmi vinyly v\u0161ech hudebn\u00edch epoch a \u017e\u00e1nr\u016f.<\/p>\n\n\n\n<ul class=\"wp-block-social-links is-layout-flex wp-block-social-links-is-layout-flex\"><li class=\"wp-social-link wp-social-link-medium  wp-block-social-link\"><a href=\"https:\/\/www.mixcloud.com\/RomeoGreen\/\" class=\"wp-block-social-link-anchor\" target=\"_blank\" rel=\"noopener\"><svg width=\"24\" height=\"24\" viewBox=\"0 0 24 24\" version=\"1.1\" xmlns=\"http:\/\/www.w3.org\/2000\/svg\" aria-hidden=\"true\" focusable=\"false\"><path d=\"M13.2,12c0,3-2.4,5.4-5.3,5.4S2.6,15,2.6,12s2.4-5.4,5.3-5.4S13.2,9,13.2,12 M19.1,12c0,2.8-1.2,5-2.7,5s-2.7-2.3-2.7-5s1.2-5,2.7-5C17.9,7,19.1,9.2,19.1,12 M21.4,12c0,2.5-0.4,4.5-0.9,4.5c-0.5,0-0.9-2-0.9-4.5s0.4-4.5,0.9-4.5C21,7.5,21.4,9.5,21.4,12\"><\/path><\/svg><span class=\"wp-block-social-link-label screen-reader-text\">Medium<\/span><\/a><\/li><\/ul>\n\n\n\n<div style=\"height:40px\" aria-hidden=\"true\" class=\"wp-block-spacer\"><\/div>\n\n\n\n<h4 class=\"wp-block-heading\"><strong><mark style=\"background-color:rgba(0, 0, 0, 0)\" class=\"has-inline-color has-color-text-color\">Prezentace depozit\u00e1\u0159e galerie Pomez\u00ed<\/mark><\/strong><\/h4>\n\n\n\n<p>Depozit\u00e1\u0159 galerie Pomez\u00ed p\u0159edstav\u00ed d\u00edla nejen sou\u010dasn\u00fdch brn\u011bnsk\u00fdch mal\u00ed\u0159\u016f. Najdete u n\u00e1s tyto um\u011blce: Denisa Belzov\u00e1, Marie Butula Cich\u00e1, Ji\u0159\u00ed Pikous, Laco Garaj, Lum\u00edr Seifert, Petr Lorenz, Luk\u00e1\u0161 Orlita, Vincent Chignier, Pavel Preisner, Petr Kun\u010d\u00edk, Zuzana \u0160tefunkov\u00e1 Rus\u00ednov\u00e1, Petr Sk\u00e1cel, \u010cen\u011bk Dobi\u00e1\u0161, V\u00e1clav Kyselka a dal\u0161\u00ed.<\/p>\n\n\n\n<div style=\"height:72px\" aria-hidden=\"true\" class=\"wp-block-spacer\"><\/div>\n\n\n\n<p>Za finan\u010dn\u00ed podpory statut\u00e1rn\u00edho m\u011bsta Brna.<\/p>\n\n\n\n<figure class=\"wp-block-image size-full is-resized\"><img loading=\"lazy\" decoding=\"async\" width=\"482\" height=\"217\" src=\"https:\/\/www.afbrno.cz\/wp-content\/uploads\/2024\/06\/Logo-mesto-Brno.png\" alt=\"\" class=\"wp-image-27886\" style=\"width:189px;height:auto\" srcset=\"https:\/\/www.afbrno.cz\/wp-content\/uploads\/2024\/06\/Logo-mesto-Brno.png 482w, https:\/\/www.afbrno.cz\/wp-content\/uploads\/2024\/06\/Logo-mesto-Brno-460x207.png 460w\" sizes=\"auto, (max-width: 482px) 100vw, 482px\" \/><\/figure>\n","protected":false},"excerpt":{"rendered":"<p>Pomez\u00ed klub<\/p>\n<p>Sv\u011btov\u00fd sv\u00e1tek hudby<\/p>\n","protected":false},"featured_media":32594,"parent":0,"template":"","zarazeni":[58],"class_list":["post-32572","kultura","type-kultura","status-publish","has-post-thumbnail","hentry","zarazeni-archiv-akci"],"acf":[],"_links":{"self":[{"href":"https:\/\/www.afbrno.cz\/fr\/wp-json\/wp\/v2\/kultura\/32572","targetHints":{"allow":["GET"]}}],"collection":[{"href":"https:\/\/www.afbrno.cz\/fr\/wp-json\/wp\/v2\/kultura"}],"about":[{"href":"https:\/\/www.afbrno.cz\/fr\/wp-json\/wp\/v2\/types\/kultura"}],"version-history":[{"count":14,"href":"https:\/\/www.afbrno.cz\/fr\/wp-json\/wp\/v2\/kultura\/32572\/revisions"}],"predecessor-version":[{"id":32598,"href":"https:\/\/www.afbrno.cz\/fr\/wp-json\/wp\/v2\/kultura\/32572\/revisions\/32598"}],"wp:featuredmedia":[{"embeddable":true,"href":"https:\/\/www.afbrno.cz\/fr\/wp-json\/wp\/v2\/media\/32594"}],"wp:attachment":[{"href":"https:\/\/www.afbrno.cz\/fr\/wp-json\/wp\/v2\/media?parent=32572"}],"wp:term":[{"taxonomy":"zarazeni","embeddable":true,"href":"https:\/\/www.afbrno.cz\/fr\/wp-json\/wp\/v2\/zarazeni?post=32572"}],"curies":[{"name":"wp","href":"https:\/\/api.w.org\/{rel}","templated":true}]}}

Na Pomezí léta

<p><strong>V sobotu 21. června 2025 vás <a href="https://www.pomezi-klub.cz" target="_blank" data-type="link" data-id="https://www.pomezi-klub.cz" rel="noreferrer noopener">Pomezí klub</a> a Alliance Française Brno zvou na Světový svátek hudby.</strong></p>



<p>Světový svátek hudby se oslavuje každoročně 21. června s příchodem léta. Zrodil se v roce 1982 ve Francii pod názvem <strong>Fête de la musique</strong>. Cílem tohoto svátku je propagovat hudbu ve všech jejích aspektech, amatérskou i profesionální, sólovou i skupinovou, a to bezplatně, jelikož smyslem Světového svátku hudby je, aby byla hudba dostupná všem.</p>



<div style="height:44px" aria-hidden="true" class="wp-block-spacer"></div>



<h4 class="wp-block-heading"><strong>Program v Pomezí klubu:</strong></h4>



<div style="height:40px" aria-hidden="true" class="wp-block-spacer"></div>



<h4 class="wp-block-heading"><strong>17:00 <mark style="background-color:rgba(0, 0, 0, 0)" class="has-inline-color has-color-text-color">Francouzské Wichytávky: Prolínání kultur</mark></strong></h4>



<p>Hudební publicista a rozhlasový redaktor František Wich řadu let připravoval pro rozhlas pořady na téma frankofonní populární hudby, především s cílem rozšířit přehled o této u nás opomíjené hudební scéně. V poslední době se také věnuje živým verzím svých programů.</p>



<p>Svoji prezentaci v Pomezí klubu nazval <strong>Prolínání kultur</strong>.</p>



<ul class="wp-block-social-links is-layout-flex wp-block-social-links-is-layout-flex"><li class="wp-social-link wp-social-link-facebook  wp-block-social-link"><a href="https://www.facebook.com/frantisek.wich/" class="wp-block-social-link-anchor" target="_blank" rel="noopener"><svg width="24" height="24" viewBox="0 0 24 24" version="1.1" xmlns="http://www.w3.org/2000/svg" aria-hidden="true" focusable="false"><path d="M12 2C6.5 2 2 6.5 2 12c0 5 3.7 9.1 8.4 9.9v-7H7.9V12h2.5V9.8c0-2.5 1.5-3.9 3.8-3.9 1.1 0 2.2.2 2.2.2v2.5h-1.3c-1.2 0-1.6.8-1.6 1.6V12h2.8l-.4 2.9h-2.3v7C18.3 21.1 22 17 22 12c0-5.5-4.5-10-10-10z"></path></svg><span class="wp-block-social-link-label screen-reader-text">Facebook</span></a></li>

<li class="wp-social-link wp-social-link-youtube  wp-block-social-link"><a href="https://www.youtube.com/@Francouzske_wichytavky" class="wp-block-social-link-anchor" target="_blank" rel="noopener"><svg width="24" height="24" viewBox="0 0 24 24" version="1.1" xmlns="http://www.w3.org/2000/svg" aria-hidden="true" focusable="false"><path d="M21.8,8.001c0,0-0.195-1.378-0.795-1.985c-0.76-0.797-1.613-0.801-2.004-0.847c-2.799-0.202-6.997-0.202-6.997-0.202 h-0.009c0,0-4.198,0-6.997,0.202C4.608,5.216,3.756,5.22,2.995,6.016C2.395,6.623,2.2,8.001,2.2,8.001S2,9.62,2,11.238v1.517 c0,1.618,0.2,3.237,0.2,3.237s0.195,1.378,0.795,1.985c0.761,0.797,1.76,0.771,2.205,0.855c1.6,0.153,6.8,0.201,6.8,0.201 s4.203-0.006,7.001-0.209c0.391-0.047,1.243-0.051,2.004-0.847c0.6-0.607,0.795-1.985,0.795-1.985s0.2-1.618,0.2-3.237v-1.517 C22,9.62,21.8,8.001,21.8,8.001z M9.935,14.594l-0.001-5.62l5.404,2.82L9.935,14.594z"></path></svg><span class="wp-block-social-link-label screen-reader-text">YouTube</span></a></li></ul>



<div style="height:40px" aria-hidden="true" class="wp-block-spacer"></div>



<h4 class="wp-block-heading"><strong>18:30 <mark style="background-color:rgba(0, 0, 0, 0)" class="has-inline-color has-color-text-color">TrioDé</mark>&nbsp;</strong></h4>



<p>Sophie, Eva a Tomáš hrají známé i méně známé (zen)lidové písně. Zpívají italsky, jidiš, anglicky, česky, řecky, romsky a samozřejmě francouzsky.</p>



<div style="height:40px" aria-hidden="true" class="wp-block-spacer"></div>



<h4 class="wp-block-heading"><strong>19:00 <mark style="background-color:rgba(0, 0, 0, 0)" class="has-inline-color has-color-text-color">Hudba dle libosti – kdo přijde, může si zahrát</mark></strong></h4>



<p>Pokud si chcete zahrát a přivítat první letní den svojí hudbou, prosím, ozvěte se předem na <a href="mailto:sophie_lefevre@seznam.cz" target="_blank" rel="noreferrer noopener">sophie_lefevre@seznam.cz</a> a domluvte si čas na vystoupení. Anebo přijďte jen tak a spontánně hudebně oslňte.</p>



<div style="height:40px" aria-hidden="true" class="wp-block-spacer"></div>



<h4 class="wp-block-heading"><strong>20:00 <mark style="background-color:rgba(0, 0, 0, 0)" class="has-inline-color has-color-text-color">LP party s DJ Romeo Green</mark></strong></h4>



<p>DJ Romeo Green roztančí parket (nejen) francouzskými vinyly všech hudebních epoch a žánrů.</p>



<ul class="wp-block-social-links is-layout-flex wp-block-social-links-is-layout-flex"><li class="wp-social-link wp-social-link-medium  wp-block-social-link"><a href="https://www.mixcloud.com/RomeoGreen/" class="wp-block-social-link-anchor" target="_blank" rel="noopener"><svg width="24" height="24" viewBox="0 0 24 24" version="1.1" xmlns="http://www.w3.org/2000/svg" aria-hidden="true" focusable="false"><path d="M13.2,12c0,3-2.4,5.4-5.3,5.4S2.6,15,2.6,12s2.4-5.4,5.3-5.4S13.2,9,13.2,12 M19.1,12c0,2.8-1.2,5-2.7,5s-2.7-2.3-2.7-5s1.2-5,2.7-5C17.9,7,19.1,9.2,19.1,12 M21.4,12c0,2.5-0.4,4.5-0.9,4.5c-0.5,0-0.9-2-0.9-4.5s0.4-4.5,0.9-4.5C21,7.5,21.4,9.5,21.4,12"></path></svg><span class="wp-block-social-link-label screen-reader-text">Medium</span></a></li></ul>



<div style="height:40px" aria-hidden="true" class="wp-block-spacer"></div>



<h4 class="wp-block-heading"><strong><mark style="background-color:rgba(0, 0, 0, 0)" class="has-inline-color has-color-text-color">Prezentace depozitáře galerie Pomezí</mark></strong></h4>



<p>Depozitář galerie Pomezí představí díla nejen současných brněnských malířů. Najdete u nás tyto umělce: Denisa Belzová, Marie Butula Cichá, Jiří Pikous, Laco Garaj, Lumír Seifert, Petr Lorenz, Lukáš Orlita, Vincent Chignier, Pavel Preisner, Petr Kunčík, Zuzana Štefunková Rusínová, Petr Skácel, Čeněk Dobiáš, Václav Kyselka a další.</p>



<div style="height:72px" aria-hidden="true" class="wp-block-spacer"></div>



<p>Za finanční podpory statutárního města Brna.</p>



<figure class="wp-block-image size-full is-resized"><img loading="lazy" decoding="async" width="482" height="217" src="https://www.afbrno.cz/wp-content/uploads/2024/06/Logo-mesto-Brno.png" alt="" class="wp-image-27886" style="width:189px;height:auto" srcset="https://www.afbrno.cz/wp-content/uploads/2024/06/Logo-mesto-Brno.png 482w, https://www.afbrno.cz/wp-content/uploads/2024/06/Logo-mesto-Brno-460x207.png 460w" sizes="auto, (max-width: 482px) 100vw, 482px" /></figure>

<p>Pomezí klub</p>
<p>Světový svátek hudby</p>
