{"id":32472,"date":"2025-05-23T15:09:36","date_gmt":"2025-05-23T13:09:36","guid":{"rendered":"https:\/\/www.afbrno.cz\/?post_type=kultura&#038;p=32472"},"modified":"2025-06-16T09:53:13","modified_gmt":"2025-06-16T07:53:13","slug":"soiree-quiz-6","status":"publish","type":"kultura","link":"https:\/\/www.afbrno.cz\/fr\/kultura\/soiree-quiz-6\/","title":{"rendered":"Soir\u00e9e quiz # 6"},"content":{"rendered":"\n<p><strong>Venez participer \u00e0 la 6\u00e8me \u00e9dition de notre quiz 100 % en fran\u00e7ais !<\/strong><\/p>\n\n\n\n<p><strong>Locuteurs natifs ou amateurs de la langue fran\u00e7aise<\/strong>, ne manquez pas cette occasion de tester vos connaissances sur des sujets aussi vari\u00e9s que possibles. Des questions stimulantes et des moments de convivialit\u00e9 vous attendent !<\/p>\n\n\n\n<p>Le quiz a lieu\u00a0<strong>le dimanche 15 juin de 19h \u00e0 21h30 au caf\u00e9\u00a0<a href=\"https:\/\/www.facebook.com\/KavarnaTrojka\/\" target=\"_blank\" rel=\"noreferrer noopener\">Kav\u00e1rna Trojka<\/a><\/strong>. La langue du quiz sera\u00a0<strong>le fran\u00e7ais<\/strong>.<\/p>\n\n\n\n<p>Merci de faire vos r\u00e9servations&nbsp;<strong>par \u00e9quipe<\/strong>&nbsp;(et non individuellement pour chaque participant). Des \u00e9quipes de 3 \u00e0 5 personnes sont attendues pour le quiz.<\/p>\n\n\n\n<div style=\"height:26px\" aria-hidden=\"true\" class=\"wp-block-spacer\"><\/div>\n\n\n\n<div class=\"wp-block-buttons is-layout-flex wp-block-buttons-is-layout-flex\">\n<div class=\"wp-block-button\"><a class=\"wp-block-button__link wp-element-button\" href=\"https:\/\/afbrno.rezervace.online\/cs\/view\/15-6-soiree-quiz-6-kavarna-trojka-r101499\" target=\"_blank\" rel=\"noreferrer noopener\">inscrire mon \u00e9quipe<\/a><\/div>\n<\/div>\n\n\n\n<p><\/p>\n\n\n\n<p><\/p>\n","protected":false},"excerpt":{"rendered":"<p>Kav\u00e1rna Trojka<\/p>\n<p>Nouveau quiz enti\u00e8rement en fran\u00e7ais pour toutes celles et tous ceux qui aiment des soir\u00e9es originales et amusantes !<\/p>\n","protected":false},"featured_media":30880,"parent":0,"template":"","zarazeni":[58],"class_list":["post-32472","kultura","type-kultura","status-publish","has-post-thumbnail","hentry","zarazeni-archiv-akci"],"acf":[],"_links":{"self":[{"href":"https:\/\/www.afbrno.cz\/fr\/wp-json\/wp\/v2\/kultura\/32472","targetHints":{"allow":["GET"]}}],"collection":[{"href":"https:\/\/www.afbrno.cz\/fr\/wp-json\/wp\/v2\/kultura"}],"about":[{"href":"https:\/\/www.afbrno.cz\/fr\/wp-json\/wp\/v2\/types\/kultura"}],"version-history":[{"count":1,"href":"https:\/\/www.afbrno.cz\/fr\/wp-json\/wp\/v2\/kultura\/32472\/revisions"}],"predecessor-version":[{"id":32473,"href":"https:\/\/www.afbrno.cz\/fr\/wp-json\/wp\/v2\/kultura\/32472\/revisions\/32473"}],"wp:featuredmedia":[{"embeddable":true,"href":"https:\/\/www.afbrno.cz\/fr\/wp-json\/wp\/v2\/media\/30880"}],"wp:attachment":[{"href":"https:\/\/www.afbrno.cz\/fr\/wp-json\/wp\/v2\/media?parent=32472"}],"wp:term":[{"taxonomy":"zarazeni","embeddable":true,"href":"https:\/\/www.afbrno.cz\/fr\/wp-json\/wp\/v2\/zarazeni?post=32472"}],"curies":[{"name":"wp","href":"https:\/\/api.w.org\/{rel}","templated":true}]}}

Soirée quiz # 6

<p><strong>Venez participer à la 6ème édition de notre quiz 100 % en français !</strong></p>



<p><strong>Locuteurs natifs ou amateurs de la langue française</strong>, ne manquez pas cette occasion de tester vos connaissances sur des sujets aussi variés que possibles. Des questions stimulantes et des moments de convivialité vous attendent !</p>



<p>Le quiz a lieu <strong>le dimanche 15 juin de 19h à 21h30 au café <a href="https://www.facebook.com/KavarnaTrojka/" target="_blank" rel="noreferrer noopener">Kavárna Trojka</a></strong>. La langue du quiz sera <strong>le français</strong>.</p>



<p>Merci de faire vos réservations&nbsp;<strong>par équipe</strong>&nbsp;(et non individuellement pour chaque participant). Des équipes de 3 à 5 personnes sont attendues pour le quiz.</p>



<div style="height:26px" aria-hidden="true" class="wp-block-spacer"></div>



<div class="wp-block-buttons is-layout-flex wp-block-buttons-is-layout-flex">
<div class="wp-block-button"><a class="wp-block-button__link wp-element-button" href="https://afbrno.rezervace.online/cs/view/15-6-soiree-quiz-6-kavarna-trojka-r101499" target="_blank" rel="noreferrer noopener">inscrire mon équipe</a></div>
</div>



<p></p>



<p></p>

<p>Kavárna Trojka</p>
<p>Nouveau quiz entièrement en français pour toutes celles et tous ceux qui aiment des soirées originales et amusantes !</p>
