{"id":32315,"date":"2025-05-13T08:32:36","date_gmt":"2025-05-13T06:32:36","guid":{"rendered":"https:\/\/www.afbrno.cz\/?post_type=kultura&#038;p=32315"},"modified":"2025-05-23T14:55:46","modified_gmt":"2025-05-23T12:55:46","slug":"jan-cep-uvahy-emigranta","status":"publish","type":"kultura","link":"https:\/\/www.afbrno.cz\/fr\/kultura\/jan-cep-uvahy-emigranta\/","title":{"rendered":"Jan \u010cep: \u00davahy emigranta"},"content":{"rendered":"\n<h3 class=\"wp-block-heading\"><mark style=\"background-color:rgba(0, 0, 0, 0)\" class=\"has-inline-color has-color-text-color\">Jan Zatloukal: Jan \u010cep p\u0159ed Francouzi. P\u0159\u00edli\u0161 rychl\u00fd posel \u0161patn\u00fdch zpr\u00e1v.<\/mark><\/h3>\n\n\n\n<p><strong><mark style=\"background-color:rgba(0, 0, 0, 0)\" class=\"has-inline-color has-color-text-color\">P\u0159edn\u00e1\u0161ka a autorsk\u00e9 \u010dten\u00ed<\/mark><\/strong><\/p>\n\n\n\n<p><strong>P\u0159edstaven\u00ed kni\u017en\u00ed novinky:  Jan Zatloukal, <em>Jan \u010cep, \u00davahy emigranta<\/em> (CDK, 2024)<\/strong><\/p>\n\n\n\n<p>N\u00e1stup&nbsp;komunistick\u00e9 diktatury&nbsp;po \u00fanoru 1948 donutil spisovatele<strong>&nbsp;Jana \u010cepa<\/strong>,&nbsp;<em>\u201eb\u00e1sn\u00edka jit\u0159n\u00edho zraku\u201c<\/em>, k odchodu do emigrace. Ihned po sv\u00e9m p\u0159\u00edchodu do&nbsp;Pa\u0159\u00ed\u017ee&nbsp;p\u00ed\u0161e pro tamn\u00ed noviny \u010dl\u00e1nky, ve kter\u00fdch se sna\u017e\u00ed z\u00e1padn\u00edmu \u010dten\u00e1\u0159i&nbsp;osv\u011btlit mechanismy totalitn\u00ed moci. Jak je sv\u011bdectv\u00ed, kter\u00e9 p\u0159in\u00e1\u0161\u00ed, na Z\u00e1pad\u011b p\u0159ijato? Jak\u00fdm t\u011b\u017ekostem \u010del\u00ed st\u0159edoevropsk\u00fd intelektu\u00e1l v pov\u00e1le\u010dn\u00e9 Francii? Pro\u010d se mu navzdory jazykov\u00e9 vybavenosti a liter\u00e1rn\u00edm zn\u00e1mostem nakonec nepoda\u0159\u00ed ve Francii prosadit, podobn\u011b jako se to povedlo o 20 let pozd\u011bji Milanu Kunderovi?<\/p>\n\n\n\n<p>Mgr. Jan Zatloukal, Ph.D. vyu\u010duje na Kated\u0159e romanistiky FF UP a \u0159\u00edd\u00ed Francouzsk\u00e9 centrum UP.<\/p>\n\n\n\n<p>Akci po\u0159\u00e1d\u00e1 <strong>Moravsk\u00e1 zemsk\u00e1 knihovna<\/strong>. Vstup voln\u00fd.<\/p>\n\n\n\n<p><\/p>\n\n\n\n<figure class=\"wp-block-image size-large is-resized\"><img loading=\"lazy\" decoding=\"async\" width=\"961\" height=\"1360\" src=\"https:\/\/www.afbrno.cz\/wp-content\/uploads\/2024\/12\/Jan-Zatloukal-Jan-Cep-Uvahy-emigranta-961x1360.jpg\" alt=\"\" class=\"wp-image-32326\" style=\"width:310px;height:auto\" srcset=\"https:\/\/www.afbrno.cz\/wp-content\/uploads\/2024\/12\/Jan-Zatloukal-Jan-Cep-Uvahy-emigranta-961x1360.jpg 961w, https:\/\/www.afbrno.cz\/wp-content\/uploads\/2024\/12\/Jan-Zatloukal-Jan-Cep-Uvahy-emigranta-325x460.jpg 325w, https:\/\/www.afbrno.cz\/wp-content\/uploads\/2024\/12\/Jan-Zatloukal-Jan-Cep-Uvahy-emigranta-768x1086.jpg 768w, https:\/\/www.afbrno.cz\/wp-content\/uploads\/2024\/12\/Jan-Zatloukal-Jan-Cep-Uvahy-emigranta.jpg 1770w\" sizes=\"auto, (max-width: 961px) 100vw, 961px\" \/><\/figure>\n\n\n\n<p>Foto: archiv J. Zatloukala<\/p>\n\n\n\n<p><\/p>\n","protected":false},"excerpt":{"rendered":"<p>Moravsk\u00e1 zemsk\u00e1 knihovna<\/p>\n<p>p\u0159edn\u00e1\u0161ka a autorsk\u00e9 \u010dten\u00ed<\/p>\n","protected":false},"featured_media":32320,"parent":0,"template":"","zarazeni":[58],"class_list":["post-32315","kultura","type-kultura","status-publish","has-post-thumbnail","hentry","zarazeni-archiv-akci"],"acf":[],"_links":{"self":[{"href":"https:\/\/www.afbrno.cz\/fr\/wp-json\/wp\/v2\/kultura\/32315","targetHints":{"allow":["GET"]}}],"collection":[{"href":"https:\/\/www.afbrno.cz\/fr\/wp-json\/wp\/v2\/kultura"}],"about":[{"href":"https:\/\/www.afbrno.cz\/fr\/wp-json\/wp\/v2\/types\/kultura"}],"version-history":[{"count":7,"href":"https:\/\/www.afbrno.cz\/fr\/wp-json\/wp\/v2\/kultura\/32315\/revisions"}],"predecessor-version":[{"id":32330,"href":"https:\/\/www.afbrno.cz\/fr\/wp-json\/wp\/v2\/kultura\/32315\/revisions\/32330"}],"wp:featuredmedia":[{"embeddable":true,"href":"https:\/\/www.afbrno.cz\/fr\/wp-json\/wp\/v2\/media\/32320"}],"wp:attachment":[{"href":"https:\/\/www.afbrno.cz\/fr\/wp-json\/wp\/v2\/media?parent=32315"}],"wp:term":[{"taxonomy":"zarazeni","embeddable":true,"href":"https:\/\/www.afbrno.cz\/fr\/wp-json\/wp\/v2\/zarazeni?post=32315"}],"curies":[{"name":"wp","href":"https:\/\/api.w.org\/{rel}","templated":true}]}}

Jan Čep: Úvahy emigranta

<h3 class="wp-block-heading"><mark style="background-color:rgba(0, 0, 0, 0)" class="has-inline-color has-color-text-color">Jan Zatloukal: Jan Čep před Francouzi. Příliš rychlý posel špatných zpráv.</mark></h3>



<p><strong><mark style="background-color:rgba(0, 0, 0, 0)" class="has-inline-color has-color-text-color">Přednáška a autorské čtení</mark></strong></p>



<p><strong>Představení knižní novinky:  Jan Zatloukal, <em>Jan Čep, Úvahy emigranta</em> (CDK, 2024)</strong></p>



<p>Nástup&nbsp;komunistické diktatury&nbsp;po únoru 1948 donutil spisovatele<strong>&nbsp;Jana Čepa</strong>,&nbsp;<em>„básníka jitřního zraku“</em>, k odchodu do emigrace. Ihned po svém příchodu do&nbsp;Paříže&nbsp;píše pro tamní noviny články, ve kterých se snaží západnímu čtenáři&nbsp;osvětlit mechanismy totalitní moci. Jak je svědectví, které přináší, na Západě přijato? Jakým těžkostem čelí středoevropský intelektuál v poválečné Francii? Proč se mu navzdory jazykové vybavenosti a literárním známostem nakonec nepodaří ve Francii prosadit, podobně jako se to povedlo o 20 let později Milanu Kunderovi?</p>



<p>Mgr. Jan Zatloukal, Ph.D. vyučuje na Katedře romanistiky FF UP a řídí Francouzské centrum UP.</p>



<p>Akci pořádá <strong>Moravská zemská knihovna</strong>. Vstup volný.</p>



<p></p>



<figure class="wp-block-image size-large is-resized"><img loading="lazy" decoding="async" width="961" height="1360" src="https://www.afbrno.cz/wp-content/uploads/2024/12/Jan-Zatloukal-Jan-Cep-Uvahy-emigranta-961x1360.jpg" alt="" class="wp-image-32326" style="width:310px;height:auto" srcset="https://www.afbrno.cz/wp-content/uploads/2024/12/Jan-Zatloukal-Jan-Cep-Uvahy-emigranta-961x1360.jpg 961w, https://www.afbrno.cz/wp-content/uploads/2024/12/Jan-Zatloukal-Jan-Cep-Uvahy-emigranta-325x460.jpg 325w, https://www.afbrno.cz/wp-content/uploads/2024/12/Jan-Zatloukal-Jan-Cep-Uvahy-emigranta-768x1086.jpg 768w, https://www.afbrno.cz/wp-content/uploads/2024/12/Jan-Zatloukal-Jan-Cep-Uvahy-emigranta.jpg 1770w" sizes="auto, (max-width: 961px) 100vw, 961px" /></figure>



<p>Foto: archiv J. Zatloukala</p>



<p></p>

<p>Moravská zemská knihovna</p>
<p>přednáška a autorské čtení</p>
