{"id":31824,"date":"2025-01-02T10:00:00","date_gmt":"2025-01-02T09:00:00","guid":{"rendered":"https:\/\/www.afbrno.cz\/?post_type=kultura&#038;p=31824"},"modified":"2026-01-29T20:40:37","modified_gmt":"2026-01-29T19:40:37","slug":"le-revizor-20250328","status":"publish","type":"kultura","link":"https:\/\/www.afbrno.cz\/fr\/kultura\/le-revizor-20250328\/","title":{"rendered":"Le Revizor"},"content":{"rendered":"\n<p>On vivait jusque-l\u00e0 en paix. On jouait aux cartes, on s\u2019offrait quelques verres, on prenait du bon temps. Le gouverneur savait fermer un \u0153il et ne se m\u00ealait gu\u00e8re de la vie de ses admi-nistr\u00e9s. Et les notables, modestement corrompus, prosp\u00e9raient modestement.<\/p>\n\n\n\n<p>Quand la rumeur s\u2019est abattue sur la petite bourgade russe comme la foudre : Saint P\u00e9tersbourg a envoy\u00e9 un revizor !<\/p>\n\n\n\n<p>Sit\u00f4t identifi\u00e9, l\u2019\u00e9tranger est l\u2019objet de toutes les flagorneries et agit comme le r\u00e9v\u00e9lateur des rivalit\u00e9s et des ambitions refoul\u00e9es de cette petite soci\u00e9t\u00e9 provinciale.<\/p>\n\n\n\n<p><strong>Spectacle en fran\u00e7ais avec les sous-titres en tch<\/strong><strong>\u00e8<\/strong><strong>que.<\/strong><strong><\/strong><\/p>\n\n\n\n<p>Sur un texte de N. V. Gogol traduit par Arthur Adamov, la dramaturgie a \u00e9t\u00e9 pr\u00e9par\u00e9e et mise en sc\u00e8ne par Thierry Saint Arnoult et les \u00e9l\u00e8ves du lyc\u00e9e Maty\u00e1\u0161 Lerch de Brno (acteurs et actrices de la troupe de th\u00e9\u00e2tre lyc\u00e9enTrapn\u00e9 Ticho).<\/p>\n\n\n\n<p><strong>Avec : <\/strong>Sofia Alexandra Aubry, Eva Fejfu\u0161ov\u00e1, Kry\u0161tof Huba, Barbora Ka\u010dm\u00e1\u0159ov\u00e1, Mat\u011bj Kloza, Mat\u011bj Kos\u00edk, Ema Ondrov\u00e1, Claudie Parolkov\u00e1, Valent\u00fdna Proch\u00e1zkov\u00e1, Thibaud Saint-Arnoult, Sofie Samkov\u00e1, Justina Tomanov\u00e1, \u0160imona Va\u0148kov\u00e1<\/p>\n\n\n\n<p>Aucune r\u00e9servation pr\u00e9alable. Entr\u00e9e libre.<\/p>\n\n\n\n<p><strong>Acc\u00e8s par l&rsquo;entr\u00e9e de service situ\u00e9e \u00e0 l&rsquo;arri\u00e8re de l&rsquo;atrium.<\/strong><\/p>\n\n\n\n<p>Cr\u00e9dits photo \u00a9 Juraj Ko\u017eiak<\/p>\n\n\n\n<p>Un enregistrement photographique et\/ou audiovisuel de l&rsquo;\u00e9v\u00e9nement peut \u00eatre r\u00e9alis\u00e9. Le mat\u00e9riel peut \u00eatre publi\u00e9.<\/p>\n\n\n\n<div style=\"height:45px\" aria-hidden=\"true\" class=\"wp-block-spacer\"><\/div>\n\n\n\n<p>\u00c9v\u00e9nement organis\u00e9 dans le cadre des&nbsp;<a href=\"https:\/\/www.afbrno.cz\/fr\/zarazeni\/journees-de-la-francophonie\/\">Journ\u00e9es de la francophonie<\/a>.<\/p>\n\n\n\n<div style=\"height:45px\" aria-hidden=\"true\" class=\"wp-block-spacer\"><\/div>\n\n\n\n<p>Avec le soutien financier de la Ville de Brno.<\/p>\n\n\n\n<figure class=\"wp-block-image size-full is-resized\"><img loading=\"lazy\" decoding=\"async\" width=\"482\" height=\"217\" src=\"https:\/\/www.afbrno.cz\/wp-content\/uploads\/2024\/06\/Logo-mesto-Brno.png\" alt=\"\" class=\"wp-image-27886\" style=\"width:189px;height:auto\" srcset=\"https:\/\/www.afbrno.cz\/wp-content\/uploads\/2024\/06\/Logo-mesto-Brno.png 482w, https:\/\/www.afbrno.cz\/wp-content\/uploads\/2024\/06\/Logo-mesto-Brno-460x207.png 460w\" sizes=\"auto, (max-width: 482px) 100vw, 482px\" \/><\/figure>\n","protected":false},"excerpt":{"rendered":"<p>Journ\u00e9e de la francophonie \u2013 Divadlo na Orl\u00ed<\/p>\n<p>Une com\u00e9die c\u00e9l\u00e8bre interpr\u00e9t\u00e9e par la troupe de th\u00e9\u00e2tre fran\u00e7aise du lyc\u00e9e Maty\u00e1\u0161 Lerch<\/p>\n","protected":false},"featured_media":31817,"parent":0,"template":"","zarazeni":[60],"class_list":["post-31824","kultura","type-kultura","status-publish","has-post-thumbnail","hentry","zarazeni-evenements-passes"],"acf":[],"_links":{"self":[{"href":"https:\/\/www.afbrno.cz\/fr\/wp-json\/wp\/v2\/kultura\/31824","targetHints":{"allow":["GET"]}}],"collection":[{"href":"https:\/\/www.afbrno.cz\/fr\/wp-json\/wp\/v2\/kultura"}],"about":[{"href":"https:\/\/www.afbrno.cz\/fr\/wp-json\/wp\/v2\/types\/kultura"}],"version-history":[{"count":4,"href":"https:\/\/www.afbrno.cz\/fr\/wp-json\/wp\/v2\/kultura\/31824\/revisions"}],"predecessor-version":[{"id":32201,"href":"https:\/\/www.afbrno.cz\/fr\/wp-json\/wp\/v2\/kultura\/31824\/revisions\/32201"}],"wp:featuredmedia":[{"embeddable":true,"href":"https:\/\/www.afbrno.cz\/fr\/wp-json\/wp\/v2\/media\/31817"}],"wp:attachment":[{"href":"https:\/\/www.afbrno.cz\/fr\/wp-json\/wp\/v2\/media?parent=31824"}],"wp:term":[{"taxonomy":"zarazeni","embeddable":true,"href":"https:\/\/www.afbrno.cz\/fr\/wp-json\/wp\/v2\/zarazeni?post=31824"}],"curies":[{"name":"wp","href":"https:\/\/api.w.org\/{rel}","templated":true}]}}

<p>On vivait jusque-là en paix. On jouait aux cartes, on s’offrait quelques verres, on prenait du bon temps. Le gouverneur savait fermer un œil et ne se mêlait guère de la vie de ses admi-nistrés. Et les notables, modestement corrompus, prospéraient modestement.</p>



<p>Quand la rumeur s’est abattue sur la petite bourgade russe comme la foudre : Saint Pétersbourg a envoyé un revizor !</p>



<p>Sitôt identifié, l’étranger est l’objet de toutes les flagorneries et agit comme le révélateur des rivalités et des ambitions refoulées de cette petite société provinciale.</p>



<p><strong>Spectacle en français avec les sous-titres en tch</strong><strong>è</strong><strong>que.</strong><strong></strong></p>



<p>Sur un texte de N. V. Gogol traduit par Arthur Adamov, la dramaturgie a été préparée et mise en scène par Thierry Saint Arnoult et les élèves du lycée Matyáš Lerch de Brno (acteurs et actrices de la troupe de théâtre lycéenTrapné Ticho).</p>



<p><strong>Avec : </strong>Sofia Alexandra Aubry, Eva Fejfušová, Kryštof Huba, Barbora Kačmářová, Matěj Kloza, Matěj Kosík, Ema Ondrová, Claudie Parolková, Valentýna Procházková, Thibaud Saint-Arnoult, Sofie Samková, Justina Tomanová, Šimona Vaňková</p>



<p>Aucune réservation préalable. Entrée libre.</p>



<p><strong>Accès par l&rsquo;entrée de service située à l&rsquo;arrière de l&rsquo;atrium.</strong></p>



<p>Crédits photo © Juraj Kožiak</p>



<p>Un enregistrement photographique et/ou audiovisuel de l&rsquo;événement peut être réalisé. Le matériel peut être publié.</p>



<div style="height:45px" aria-hidden="true" class="wp-block-spacer"></div>



<p>Événement organisé dans le cadre des&nbsp;<a href="https://www.afbrno.cz/fr/zarazeni/journees-de-la-francophonie/">Journées de la francophonie</a>.</p>



<div style="height:45px" aria-hidden="true" class="wp-block-spacer"></div>



<p>Avec le soutien financier de la Ville de Brno.</p>



<figure class="wp-block-image size-full is-resized"><img loading="lazy" decoding="async" width="482" height="217" src="https://www.afbrno.cz/wp-content/uploads/2024/06/Logo-mesto-Brno.png" alt="" class="wp-image-27886" style="width:189px;height:auto" srcset="https://www.afbrno.cz/wp-content/uploads/2024/06/Logo-mesto-Brno.png 482w, https://www.afbrno.cz/wp-content/uploads/2024/06/Logo-mesto-Brno-460x207.png 460w" sizes="auto, (max-width: 482px) 100vw, 482px" /></figure>

<p>Journée de la francophonie – Divadlo na Orlí</p>
<p>Une comédie célèbre interprétée par la troupe de théâtre française du lycée Matyáš Lerch</p>
