{"id":31745,"date":"2024-12-14T22:10:00","date_gmt":"2024-12-14T21:10:00","guid":{"rendered":"https:\/\/www.afbrno.cz\/?post_type=kultura&#038;p=31745"},"modified":"2026-01-29T20:40:44","modified_gmt":"2026-01-29T19:40:44","slug":"soiree-quiz-4","status":"publish","type":"kultura","link":"https:\/\/www.afbrno.cz\/fr\/kultura\/soiree-quiz-4\/","title":{"rendered":"Soir\u00e9e quiz # 4"},"content":{"rendered":"\n<p><strong>Venez participer \u00e0 la 4\u00e8me \u00e9dition du quiz enti\u00e8rement en fran\u00e7ais pour toutes celles et tous ceux qui aiment des soir\u00e9es originales et amusantes !<\/strong><\/p>\n\n\n\n<p><strong>Cette \u00e9dition sera sp\u00e9cialement d\u00e9di\u00e9e au th\u00e8me de LA FRANCOPHONIE.<\/strong><\/p>\n\n\n\n<p><strong>Locuteurs natifs ou amateurs de la langue fran\u00e7aise<\/strong>, ne manquez pas cette occasion de tester vos connaissances sur des sujets aussi vari\u00e9s que possibles. Des questions stimulantes et des moments de convivialit\u00e9 vous attendent !<\/p>\n\n\n\n<p>Le quiz a lieu&nbsp;<strong>le dimanche 30 mars de 19h \u00e0 21h30 au caf\u00e9&nbsp;<a href=\"https:\/\/www.facebook.com\/KavarnaTrojka\/\" target=\"_blank\" rel=\"noreferrer noopener\">Kav\u00e1rna Trojka<\/a><\/strong>. La langue du quiz sera&nbsp;<strong>le fran\u00e7ais<\/strong>.<\/p>\n\n\n\n<p>Merci de faire vos r\u00e9servations\u00a0<strong>par \u00e9quipe<\/strong>\u00a0(et non individuellement pour chaque participant). Des \u00e9quipes de 3 \u00e0 5 personnes sont attendues pour le quiz.<\/p>\n\n\n\n<p><\/p>\n\n\n\n<p>Ev\u00e9nement organis\u00e9 dans le cadre des <a href=\"https:\/\/www.afbrno.cz\/fr\/zarazeni\/journees-de-la-francophonie\/\" target=\"_blank\" data-type=\"link\" data-id=\"https:\/\/www.afbrno.cz\/fr\/zarazeni\/journees-de-la-francophonie\/\" rel=\"noreferrer noopener\">Journ\u00e9es de la francophonie<\/a>.<\/p>\n\n\n\n<div style=\"height:26px\" aria-hidden=\"true\" class=\"wp-block-spacer\"><\/div>\n\n\n\n<div class=\"wp-block-buttons is-layout-flex wp-block-buttons-is-layout-flex\">\n<div class=\"wp-block-button\"><a class=\"wp-block-button__link wp-element-button\" href=\"https:\/\/afbrno.rezervace.online\/cs\/view\/30-3-soiree-quiz-kavarna-trojka-r93164\" target=\"_blank\" rel=\"noreferrer noopener\">inscrire mon \u00e9quipe<\/a><\/div>\n<\/div>\n\n\n\n<p><\/p>\n\n\n\n<p>Des enregistrements photographiques et\/ou audiovisuels pourront \u00eatre faits lors des \u00e9v\u00e9nements. Le mat\u00e9riel pourra \u00eatre publi\u00e9.<\/p>\n","protected":false},"excerpt":{"rendered":"<p>Journ\u00e9es de la francophonie &#8211; Kav\u00e1rna Trojka<\/p>\n","protected":false},"featured_media":30881,"parent":0,"template":"","zarazeni":[60],"class_list":["post-31745","kultura","type-kultura","status-publish","has-post-thumbnail","hentry","zarazeni-evenements-passes"],"acf":[],"_links":{"self":[{"href":"https:\/\/www.afbrno.cz\/fr\/wp-json\/wp\/v2\/kultura\/31745","targetHints":{"allow":["GET"]}}],"collection":[{"href":"https:\/\/www.afbrno.cz\/fr\/wp-json\/wp\/v2\/kultura"}],"about":[{"href":"https:\/\/www.afbrno.cz\/fr\/wp-json\/wp\/v2\/types\/kultura"}],"version-history":[{"count":2,"href":"https:\/\/www.afbrno.cz\/fr\/wp-json\/wp\/v2\/kultura\/31745\/revisions"}],"predecessor-version":[{"id":31985,"href":"https:\/\/www.afbrno.cz\/fr\/wp-json\/wp\/v2\/kultura\/31745\/revisions\/31985"}],"wp:featuredmedia":[{"embeddable":true,"href":"https:\/\/www.afbrno.cz\/fr\/wp-json\/wp\/v2\/media\/30881"}],"wp:attachment":[{"href":"https:\/\/www.afbrno.cz\/fr\/wp-json\/wp\/v2\/media?parent=31745"}],"wp:term":[{"taxonomy":"zarazeni","embeddable":true,"href":"https:\/\/www.afbrno.cz\/fr\/wp-json\/wp\/v2\/zarazeni?post=31745"}],"curies":[{"name":"wp","href":"https:\/\/api.w.org\/{rel}","templated":true}]}}

Soirée quiz # 4

<p><strong>Venez participer à la 4ème édition du quiz entièrement en français pour toutes celles et tous ceux qui aiment des soirées originales et amusantes !</strong></p>



<p><strong>Cette édition sera spécialement dédiée au thème de LA FRANCOPHONIE.</strong></p>



<p><strong>Locuteurs natifs ou amateurs de la langue française</strong>, ne manquez pas cette occasion de tester vos connaissances sur des sujets aussi variés que possibles. Des questions stimulantes et des moments de convivialité vous attendent !</p>



<p>Le quiz a lieu&nbsp;<strong>le dimanche 30 mars de 19h à 21h30 au café&nbsp;<a href="https://www.facebook.com/KavarnaTrojka/" target="_blank" rel="noreferrer noopener">Kavárna Trojka</a></strong>. La langue du quiz sera&nbsp;<strong>le français</strong>.</p>



<p>Merci de faire vos réservations <strong>par équipe</strong> (et non individuellement pour chaque participant). Des équipes de 3 à 5 personnes sont attendues pour le quiz.</p>



<p></p>



<p>Evénement organisé dans le cadre des <a href="https://www.afbrno.cz/fr/zarazeni/journees-de-la-francophonie/" target="_blank" data-type="link" data-id="https://www.afbrno.cz/fr/zarazeni/journees-de-la-francophonie/" rel="noreferrer noopener">Journées de la francophonie</a>.</p>



<div style="height:26px" aria-hidden="true" class="wp-block-spacer"></div>



<div class="wp-block-buttons is-layout-flex wp-block-buttons-is-layout-flex">
<div class="wp-block-button"><a class="wp-block-button__link wp-element-button" href="https://afbrno.rezervace.online/cs/view/30-3-soiree-quiz-kavarna-trojka-r93164" target="_blank" rel="noreferrer noopener">inscrire mon équipe</a></div>
</div>



<p></p>



<p>Des enregistrements photographiques et/ou audiovisuels pourront être faits lors des événements. Le matériel pourra être publié.</p>

<p>Journées de la francophonie &#8211; Kavárna Trojka</p>
