{"id":31604,"date":"2024-12-09T21:00:00","date_gmt":"2024-12-09T20:00:00","guid":{"rendered":"https:\/\/www.afbrno.cz\/?post_type=kultura&#038;p=31604"},"modified":"2025-04-11T07:43:54","modified_gmt":"2025-04-11T05:43:54","slug":"cekani-na-godota-20250411","status":"publish","type":"kultura","link":"https:\/\/www.afbrno.cz\/fr\/kultura\/cekani-na-godota-20250411\/","title":{"rendered":"\u010cek\u00e1n\u00ed na Godota"},"content":{"rendered":"\n<p><strong>I jen \u010dekat se n\u011bkdy vyplat\u00ed!<\/strong><\/p>\n\n\n\n<p><\/p>\n\n\n\n<p>Autor: Samuel Beckett<\/p>\n\n\n\n<p>Re\u017eie: Michal Vajdi\u010dka<\/p>\n\n\n\n<p><\/p>\n\n\n\n<p>Vladim\u00edr a Estragon \u2013 dva tul\u00e1ci a klauni, kte\u0159\u00ed sed\u00ed pod stromem a \u010dekaj\u00ed na p\u0159\u00edchod n\u011bkoho jm\u00e9nem Godot. Jm\u00e9no p\u0159\u00edchoz\u00edho je ov\u0161em to jedin\u00e9, co v\u011bd\u00ed s jistotou. Nev\u00ed ani, zda \u010dekaj\u00ed na spr\u00e1vn\u00e9m m\u00edst\u011b, ve spr\u00e1vn\u00fd den \u010di \u010das. Jejich dialogy, zalo\u017een\u00e9 na zd\u00e1nliv\u011b nesmysln\u00fdch v\u011bt\u00e1ch a nic ne\u0159\u00edkaj\u00edc\u00edch kli\u0161\u00e9, se postupn\u011b prom\u011b\u0148uj\u00ed ve sv\u011bdectv\u00ed o absurdit\u011b lidsk\u00e9 existence. \u010cek\u00e1n\u00ed se tak st\u00e1v\u00e1 metaforou hled\u00e1n\u00ed jak\u00e9koliv nad\u011bje a nemo\u017enosti vystoupit z koloto\u010de vlastn\u00ed bezv\u00fdznamnosti. Oba hlavn\u00ed hrdinov\u00e9 u\u017e sv\u00fdmi jm\u00e9ny \u2013 Vladim\u00edr neboli Vl\u00e1dce v\u0161ehom\u00edra a Estragon neboli Pelyn\u011bk \u2013 p\u0159edznamen\u00e1vaj\u00ed styl hry, v n\u011bm\u017e se m\u00eds\u00ed jemn\u00e1 ironie s krutost\u00ed, d\u011btsk\u00e1 hravost s nejni\u017e\u0161\u00edmi pudy.<\/p>\n\n\n\n<p>Irsk\u00fd dramatik a nositel Nobelovy ceny za literaturu Samuel Beckett (1906\u20131989) se d\u00edky tomuto textu stal p\u0159edn\u00edm p\u0159edstavitelem absurdn\u00edho dramatu. V\u00a0<em>\u010cek\u00e1n\u00ed na Godot<\/em>a (1949) bravurn\u011b odhaluje obna\u017eenost sv\u011bta po 2. sv\u011btov\u00e9 v\u00e1lce, ve kter\u00e9m se jazyk st\u00e1v\u00e1 sv\u011bdkem \u010din\u016f, pro n\u011b\u017e se t\u011b\u017eko hledaj\u00ed slova. I p\u0159es intelektu\u00e1ln\u00ed koncept s mno\u017estv\u00edm paradox\u016f je\u00a0<em>\u010cek\u00e1n\u00ed na Godota<\/em>\u00a0napln\u011bn\u00e9 situa\u010dn\u00ed komikou i sv\u00e9r\u00e1zn\u00fdm smyslem pro humor, a t\u00edm vytv\u00e1\u0159\u00ed sv\u011bt nov\u00fd \u2013 absurdn\u00ed, ale uv\u011b\u0159iteln\u00fd a velmi lidsk\u00fd. Nejslavn\u011bj\u0161\u00ed absurdn\u00ed tragikomedii, v n\u00ed\u017e se nic um\u00ed prom\u011bnit v nekone\u010dno, b\u0159itk\u00fd humor v poezii a \u010dek\u00e1n\u00ed v cestu po m\u00e9n\u011b viditeln\u00fdch krajin\u00e1ch lidsk\u00e9 existence, uv\u00e1d\u00ed N\u00e1rodn\u00ed divadlo Brno v re\u017eii Michala Vajdi\u010dky.<\/p>\n\n\n\n<p><\/p>\n\n\n\n<p>Zdroj a foto: N\u00e1rodn\u00ed divadlo Brno<\/p>\n","protected":false},"excerpt":{"rendered":"<p>Mahenovo divadlo \/ \u010cinohra NdB<\/p>\n<p>I jen \u010dekat se n\u011bkdy vyplat\u00ed!<\/p>\n<p>Nejslavn\u011bj\u0161\u00ed absurdn\u00ed tragikomedie.<\/p>\n","protected":false},"featured_media":31610,"parent":0,"template":"","zarazeni":[58],"class_list":["post-31604","kultura","type-kultura","status-publish","has-post-thumbnail","hentry","zarazeni-archiv-akci"],"acf":[],"_links":{"self":[{"href":"https:\/\/www.afbrno.cz\/fr\/wp-json\/wp\/v2\/kultura\/31604","targetHints":{"allow":["GET"]}}],"collection":[{"href":"https:\/\/www.afbrno.cz\/fr\/wp-json\/wp\/v2\/kultura"}],"about":[{"href":"https:\/\/www.afbrno.cz\/fr\/wp-json\/wp\/v2\/types\/kultura"}],"version-history":[{"count":3,"href":"https:\/\/www.afbrno.cz\/fr\/wp-json\/wp\/v2\/kultura\/31604\/revisions"}],"predecessor-version":[{"id":31612,"href":"https:\/\/www.afbrno.cz\/fr\/wp-json\/wp\/v2\/kultura\/31604\/revisions\/31612"}],"wp:featuredmedia":[{"embeddable":true,"href":"https:\/\/www.afbrno.cz\/fr\/wp-json\/wp\/v2\/media\/31610"}],"wp:attachment":[{"href":"https:\/\/www.afbrno.cz\/fr\/wp-json\/wp\/v2\/media?parent=31604"}],"wp:term":[{"taxonomy":"zarazeni","embeddable":true,"href":"https:\/\/www.afbrno.cz\/fr\/wp-json\/wp\/v2\/zarazeni?post=31604"}],"curies":[{"name":"wp","href":"https:\/\/api.w.org\/{rel}","templated":true}]}}

Čekání na Godota

<p><strong>I jen čekat se někdy vyplatí!</strong></p>



<p></p>



<p>Autor: Samuel Beckett</p>



<p>Režie: Michal Vajdička</p>



<p></p>



<p>Vladimír a Estragon – dva tuláci a klauni, kteří sedí pod stromem a čekají na příchod někoho jménem Godot. Jméno příchozího je ovšem to jediné, co vědí s jistotou. Neví ani, zda čekají na správném místě, ve správný den či čas. Jejich dialogy, založené na zdánlivě nesmyslných větách a nic neříkajících klišé, se postupně proměňují ve svědectví o absurditě lidské existence. Čekání se tak stává metaforou hledání jakékoliv naděje a nemožnosti vystoupit z kolotoče vlastní bezvýznamnosti. Oba hlavní hrdinové už svými jmény – Vladimír neboli Vládce všehomíra a Estragon neboli Pelyněk – předznamenávají styl hry, v němž se mísí jemná ironie s krutostí, dětská hravost s nejnižšími pudy.</p>



<p>Irský dramatik a nositel Nobelovy ceny za literaturu Samuel Beckett (1906–1989) se díky tomuto textu stal předním představitelem absurdního dramatu. V <em>Čekání na Godot</em>a (1949) bravurně odhaluje obnaženost světa po 2. světové válce, ve kterém se jazyk stává svědkem činů, pro něž se těžko hledají slova. I přes intelektuální koncept s množstvím paradoxů je <em>Čekání na Godota</em> naplněné situační komikou i svérázným smyslem pro humor, a tím vytváří svět nový – absurdní, ale uvěřitelný a velmi lidský. Nejslavnější absurdní tragikomedii, v níž se nic umí proměnit v nekonečno, břitký humor v poezii a čekání v cestu po méně viditelných krajinách lidské existence, uvádí Národní divadlo Brno v režii Michala Vajdičky.</p>



<p></p>



<p>Zdroj a foto: Národní divadlo Brno</p>

<p>Mahenovo divadlo / Činohra NdB</p>
<p>I jen čekat se někdy vyplatí!</p>
<p>Nejslavnější absurdní tragikomedie.</p>
