{"id":31592,"date":"2025-01-10T10:00:00","date_gmt":"2025-01-10T09:00:00","guid":{"rendered":"https:\/\/www.afbrno.cz\/?post_type=kultura&#038;p=31592"},"modified":"2025-03-20T08:22:04","modified_gmt":"2025-03-20T07:22:04","slug":"coco-chanel-20250319","status":"publish","type":"kultura","link":"https:\/\/www.afbrno.cz\/fr\/kultura\/coco-chanel-20250319\/","title":{"rendered":"Coco Chanel"},"content":{"rendered":"\n<p><strong>P\u0159\u00edb\u011bh vizion\u00e1\u0159sk\u00e9 kreativity, kter\u00e1 zm\u011bnila zp\u016fsob \u017eensk\u00e9ho obl\u00e9k\u00e1n\u00ed. Coco Chanel jako neboj\u00e1cnost, dravost a risk, stejn\u011b jako vkus, filozofie a zna\u010dka. Sou\u010dasn\u00fd balet M\u00e1ria Rada\u010dovsk\u00e9ho o \u017een\u011b, kter\u00e1 z\u00e1sadn\u011b ovlivnila sv\u011bt m\u00f3dy.<\/strong><strong><\/strong><\/p>\n\n\n\n<p><strong>Choreografie:<\/strong> M\u00e1rio Rada\u010dovsk\u00fd<\/p>\n\n\n\n<p>Tv\u016fr\u010d\u00ed pozornost M\u00e1ria Rada\u010dovsk\u00e9ho uchv\u00e1tila v\u00fdjime\u010dn\u00e1 \u017eena, kter\u00e1 zm\u011bnou \u0161atn\u00edku modern\u00ed \u017eeny p\u0159evr\u00e1tila sv\u011bt m\u00f3dy vzh\u016fru nohama. Jej\u00ed cesta na vrchol, jak to u v\u00fdjime\u010dn\u00fdch lid\u00ed b\u00fdv\u00e1, byla bolav\u00e1, trnit\u00e1, ale pro choreografa M\u00e1ria Rada\u010dovsk\u00e9ho nejd\u016fle\u017eit\u011bj\u0161\u00ed slov\u00ed\u010dko charakteristiky je, \u017ee byla opravdov\u00e1, skute\u010dn\u00e1. V&nbsp;dne\u0161n\u00edm sv\u011bt\u011b se \u010dasto vzd\u00e1v\u00e1me bez boje, proto\u017ee je to snaz\u0161\u00ed, komfortn\u011bj\u0161\u00ed. Mnoh\u00e1 na\u0161e rozhodnut\u00ed jsou odsouv\u00e1na, proto\u017ee vzbuzuj\u00ed nutnost sebezap\u0159en\u00ed. Jen\u017ee cesta za \u00fasp\u011bchem nezn\u00e1 zkratky. A p\u0159\u00edb\u011bh Coco Chanel m\u016f\u017ee slou\u017eit za p\u0159\u00edklad a je d\u016fkazem, jak d\u016fle\u017eit\u00fd je faktor v\u00fddr\u017ee odhodl\u00e1n\u00ed a jasn\u00e9ho sm\u011b\u0159ov\u00e1n\u00ed j\u00edt si za sv\u00fdm c\u00edlem a b\u00fdt schopen pro \u00fasp\u011bch ob\u011btovat a pod\u0159\u00eddit mu t\u00e9m\u011b\u0159 v\u0161echno.<\/p>\n\n\n\n<p>Stejn\u011b jako u Beethovena i u Coco Chanel je choreograf fascinov\u00e1n dosahem jej\u00edho vlivu a v\u00fdznamu, jej\u00ed schopnost\u00ed prom\u011bnit sv\u016fj obor takov\u00fdm zp\u016fsobem, \u017ee vn\u00edm\u00e1me s&nbsp;nads\u00e1zkou sv\u011bt m\u00f3dy p\u0159ed a po Chanel. Tak jako na v\u011bt\u0161in\u011b sv\u00fdch inscenac\u00ed bude M\u00e1rio Rada\u010dovsk\u00fd spolupracovat se sv\u00fdm osv\u011bd\u010den\u00fdm slovensk\u00fdm v\u00fdtvarnick\u00fdm t\u00fdmem. Autorem sc\u00e9ny bude Marek Holl\u00fd a l\u00e1kavou v\u00fdzvu kost\u00fdmn\u00ed v\u00fdpravy v&nbsp;duchu Coco Chanel p\u0159ijala \u013dudmila V\u00e1rossov\u00e1.<\/p>\n\n\n\n<p><\/p>\n\n\n\n<p>Foto \u00a9 Martin Div\u00ed\u0161ek<\/p>\n","protected":false},"excerpt":{"rendered":"<p>Mahenovo divadlo \/ Balet NdB<\/p>\n<p>P\u0159\u00edb\u011bh vizion\u00e1\u0159sk\u00e9 kreativity, kter\u00e1 zm\u011bnila zp\u016fsob \u017eensk\u00e9ho obl\u00e9k\u00e1n\u00ed. Coco Chanel jako neboj\u00e1cnost, dravost a risk, stejn\u011b jako vkus, filozofie a zna\u010dka. Sou\u010dasn\u00fd balet M\u00e1ria Rada\u010dovsk\u00e9ho o \u017een\u011b, kter\u00e1 z\u00e1sadn\u011b ovlivnila sv\u011bt m\u00f3dy.<\/p>\n","protected":false},"featured_media":31586,"parent":0,"template":"","zarazeni":[58],"class_list":["post-31592","kultura","type-kultura","status-publish","has-post-thumbnail","hentry","zarazeni-archiv-akci"],"acf":[],"_links":{"self":[{"href":"https:\/\/www.afbrno.cz\/fr\/wp-json\/wp\/v2\/kultura\/31592","targetHints":{"allow":["GET"]}}],"collection":[{"href":"https:\/\/www.afbrno.cz\/fr\/wp-json\/wp\/v2\/kultura"}],"about":[{"href":"https:\/\/www.afbrno.cz\/fr\/wp-json\/wp\/v2\/types\/kultura"}],"version-history":[{"count":2,"href":"https:\/\/www.afbrno.cz\/fr\/wp-json\/wp\/v2\/kultura\/31592\/revisions"}],"predecessor-version":[{"id":31606,"href":"https:\/\/www.afbrno.cz\/fr\/wp-json\/wp\/v2\/kultura\/31592\/revisions\/31606"}],"wp:featuredmedia":[{"embeddable":true,"href":"https:\/\/www.afbrno.cz\/fr\/wp-json\/wp\/v2\/media\/31586"}],"wp:attachment":[{"href":"https:\/\/www.afbrno.cz\/fr\/wp-json\/wp\/v2\/media?parent=31592"}],"wp:term":[{"taxonomy":"zarazeni","embeddable":true,"href":"https:\/\/www.afbrno.cz\/fr\/wp-json\/wp\/v2\/zarazeni?post=31592"}],"curies":[{"name":"wp","href":"https:\/\/api.w.org\/{rel}","templated":true}]}}

<p><strong>Příběh vizionářské kreativity, která změnila způsob ženského oblékání. Coco Chanel jako nebojácnost, dravost a risk, stejně jako vkus, filozofie a značka. Současný balet Mária Radačovského o ženě, která zásadně ovlivnila svět módy.</strong><strong></strong></p>



<p><strong>Choreografie:</strong> Mário Radačovský</p>



<p>Tvůrčí pozornost Mária Radačovského uchvátila výjimečná žena, která změnou šatníku moderní ženy převrátila svět módy vzhůru nohama. Její cesta na vrchol, jak to u výjimečných lidí bývá, byla bolavá, trnitá, ale pro choreografa Mária Radačovského nejdůležitější slovíčko charakteristiky je, že byla opravdová, skutečná. V&nbsp;dnešním světě se často vzdáváme bez boje, protože je to snazší, komfortnější. Mnohá naše rozhodnutí jsou odsouvána, protože vzbuzují nutnost sebezapření. Jenže cesta za úspěchem nezná zkratky. A příběh Coco Chanel může sloužit za příklad a je důkazem, jak důležitý je faktor výdrže odhodlání a jasného směřování jít si za svým cílem a být schopen pro úspěch obětovat a podřídit mu téměř všechno.</p>



<p>Stejně jako u Beethovena i u Coco Chanel je choreograf fascinován dosahem jejího vlivu a významu, její schopností proměnit svůj obor takovým způsobem, že vnímáme s&nbsp;nadsázkou svět módy před a po Chanel. Tak jako na většině svých inscenací bude Mário Radačovský spolupracovat se svým osvědčeným slovenským výtvarnickým týmem. Autorem scény bude Marek Hollý a lákavou výzvu kostýmní výpravy v&nbsp;duchu Coco Chanel přijala Ľudmila Várossová.</p>



<p></p>



<p>Foto © Martin Divíšek</p>

<p>Mahenovo divadlo / Balet NdB</p>
<p>Příběh vizionářské kreativity, která změnila způsob ženského oblékání. Coco Chanel jako nebojácnost, dravost a risk, stejně jako vkus, filozofie a značka. Současný balet Mária Radačovského o ženě, která zásadně ovlivnila svět módy.</p>
