{"id":31550,"date":"2024-12-08T11:00:00","date_gmt":"2024-12-08T10:00:00","guid":{"rendered":"https:\/\/www.afbrno.cz\/?post_type=kultura&#038;p=31550"},"modified":"2025-05-23T14:55:56","modified_gmt":"2025-05-23T12:55:56","slug":"jenom-konec-sveta-20250512","status":"publish","type":"kultura","link":"https:\/\/www.afbrno.cz\/fr\/kultura\/jenom-konec-sveta-20250512\/","title":{"rendered":"Jenom konec sv\u011bta"},"content":{"rendered":"\n<p>Autor: Jean-Luc Lagarce<\/p>\n\n\n\n<p>Re\u017eie: Ivan Buraj<\/p>\n\n\n\n<p><strong>\u201eNezn\u00e1me t\u011b.\u201c<\/strong><\/p>\n\n\n\n<p>Autorsk\u00e1 osobn\u00ed zpov\u011b\u010f Jeana-Luca Lagarce. Hypnorealismus.&nbsp;<\/p>\n\n\n\n<p>Devades\u00e1t\u00e1 l\u00e9ta. \u00dasp\u011b\u0161n\u00fd, svobodn\u00fd a bezd\u011btn\u00fd t\u0159ic\u00e1tn\u00edk Louis p\u0159ij\u00ed\u017ed\u00ed za svou rodinou z Pa\u0159\u00ed\u017ee na venkov. Dom\u016f jezd\u00ed \u010d\u00edm d\u00e1l sporadi\u010dt\u011bji a od posledn\u00ed n\u00e1v\u0161t\u011bvy ub\u011bhlo u\u017e n\u011bkolik let. Kulturn\u00ed rozd\u00edly d\u011bl\u00ed i rodiny. P\u0159ij\u00ed\u017ed\u00ed, aby se sv\u00fdm bl\u00edzk\u00fdm sv\u011b\u0159il s velk\u00fdm a t\u00ed\u017eiv\u00fdm tajemstv\u00edm. \u010cek\u00e1 ho matka, \u017eij\u00edc\u00ed ve vzpom\u00ednk\u00e1ch na minulost a mrtv\u00e9ho otce, mlad\u0161\u00ed bratr, kter\u00fd z\u016fstal, aby pe\u010doval o matku, jeho man\u017eelka a nejmlad\u0161\u00ed sestra, kter\u00e1 pova\u017euje Louise \u017eij\u00edc\u00edho ve velk\u00e9m m\u011bst\u011b za sv\u016fj idol. Ticho, rozpaky. Snaha nejit\u0159it st\u00e1le \u017eiv\u00e9 r\u00e1ny zahu\u0161\u0165uje nap\u011bt\u00ed.<\/p>\n\n\n\n<p>V\u0161ichni se sna\u017e\u00ed m\u00edt emoce pod kontrolou, zvl\u00e1dnout sv\u00e9 role, ale kdo je jejich autorem? Je umrtven\u00ed sebe sama jedinou mo\u017enost\u00ed, jak b\u00fdt spolu? Kde jsou hranice sobectv\u00ed v rodinn\u00fdch vztaz\u00edch a jak je d\u016fle\u017eit\u00e9 ochra\u0148ovat sv\u00e9 iluze o druh\u00fdch? N\u00e1roky na kari\u00e9ru a svobodu se bij\u00ed s n\u00e1roky p\u00e9\u010de o bl\u00edzk\u00e9. Jako by nebylo mo\u017en\u00e9 obst\u00e1t v ni\u010dem.&nbsp;V\u0161udyp\u0159\u00edtomn\u00e1 vina prosakuje cel\u00fdm domem. Kdo koho v t\u00e9hle rodin\u011b tvo\u0159\u00ed a kdo komu co dlu\u017e\u00ed? Jak \u010dasto jezdit dom\u016f? Co je to domov?&nbsp;<\/p>\n\n\n\n<p>Inscenace na pomez\u00ed reality a modelu. Divadlo a po\u010d\u00edta\u010dov\u00e1 hra. Simul\u00e1tor rodiny.&nbsp;<\/p>\n\n\n\n<p>V divadeln\u00ed h\u0159e nejhran\u011bj\u0161\u00edho sou\u010dasn\u00e9ho francouzsk\u00e9ho dramatika rezonuje autobiografick\u00fd motiv komplikovan\u00e9ho vztahu mezi m\u011bstsk\u00fdm liber\u00e1ln\u00edm intelektu\u00e1lem a jeho rodinou \u017eij\u00edc\u00ed na venkov\u011b. Touha po intimit\u011b na pozad\u00ed&nbsp;motiv\u016f&nbsp;n\u00e1vratu dom\u016f, opu\u0161t\u011bn\u00ed bl\u00edzk\u00fdch, zm\u011bny m\u00edsta a identity, t\u0159\u00eddy a vztahu k \u017eivotu a hodnot\u00e1m, tvo\u0159\u00ed ve francouzsk\u00e9 literatu\u0159e d\u016fle\u017eit\u00e9 t\u00e9ma. M\u016f\u017eeme ho naj\u00edt u autor\u016f a autorek jako je Didier Eribon, Annie Ernaux,&nbsp; Michel Houellebecq nebo \u00c9douard Louis, kter\u00fd si sv\u016fj pseudonym zvolil podle jm\u00e9na hlavn\u00ed postavy hry <em>Jenom konec sv\u011bta<\/em>. N\u00e1raz r\u016fzn\u00fdch hodnot mezi m\u011bstem a venkovem, kter\u00e9 tvo\u0159\u00ed \u017eivnou p\u016fdu kulturn\u00edch v\u00e1lek sou\u010dasnosti, ale i zakou\u0161en\u00ed \u010d\u00edm d\u00e1l v\u00edce kolabuj\u00edc\u00edho modelu tradi\u010dn\u00ed rodiny, vn\u00edm\u00e1me jako prolog na\u0161\u00ed Sezony 49: Konec iluz\u00ed.&nbsp;<\/p>\n\n\n\n<p><strong>Sezona 49: Konec iluz\u00ed<\/strong><\/p>\n\n\n\n<p><\/p>\n\n\n\n<p>Zdroj: HaDivadlo<\/p>\n\n\n\n<p>Foto \u00a9&nbsp;Terezie Fojtov\u00e1<\/p>\n\n\n\n<p><\/p>\n","protected":false},"excerpt":{"rendered":"<p>HaDivadlo<\/p>\n<p>Autorsk\u00e1 osobn\u00ed zpov\u011b\u010f Jeana-Luca Lagarce. Hypnorealismus.<\/p>\n","protected":false},"featured_media":29699,"parent":0,"template":"","zarazeni":[58],"class_list":["post-31550","kultura","type-kultura","status-publish","has-post-thumbnail","hentry","zarazeni-archiv-akci"],"acf":[],"_links":{"self":[{"href":"https:\/\/www.afbrno.cz\/fr\/wp-json\/wp\/v2\/kultura\/31550","targetHints":{"allow":["GET"]}}],"collection":[{"href":"https:\/\/www.afbrno.cz\/fr\/wp-json\/wp\/v2\/kultura"}],"about":[{"href":"https:\/\/www.afbrno.cz\/fr\/wp-json\/wp\/v2\/types\/kultura"}],"version-history":[{"count":3,"href":"https:\/\/www.afbrno.cz\/fr\/wp-json\/wp\/v2\/kultura\/31550\/revisions"}],"predecessor-version":[{"id":31553,"href":"https:\/\/www.afbrno.cz\/fr\/wp-json\/wp\/v2\/kultura\/31550\/revisions\/31553"}],"wp:featuredmedia":[{"embeddable":true,"href":"https:\/\/www.afbrno.cz\/fr\/wp-json\/wp\/v2\/media\/29699"}],"wp:attachment":[{"href":"https:\/\/www.afbrno.cz\/fr\/wp-json\/wp\/v2\/media?parent=31550"}],"wp:term":[{"taxonomy":"zarazeni","embeddable":true,"href":"https:\/\/www.afbrno.cz\/fr\/wp-json\/wp\/v2\/zarazeni?post=31550"}],"curies":[{"name":"wp","href":"https:\/\/api.w.org\/{rel}","templated":true}]}}

Jenom konec světa

<p>Autor: Jean-Luc Lagarce</p>



<p>Režie: Ivan Buraj</p>



<p><strong>„Neznáme tě.“</strong></p>



<p>Autorská osobní zpověď Jeana-Luca Lagarce. Hypnorealismus.&nbsp;</p>



<p>Devadesátá léta. Úspěšný, svobodný a bezdětný třicátník Louis přijíždí za svou rodinou z Paříže na venkov. Domů jezdí čím dál sporadičtěji a od poslední návštěvy uběhlo už několik let. Kulturní rozdíly dělí i rodiny. Přijíždí, aby se svým blízkým svěřil s velkým a tíživým tajemstvím. Čeká ho matka, žijící ve vzpomínkách na minulost a mrtvého otce, mladší bratr, který zůstal, aby pečoval o matku, jeho manželka a nejmladší sestra, která považuje Louise žijícího ve velkém městě za svůj idol. Ticho, rozpaky. Snaha nejitřit stále živé rány zahušťuje napětí.</p>



<p>Všichni se snaží mít emoce pod kontrolou, zvládnout své role, ale kdo je jejich autorem? Je umrtvení sebe sama jedinou možností, jak být spolu? Kde jsou hranice sobectví v rodinných vztazích a jak je důležité ochraňovat své iluze o druhých? Nároky na kariéru a svobodu se bijí s nároky péče o blízké. Jako by nebylo možné obstát v ničem.&nbsp;Všudypřítomná vina prosakuje celým domem. Kdo koho v téhle rodině tvoří a kdo komu co dluží? Jak často jezdit domů? Co je to domov?&nbsp;</p>



<p>Inscenace na pomezí reality a modelu. Divadlo a počítačová hra. Simulátor rodiny.&nbsp;</p>



<p>V divadelní hře nejhranějšího současného francouzského dramatika rezonuje autobiografický motiv komplikovaného vztahu mezi městským liberálním intelektuálem a jeho rodinou žijící na venkově. Touha po intimitě na pozadí&nbsp;motivů&nbsp;návratu domů, opuštění blízkých, změny místa a identity, třídy a vztahu k životu a hodnotám, tvoří ve francouzské literatuře důležité téma. Můžeme ho najít u autorů a autorek jako je Didier Eribon, Annie Ernaux,&nbsp; Michel Houellebecq nebo Édouard Louis, který si svůj pseudonym zvolil podle jména hlavní postavy hry <em>Jenom konec světa</em>. Náraz různých hodnot mezi městem a venkovem, které tvoří živnou půdu kulturních válek současnosti, ale i zakoušení čím dál více kolabujícího modelu tradiční rodiny, vnímáme jako prolog naší Sezony 49: Konec iluzí.&nbsp;</p>



<p><strong>Sezona 49: Konec iluzí</strong></p>



<p></p>



<p>Zdroj: HaDivadlo</p>



<p>Foto ©&nbsp;Terezie Fojtová</p>



<p></p>

<p>HaDivadlo</p>
<p>Autorská osobní zpověď Jeana-Luca Lagarce. Hypnorealismus.</p>
