{"id":31406,"date":"2024-12-14T22:54:00","date_gmt":"2024-12-14T21:54:00","guid":{"rendered":"https:\/\/www.afbrno.cz\/?post_type=kultura&#038;p=31406"},"modified":"2025-01-11T09:48:41","modified_gmt":"2025-01-11T08:48:41","slug":"maurice-ravel-150-20250116","status":"publish","type":"kultura","link":"https:\/\/www.afbrno.cz\/fr\/kultura\/maurice-ravel-150-20250116\/","title":{"rendered":"Maurice Ravel 150"},"content":{"rendered":"\n<p>Nous vous invitons au concert du <strong>pianiste fran\u00e7ais Alexandre Tharaud<\/strong> et de <strong>la Philharmonie de Brno<\/strong>.<\/p>\n\n\n\n<p>Programme :<\/p>\n\n\n\n<p><strong>Dafnis et Chlo\u00e9, suite d\u2019orchestre\u00a0n<sup>o<\/sup><\/strong> <strong>2<br><strong>Concerto pour la\u00a0<strong>main gauche<\/strong><\/strong><br>Concerto en sol majeur<br>La valse<\/strong><\/p>\n\n\n\n<div style=\"height:41px\" aria-hidden=\"true\" class=\"wp-block-spacer\"><\/div>\n\n\n\n<p><strong>Alexandre Tharaud<\/strong><\/p>\n\n\n\n<p>A. Tharaud, l&rsquo;un des pianistes les plus renomm\u00e9s de sa g\u00e9n\u00e9ration au niveau international, n&rsquo;est pas un inconnu \u00e0 Brno. En octobre 2019, il a donn\u00e9 un r\u00e9cital au Besedn\u00ed d\u016fm dans le cadre du festival Moravsk\u00fd podzim (Automne morave) et a enthousiasm\u00e9 le public en interpr\u00e9tant des \u0153uvres de compositeurs c\u00e9l\u00e8bres et moins connus associ\u00e9s \u00e0 Versailles (Lully, Rameau, Couperin, d&rsquo;Anglebert, Royer, Duphly et Balbastre). Bien qu&rsquo;il ait jou\u00e9 la musique des anciens ma\u00eetres des XVIIe et XVIIIe si\u00e8cles sur un piano moderne, son toucher \u00e9voquait parfaitement l&rsquo;id\u00e9e de la sonorit\u00e9 d&rsquo;\u00e9poque. Moins de six ans plus tard, Alexandre Tharaud revient \u00e0 Brno et, en plus d&rsquo;interpr\u00e9ter les deux concertos pour piano de Ravel avec la Philharmonie de Brno (16 et 17 janvier), il proposera \u00e9galement un concert solo avec l&rsquo;Orchestre symphonique de Brno (16 et 17 janvier).<\/p>\n\n\n\n<p><\/p>\n\n\n\n<p><strong>Le concert est organis\u00e9 par la Philharmonie de Brno dans le cadre de sa 69e saison 2024-2025.<\/strong><\/p>\n\n\n\n<p><\/p>\n\n\n\n<p><strong>A t\u00e9l\u00e9charger : <\/strong><\/p>\n\n\n\n<ul class=\"wp-block-list\">\n<li><a href=\"https:\/\/www.afbrno.cz\/wp-content\/uploads\/2024\/12\/Program-koncertu-Maurice-Ravel-150.pdf\" data-type=\"link\" data-id=\"https:\/\/www.afbrno.cz\/wp-content\/uploads\/2024\/12\/Program-koncertu-Maurice-Ravel-150.pdf\" target=\"_blank\" rel=\"noreferrer noopener\">Programme du concert Maurice Ravel 150<\/a><\/li>\n\n\n\n<li><a href=\"https:\/\/filharmonie-brno.cz\/wp-content\/uploads\/2024\/05\/Programovy-katalog-Filharmonie-Brno-2024-2025.pdf\" data-type=\"link\" data-id=\"https:\/\/filharmonie-brno.cz\/wp-content\/uploads\/2024\/05\/Programovy-katalog-Filharmonie-Brno-2024-2025.pdf\" target=\"_blank\" rel=\"noreferrer noopener\">Catalogue des concerts de la 69\u00e8me saison de la Philharmonie de Brno<\/a><\/li>\n<\/ul>\n\n\n\n<p><\/p>\n","protected":false},"excerpt":{"rendered":"<p>Concert<\/p>\n<p>Alexandre Tharaud<br \/>\nFilharmonie Brno, Jan\u00e1\u010dkovo divadlo<\/p>\n","protected":false},"featured_media":31392,"parent":0,"template":"","zarazeni":[60],"class_list":["post-31406","kultura","type-kultura","status-publish","has-post-thumbnail","hentry","zarazeni-evenements-passes"],"acf":[],"_links":{"self":[{"href":"https:\/\/www.afbrno.cz\/fr\/wp-json\/wp\/v2\/kultura\/31406","targetHints":{"allow":["GET"]}}],"collection":[{"href":"https:\/\/www.afbrno.cz\/fr\/wp-json\/wp\/v2\/kultura"}],"about":[{"href":"https:\/\/www.afbrno.cz\/fr\/wp-json\/wp\/v2\/types\/kultura"}],"version-history":[{"count":7,"href":"https:\/\/www.afbrno.cz\/fr\/wp-json\/wp\/v2\/kultura\/31406\/revisions"}],"predecessor-version":[{"id":31425,"href":"https:\/\/www.afbrno.cz\/fr\/wp-json\/wp\/v2\/kultura\/31406\/revisions\/31425"}],"wp:featuredmedia":[{"embeddable":true,"href":"https:\/\/www.afbrno.cz\/fr\/wp-json\/wp\/v2\/media\/31392"}],"wp:attachment":[{"href":"https:\/\/www.afbrno.cz\/fr\/wp-json\/wp\/v2\/media?parent=31406"}],"wp:term":[{"taxonomy":"zarazeni","embeddable":true,"href":"https:\/\/www.afbrno.cz\/fr\/wp-json\/wp\/v2\/zarazeni?post=31406"}],"curies":[{"name":"wp","href":"https:\/\/api.w.org\/{rel}","templated":true}]}}

<p>Nous vous invitons au concert du <strong>pianiste français Alexandre Tharaud</strong> et de <strong>la Philharmonie de Brno</strong>.</p>



<p>Programme :</p>



<p><strong>Dafnis et Chloé, suite d’orchestre n<sup>o</sup></strong> <strong>2<br><strong>Concerto pour la <strong>main gauche</strong></strong><br>Concerto en sol majeur<br>La valse</strong></p>



<div style="height:41px" aria-hidden="true" class="wp-block-spacer"></div>



<p><strong>Alexandre Tharaud</strong></p>



<p>A. Tharaud, l&rsquo;un des pianistes les plus renommés de sa génération au niveau international, n&rsquo;est pas un inconnu à Brno. En octobre 2019, il a donné un récital au Besední dům dans le cadre du festival Moravský podzim (Automne morave) et a enthousiasmé le public en interprétant des œuvres de compositeurs célèbres et moins connus associés à Versailles (Lully, Rameau, Couperin, d&rsquo;Anglebert, Royer, Duphly et Balbastre). Bien qu&rsquo;il ait joué la musique des anciens maîtres des XVIIe et XVIIIe siècles sur un piano moderne, son toucher évoquait parfaitement l&rsquo;idée de la sonorité d&rsquo;époque. Moins de six ans plus tard, Alexandre Tharaud revient à Brno et, en plus d&rsquo;interpréter les deux concertos pour piano de Ravel avec la Philharmonie de Brno (16 et 17 janvier), il proposera également un concert solo avec l&rsquo;Orchestre symphonique de Brno (16 et 17 janvier).</p>



<p></p>



<p><strong>Le concert est organisé par la Philharmonie de Brno dans le cadre de sa 69e saison 2024-2025.</strong></p>



<p></p>



<p><strong>A télécharger : </strong></p>



<ul class="wp-block-list">
<li><a href="https://www.afbrno.cz/wp-content/uploads/2024/12/Program-koncertu-Maurice-Ravel-150.pdf" data-type="link" data-id="https://www.afbrno.cz/wp-content/uploads/2024/12/Program-koncertu-Maurice-Ravel-150.pdf" target="_blank" rel="noreferrer noopener">Programme du concert Maurice Ravel 150</a></li>



<li><a href="https://filharmonie-brno.cz/wp-content/uploads/2024/05/Programovy-katalog-Filharmonie-Brno-2024-2025.pdf" data-type="link" data-id="https://filharmonie-brno.cz/wp-content/uploads/2024/05/Programovy-katalog-Filharmonie-Brno-2024-2025.pdf" target="_blank" rel="noreferrer noopener">Catalogue des concerts de la 69ème saison de la Philharmonie de Brno</a></li>
</ul>



<p></p>

<p>Concert</p>
<p>Alexandre Tharaud<br />
Filharmonie Brno, Janáčkovo divadlo</p>
