{"id":30999,"date":"2024-12-14T22:57:50","date_gmt":"2024-12-14T21:57:50","guid":{"rendered":"https:\/\/www.afbrno.cz\/?post_type=kultura&#038;p=30999"},"modified":"2024-12-15T10:03:59","modified_gmt":"2024-12-15T09:03:59","slug":"moi-europe","status":"publish","type":"kultura","link":"https:\/\/www.afbrno.cz\/fr\/kultura\/moi-europe\/","title":{"rendered":"Moi, Europe"},"content":{"rendered":"\n<p>Lecture d&rsquo;extraits du livre <strong>Moi, Europe<\/strong> de <strong>Lenka Hor\u0148\u00e1kov\u00e1-Civade<\/strong>.<\/p>\n\n\n\n<p><\/p>\n\n\n\n<p><em>\u00ab&nbsp;<span style=\"caret-color: rgb(0, 0, 0); color: rgb(0, 0, 0); font-family: -webkit-standard; font-size: medium; white-space: normal;\"><\/span>L&rsquo;Europe a toujours fait partie de moi et moi d&rsquo;elle. Europ\u00e9enne, je le suis. (&#8230;) Recoudre l&rsquo;Europe, la nommer, l&rsquo;identifier, la raconter, la chanter, la faire conna\u00eetre de tel ou tel point de vue&nbsp;? Comment s&rsquo;y prendre&nbsp;? Entendre sa voix, la laisser dire, lui offrir la possibilit\u00e9 de se raconter, cela pourrait \u00eatre la solution. Entendre sa voix \u2013 cela me parle.&nbsp;\u00bb<\/em><\/p>\n\n\n\n<p><\/p>\n\n\n\n<p>Lenka Hor\u0148\u00e1kov\u00e1-Civade pr\u00e9sentera son nouveau livre qui sera publi\u00e9 en fran\u00e7ais \u00e0 la maison d&rsquo;\u00e9dition <a href=\"https:\/\/editions-reconnaissance.fr\" data-type=\"link\" data-id=\"https:\/\/editions-reconnaissance.fr\" target=\"_blank\" rel=\"noreferrer noopener\">Reconnaissance<\/a> en mars 2025.<\/p>\n\n\n\n<p>La lecture sera suivie d&rsquo;un d\u00e9bat sur la gen\u00e8se de ce projet litt\u00e9raire, sa r\u00e9alisation et sa traduction en tch\u00e8que r\u00e9alis\u00e9e dans le cadre de la r\u00e9sidence Villa Boh\u00eama.<\/p>\n\n\n\n<div style=\"height:33px\" aria-hidden=\"true\" class=\"wp-block-spacer\"><\/div>\n\n\n\n<p><strong>Entr\u00e9e libre<\/strong><\/p>\n\n\n\n<div style=\"height:56px\" aria-hidden=\"true\" class=\"wp-block-spacer\"><\/div>\n\n\n\n<p><strong>Lenka Hor\u0148\u00e1kov\u00e1-Civade<\/strong><\/p>\n\n\n\n<p>Lenka Hor\u0148\u00e1kov\u00e1-Civade est une \u00e9crivaine et peintre tch\u00e8que install\u00e9e en France depuis 1993. Elle a commenc\u00e9 \u00e0 \u00e9crire dans sa langue natale, sur des th\u00e8mes proven\u00e7aux (<em>Provence jako sen<\/em>, <em>Lan\u00fd\u017ee<\/em>,&nbsp;<em>Pohlednice z&nbsp;kav\u00e1rny<\/em>). C&rsquo;est \u00e0 partir de 2016 qu&rsquo;elle publie ses livres directement en fran\u00e7ais et les traduit en tch\u00e8que (<em>Giboul\u00e9e de soleil<\/em>, <em>Une verri\u00e8re sous le ciel<\/em>,&nbsp;<em>La Symphonie du Nouveau monde<\/em>). Son dernier roman, <em>Un regard bleu<\/em>, qui a \u00e9galement \u00e9t\u00e9 publi\u00e9 en tch\u00e8que sous le titre d&rsquo;Amsterodamsk\u00e9 vigilie, raconte une conversation fictive mais pas improbable entre deux g\u00e9nies, Comenius et Rembrandt. Lenka Hor\u0148\u00e1kov\u00e1-Civade a re\u00e7u plusieurs prix litt\u00e9raires (Prix Renaudot des lyc\u00e9ens, Prix Richelieux de la Francophonie, Prix litt\u00e9raire des jeunes europ\u00e9ens). En 2022, elle a re\u00e7u des mains de l&rsquo;Ambassadeur de France \u00e0 Prague les insignes de Chevalier de l&rsquo;Ordre des Arts et des Lettres.<\/p>\n\n\n\n<div style=\"height:40px\" aria-hidden=\"true\" class=\"wp-block-spacer\"><\/div>\n\n\n\n<p><strong>Villa Boh\u00eama<\/strong><\/p>\n\n\n\n<p>Villa Boh\u00eama est un programme de r\u00e9sidence d&rsquo;auteur\/traducteur franco-tch\u00e8que cr\u00e9\u00e9 \u00e0 l&rsquo;initiative de l&rsquo;Institut fran\u00e7ais de Prague, de la Ville de Brno et du Centre tch\u00e8que \u00e0 Paris en partenariat avec la Biblioth\u00e8que morave de Brno. La r\u00e9sidence Villa Boh\u00eame a pour objectif la promotion et le d\u00e9veloppement des relations culturelles entre la France et la R\u00e9publique tch\u00e8que \u00e0 travers la litt\u00e9rature et la traduction.<\/p>\n\n\n\n<div style=\"height:53px\" aria-hidden=\"true\" class=\"wp-block-spacer\"><\/div>\n\n\n\n<p><em>Illustration : Heinrich B\u00fcnting (1545\u20131606), La carte all\u00e9gorique de la Reine d&rsquo;Europe. Gravure sur bois en couleur. Magdebourg, 1581<\/em><\/p>\n","protected":false},"excerpt":{"rendered":"<p>Litt\u00e9rature<\/p>\n<p>Pr\u00e9sentation du nouveau livre \u00ab\u00a0Moi, Europe\u00a0\u00bb par son auteure Lenka Hor\u0148\u00e1kov\u00e1-Civade.<\/p>\n","protected":false},"featured_media":30949,"parent":0,"template":"","zarazeni":[60],"class_list":["post-30999","kultura","type-kultura","status-publish","has-post-thumbnail","hentry","zarazeni-evenements-passes"],"acf":[],"_links":{"self":[{"href":"https:\/\/www.afbrno.cz\/fr\/wp-json\/wp\/v2\/kultura\/30999","targetHints":{"allow":["GET"]}}],"collection":[{"href":"https:\/\/www.afbrno.cz\/fr\/wp-json\/wp\/v2\/kultura"}],"about":[{"href":"https:\/\/www.afbrno.cz\/fr\/wp-json\/wp\/v2\/types\/kultura"}],"version-history":[{"count":13,"href":"https:\/\/www.afbrno.cz\/fr\/wp-json\/wp\/v2\/kultura\/30999\/revisions"}],"predecessor-version":[{"id":31226,"href":"https:\/\/www.afbrno.cz\/fr\/wp-json\/wp\/v2\/kultura\/30999\/revisions\/31226"}],"wp:featuredmedia":[{"embeddable":true,"href":"https:\/\/www.afbrno.cz\/fr\/wp-json\/wp\/v2\/media\/30949"}],"wp:attachment":[{"href":"https:\/\/www.afbrno.cz\/fr\/wp-json\/wp\/v2\/media?parent=30999"}],"wp:term":[{"taxonomy":"zarazeni","embeddable":true,"href":"https:\/\/www.afbrno.cz\/fr\/wp-json\/wp\/v2\/zarazeni?post=30999"}],"curies":[{"name":"wp","href":"https:\/\/api.w.org\/{rel}","templated":true}]}}

<p>Lecture d&rsquo;extraits du livre <strong>Moi, Europe</strong> de <strong>Lenka Horňáková-Civade</strong>.</p>



<p></p>



<p><em>«&nbsp;<span style="caret-color: rgb(0, 0, 0); color: rgb(0, 0, 0); font-family: -webkit-standard; font-size: medium; white-space: normal;"></span>L&rsquo;Europe a toujours fait partie de moi et moi d&rsquo;elle. Européenne, je le suis. (&#8230;) Recoudre l&rsquo;Europe, la nommer, l&rsquo;identifier, la raconter, la chanter, la faire connaître de tel ou tel point de vue&nbsp;? Comment s&rsquo;y prendre&nbsp;? Entendre sa voix, la laisser dire, lui offrir la possibilité de se raconter, cela pourrait être la solution. Entendre sa voix – cela me parle.&nbsp;»</em></p>



<p></p>



<p>Lenka Horňáková-Civade présentera son nouveau livre qui sera publié en français à la maison d&rsquo;édition <a href="https://editions-reconnaissance.fr" data-type="link" data-id="https://editions-reconnaissance.fr" target="_blank" rel="noreferrer noopener">Reconnaissance</a> en mars 2025.</p>



<p>La lecture sera suivie d&rsquo;un débat sur la genèse de ce projet littéraire, sa réalisation et sa traduction en tchèque réalisée dans le cadre de la résidence Villa Bohêma.</p>



<div style="height:33px" aria-hidden="true" class="wp-block-spacer"></div>



<p><strong>Entrée libre</strong></p>



<div style="height:56px" aria-hidden="true" class="wp-block-spacer"></div>



<p><strong>Lenka Horňáková-Civade</strong></p>



<p>Lenka Horňáková-Civade est une écrivaine et peintre tchèque installée en France depuis 1993. Elle a commencé à écrire dans sa langue natale, sur des thèmes provençaux (<em>Provence jako sen</em>, <em>Lanýže</em>,&nbsp;<em>Pohlednice z&nbsp;kavárny</em>). C&rsquo;est à partir de 2016 qu&rsquo;elle publie ses livres directement en français et les traduit en tchèque (<em>Giboulée de soleil</em>, <em>Une verrière sous le ciel</em>,&nbsp;<em>La Symphonie du Nouveau monde</em>). Son dernier roman, <em>Un regard bleu</em>, qui a également été publié en tchèque sous le titre d&rsquo;Amsterodamské vigilie, raconte une conversation fictive mais pas improbable entre deux génies, Comenius et Rembrandt. Lenka Horňáková-Civade a reçu plusieurs prix littéraires (Prix Renaudot des lycéens, Prix Richelieux de la Francophonie, Prix littéraire des jeunes européens). En 2022, elle a reçu des mains de l&rsquo;Ambassadeur de France à Prague les insignes de Chevalier de l&rsquo;Ordre des Arts et des Lettres.</p>



<div style="height:40px" aria-hidden="true" class="wp-block-spacer"></div>



<p><strong>Villa Bohêma</strong></p>



<p>Villa Bohêma est un programme de résidence d&rsquo;auteur/traducteur franco-tchèque créé à l&rsquo;initiative de l&rsquo;Institut français de Prague, de la Ville de Brno et du Centre tchèque à Paris en partenariat avec la Bibliothèque morave de Brno. La résidence Villa Bohême a pour objectif la promotion et le développement des relations culturelles entre la France et la République tchèque à travers la littérature et la traduction.</p>



<div style="height:53px" aria-hidden="true" class="wp-block-spacer"></div>



<p><em>Illustration : Heinrich Bünting (1545–1606), La carte allégorique de la Reine d&rsquo;Europe. Gravure sur bois en couleur. Magdebourg, 1581</em></p>

<p>Littérature</p>
<p>Présentation du nouveau livre « Moi, Europe » par son auteure Lenka Horňáková-Civade.</p>
