{"id":30789,"date":"2024-11-12T18:58:05","date_gmt":"2024-11-12T17:58:05","guid":{"rendered":"https:\/\/www.afbrno.cz\/?post_type=kultura&#038;p=30789"},"modified":"2024-11-18T11:47:43","modified_gmt":"2024-11-18T10:47:43","slug":"bretonske-tance-workshopy","status":"publish","type":"kultura","link":"https:\/\/www.afbrno.cz\/fr\/kultura\/bretonske-tance-workshopy\/","title":{"rendered":"Bretonsk\u00e9 tance \u2013 workshopy"},"content":{"rendered":"\n<h4 class=\"wp-block-heading\"><mark style=\"background-color:rgba(0, 0, 0, 0)\" class=\"has-inline-color has-color-text-color\">PROGRAM:<\/mark><\/h4>\n\n\n\n<p><\/p>\n\n\n\n<figure class=\"wp-block-table is-style-stripes\"><table class=\"has-fixed-layout\"><tbody><tr><td>Workshop<\/td><td><strong>Tane\u010dn\u00ed biomechanika<\/strong><\/td><td><strong>Suite de l&rsquo;Aven<\/strong><\/td><\/tr><tr><td>Datum<\/td><td><mark style=\"background-color:rgba(0, 0, 0, 0)\" class=\"has-inline-color has-red-color\"><strong>Sobota 16. 11. 2024<\/strong><\/mark><\/td><td><mark style=\"background-color:rgba(0, 0, 0, 0)\" class=\"has-inline-color has-red-color\"><strong>Ned\u011ble 17. 11. 2024<\/strong><\/mark><\/td><\/tr><tr><td>\u010cas<\/td><td>10:30 &#8211; 12:00<br>13:30 &#8211; 15:00<\/td><td>10:00 &#8211; 12:00<br>13:00 &#8211; 15:00<\/td><\/tr><tr><td>Lektor<\/td><td>Mikul\u00e1\u0161 Bryan<\/td><td>Anna Ward<\/td><\/tr><tr><td>Cena<\/td><td>200 K\u010d<br>(350 K\u010d oba workshopy)<\/td><td>200 K\u010d<br>(350 K\u010d oba workshopy)<\/td><\/tr><tr><td>Anotace<\/td><td><em>Tane\u010dn\u00ed biomechanika<\/em> sice zn\u00ed pon\u011bkud v\u011bdecky, ale v r\u00e1mci workshopu se nau\u010d\u00edte, jak se na\u0161e t\u011bla h\u00fdbou.<\/td><td><em>Suite de l&rsquo;Aven<\/em> je tradi\u010dn\u00ed tanec z Bretan\u011b. Technicky nen\u00ed p\u0159\u00edli\u0161 slo\u017eit\u00fd, ale m\u00e1 hodn\u011b \u010d\u00e1st\u00ed.<br><\/td><\/tr><\/tbody><\/table><\/figure>\n\n\n\n<p><br>V tanci v\u00e1s workshopy posunou, a\u0165 u\u017e tan\u010d\u00edte dlouho, nebo jste zrovna za\u010dali. Bavit se budete b\u00e1je\u010dn\u011b, i kdy\u017e jste o ni\u010dem z v\u00fd\u0161e uveden\u00e9ho p\u0159edt\u00edm nesly\u0161eli. A pokud jste tane\u010dn\u00ed nad\u0161enec, budete mezi sv\u00fdmi cel\u00fd v\u00edkend (a jak \u010dasto se to st\u00e1v\u00e1?).<br><\/p>\n\n\n\n<p>Samoz\u0159ejm\u011b m\u016f\u017eete p\u0159ij\u00edt i na jeden z workshop\u016f, pokud se v\u00e1m druh\u00fd nezamlouv\u00e1 nebo ho nest\u00edh\u00e1te.<\/p>\n\n\n\n<p><\/p>\n\n\n\n<p>Workshopy po\u0159\u00e1d\u00e1 <a href=\"https:\/\/tonsimple.cz\" data-type=\"link\" data-id=\"https:\/\/tonsimple.cz\" target=\"_blank\" rel=\"noreferrer noopener\">Ton Simple<\/a> sdru\u017euj\u00edc\u00ed lidi se z\u00e1jmem o\u00a0balfolk, bretonskou hudbu a\u00a0tanec. Klub Ton Simple je sou\u010d\u00e1st\u00ed YMCA Brno.<\/p>\n\n\n\n<p>Sledujte ud\u00e1lost na soci\u00e1ln\u00edch s\u00edt\u00edch:<\/p>\n\n\n\n<ul class=\"wp-block-social-links is-layout-flex wp-block-social-links-is-layout-flex\"><li class=\"wp-social-link wp-social-link-facebook  wp-block-social-link\"><a href=\"https:\/\/www.facebook.com\/events\/1578351016106516\/\" class=\"wp-block-social-link-anchor\" target=\"_blank\" rel=\"noopener\"><svg width=\"24\" height=\"24\" viewBox=\"0 0 24 24\" version=\"1.1\" xmlns=\"http:\/\/www.w3.org\/2000\/svg\" aria-hidden=\"true\" focusable=\"false\"><path d=\"M12 2C6.5 2 2 6.5 2 12c0 5 3.7 9.1 8.4 9.9v-7H7.9V12h2.5V9.8c0-2.5 1.5-3.9 3.8-3.9 1.1 0 2.2.2 2.2.2v2.5h-1.3c-1.2 0-1.6.8-1.6 1.6V12h2.8l-.4 2.9h-2.3v7C18.3 21.1 22 17 22 12c0-5.5-4.5-10-10-10z\"><\/path><\/svg><span class=\"wp-block-social-link-label screen-reader-text\">Facebook<\/span><\/a><\/li><\/ul>\n","protected":false},"excerpt":{"rendered":"<p>Praktick\u00e9 kurzy tradi\u010dn\u00edch tanc\u016f z Bretan\u011b.<\/p>\n","protected":false},"featured_media":30790,"parent":0,"template":"","zarazeni":[58],"class_list":["post-30789","kultura","type-kultura","status-publish","has-post-thumbnail","hentry","zarazeni-archiv-akci"],"acf":[],"_links":{"self":[{"href":"https:\/\/www.afbrno.cz\/fr\/wp-json\/wp\/v2\/kultura\/30789","targetHints":{"allow":["GET"]}}],"collection":[{"href":"https:\/\/www.afbrno.cz\/fr\/wp-json\/wp\/v2\/kultura"}],"about":[{"href":"https:\/\/www.afbrno.cz\/fr\/wp-json\/wp\/v2\/types\/kultura"}],"version-history":[{"count":6,"href":"https:\/\/www.afbrno.cz\/fr\/wp-json\/wp\/v2\/kultura\/30789\/revisions"}],"predecessor-version":[{"id":30797,"href":"https:\/\/www.afbrno.cz\/fr\/wp-json\/wp\/v2\/kultura\/30789\/revisions\/30797"}],"wp:featuredmedia":[{"embeddable":true,"href":"https:\/\/www.afbrno.cz\/fr\/wp-json\/wp\/v2\/media\/30790"}],"wp:attachment":[{"href":"https:\/\/www.afbrno.cz\/fr\/wp-json\/wp\/v2\/media?parent=30789"}],"wp:term":[{"taxonomy":"zarazeni","embeddable":true,"href":"https:\/\/www.afbrno.cz\/fr\/wp-json\/wp\/v2\/zarazeni?post=30789"}],"curies":[{"name":"wp","href":"https:\/\/api.w.org\/{rel}","templated":true}]}}

Bretonské tance – workshopy

<h4 class="wp-block-heading"><mark style="background-color:rgba(0, 0, 0, 0)" class="has-inline-color has-color-text-color">PROGRAM:</mark></h4>



<p></p>



<figure class="wp-block-table is-style-stripes"><table class="has-fixed-layout"><tbody><tr><td>Workshop</td><td><strong>Taneční biomechanika</strong></td><td><strong>Suite de l&rsquo;Aven</strong></td></tr><tr><td>Datum</td><td><mark style="background-color:rgba(0, 0, 0, 0)" class="has-inline-color has-red-color"><strong>Sobota 16. 11. 2024</strong></mark></td><td><mark style="background-color:rgba(0, 0, 0, 0)" class="has-inline-color has-red-color"><strong>Neděle 17. 11. 2024</strong></mark></td></tr><tr><td>Čas</td><td>10:30 &#8211; 12:00<br>13:30 &#8211; 15:00</td><td>10:00 &#8211; 12:00<br>13:00 &#8211; 15:00</td></tr><tr><td>Lektor</td><td>Mikuláš Bryan</td><td>Anna Ward</td></tr><tr><td>Cena</td><td>200 Kč<br>(350 Kč oba workshopy)</td><td>200 Kč<br>(350 Kč oba workshopy)</td></tr><tr><td>Anotace</td><td><em>Taneční biomechanika</em> sice zní poněkud vědecky, ale v rámci workshopu se naučíte, jak se naše těla hýbou.</td><td><em>Suite de l&rsquo;Aven</em> je tradiční tanec z Bretaně. Technicky není příliš složitý, ale má hodně částí.<br></td></tr></tbody></table></figure>



<p><br>V tanci vás workshopy posunou, ať už tančíte dlouho, nebo jste zrovna začali. Bavit se budete báječně, i když jste o ničem z výše uvedeného předtím neslyšeli. A pokud jste taneční nadšenec, budete mezi svými celý víkend (a jak často se to stává?).<br></p>



<p>Samozřejmě můžete přijít i na jeden z workshopů, pokud se vám druhý nezamlouvá nebo ho nestíháte.</p>



<p></p>



<p>Workshopy pořádá <a href="https://tonsimple.cz" data-type="link" data-id="https://tonsimple.cz" target="_blank" rel="noreferrer noopener">Ton Simple</a> sdružující lidi se zájmem o balfolk, bretonskou hudbu a tanec. Klub Ton Simple je součástí YMCA Brno.</p>



<p>Sledujte událost na sociálních sítích:</p>



<ul class="wp-block-social-links is-layout-flex wp-block-social-links-is-layout-flex"><li class="wp-social-link wp-social-link-facebook  wp-block-social-link"><a href="https://www.facebook.com/events/1578351016106516/" class="wp-block-social-link-anchor" target="_blank" rel="noopener"><svg width="24" height="24" viewBox="0 0 24 24" version="1.1" xmlns="http://www.w3.org/2000/svg" aria-hidden="true" focusable="false"><path d="M12 2C6.5 2 2 6.5 2 12c0 5 3.7 9.1 8.4 9.9v-7H7.9V12h2.5V9.8c0-2.5 1.5-3.9 3.8-3.9 1.1 0 2.2.2 2.2.2v2.5h-1.3c-1.2 0-1.6.8-1.6 1.6V12h2.8l-.4 2.9h-2.3v7C18.3 21.1 22 17 22 12c0-5.5-4.5-10-10-10z"></path></svg><span class="wp-block-social-link-label screen-reader-text">Facebook</span></a></li></ul>

<p>Praktické kurzy tradičních tanců z Bretaně.</p>
