{"id":30770,"date":"2024-11-12T17:18:26","date_gmt":"2024-11-12T16:18:26","guid":{"rendered":"https:\/\/www.afbrno.cz\/?post_type=kultura&#038;p=30770"},"modified":"2024-11-18T11:47:49","modified_gmt":"2024-11-18T10:47:49","slug":"yanyk-20241116","status":"publish","type":"kultura","link":"https:\/\/www.afbrno.cz\/fr\/kultura\/yanyk-20241116\/","title":{"rendered":"Yanyk"},"content":{"rendered":"\n<p><strong>Jan Barto\u0161ek<\/strong>:&nbsp;housle. <strong>Mikul\u00e1\u0161 Bryan<\/strong>: diatonick\u00e1 harmonika, zp\u011bv.<\/p>\n\n\n\n<p><strong>Ryze francouzsk\u00fd<\/strong>\u00a0zvuk\u00a0<strong>housl\u00ed<\/strong> a\u00a0<strong>melodeonu<\/strong>.\u00a0Hudebn\u00ed cesta po kraj\u00edch s v\u016fn\u00ed mo\u0159e i levandule.<\/p>\n\n\n\n<p>P\u00edsn\u011b i vlastn\u00ed instrument\u00e1lky. Zasn\u011bn\u00e1<strong>&nbsp;Breta\u0148<\/strong>,&nbsp;rozvern\u00e9 tance z&nbsp;<strong>Poitou<\/strong>&nbsp;a&nbsp;<strong>Pays Gallo<\/strong>, n\u011b\u017en\u00e9&nbsp;<strong>gasko\u0148sk\u00e9&nbsp;<\/strong>mazurky, divok\u00e1 bourr\u00e9e z&nbsp;<strong>Auvergne<\/strong>. Bedekr francouzsk\u00e9 lidov\u00e9 muziky.<\/p>\n\n\n\n<p>Duo Yanyk vzniklo v roce 2016, na p\u016fdorysu \u010desko-belgick\u00e9 kapely Train Trio. Mikul\u00e1\u0161 Bryan se\u00a0diatonick\u00e9\u00a0harmonice v\u011bnuje\u00a0od sv\u00e9ho n\u00e1vratu z Bretan\u011b v roce 2010, s\u00f3lov\u011b i v r\u016fzn\u00fdch kapel\u00e1ch doma i v zahrani\u010d\u00ed. Jan Barto\u0161ek m\u00e1 ko\u0159eny v americk\u00e9 lidov\u00e9 hudb\u011b, ale p\u016fsob\u00ed v \u0159ad\u011b \u010desk\u00fdch i mezin\u00e1rodn\u00edch hudebn\u00edch projekt\u016f na pomez\u00ed \u017e\u00e1nr\u016f. Se sv\u00fdmi kapelami nasb\u00edral \u0159adu ocen\u011bn\u00ed a vyhr\u00e1l mimo jin\u00e9 i legend\u00e1rn\u00ed Portu.<\/p>\n\n\n\n<p>Akci po\u0159\u00e1d\u00e1 <a href=\"https:\/\/tonsimple.cz\" data-type=\"link\" data-id=\"https:\/\/tonsimple.cz\" target=\"_blank\" rel=\"noreferrer noopener\">Ton Simple<\/a> sdru\u017euj\u00edc\u00ed lidi se z\u00e1jmem o\u00a0balfolk, bretonskou hudbu a\u00a0tanec. Klub Ton Simple je sou\u010d\u00e1st\u00ed YMCA Brno.<\/p>\n\n\n\n<p>Sledujte ud\u00e1lost na soci\u00e1ln\u00edch s\u00edt\u00edch:<\/p>\n\n\n\n<ul class=\"wp-block-social-links is-layout-flex wp-block-social-links-is-layout-flex\"><li class=\"wp-social-link wp-social-link-facebook  wp-block-social-link\"><a href=\"https:\/\/www.facebook.com\/events\/837425708242419\/\" class=\"wp-block-social-link-anchor\" target=\"_blank\" rel=\"noopener\"><svg width=\"24\" height=\"24\" viewBox=\"0 0 24 24\" version=\"1.1\" xmlns=\"http:\/\/www.w3.org\/2000\/svg\" aria-hidden=\"true\" focusable=\"false\"><path d=\"M12 2C6.5 2 2 6.5 2 12c0 5 3.7 9.1 8.4 9.9v-7H7.9V12h2.5V9.8c0-2.5 1.5-3.9 3.8-3.9 1.1 0 2.2.2 2.2.2v2.5h-1.3c-1.2 0-1.6.8-1.6 1.6V12h2.8l-.4 2.9h-2.3v7C18.3 21.1 22 17 22 12c0-5.5-4.5-10-10-10z\"><\/path><\/svg><span class=\"wp-block-social-link-label screen-reader-text\">Facebook<\/span><\/a><\/li><\/ul>\n\n\n\n<p><\/p>\n","protected":false},"excerpt":{"rendered":"<p>koncert<\/p>\n<p>Duo Yanyk op\u011bt v Brn\u011b!<br \/>\nOpravdov\u00e1 francouzsk\u00e1 lidov\u00e1 muzika v pod\u00e1n\u00ed Jana Barto\u0161ka (housle) a Mikul\u00e1\u0161e Bryana (harmonika, zp\u011bv).<\/p>\n","protected":false},"featured_media":30771,"parent":0,"template":"","zarazeni":[58],"class_list":["post-30770","kultura","type-kultura","status-publish","has-post-thumbnail","hentry","zarazeni-archiv-akci"],"acf":[],"_links":{"self":[{"href":"https:\/\/www.afbrno.cz\/fr\/wp-json\/wp\/v2\/kultura\/30770","targetHints":{"allow":["GET"]}}],"collection":[{"href":"https:\/\/www.afbrno.cz\/fr\/wp-json\/wp\/v2\/kultura"}],"about":[{"href":"https:\/\/www.afbrno.cz\/fr\/wp-json\/wp\/v2\/types\/kultura"}],"version-history":[{"count":12,"href":"https:\/\/www.afbrno.cz\/fr\/wp-json\/wp\/v2\/kultura\/30770\/revisions"}],"predecessor-version":[{"id":30788,"href":"https:\/\/www.afbrno.cz\/fr\/wp-json\/wp\/v2\/kultura\/30770\/revisions\/30788"}],"wp:featuredmedia":[{"embeddable":true,"href":"https:\/\/www.afbrno.cz\/fr\/wp-json\/wp\/v2\/media\/30771"}],"wp:attachment":[{"href":"https:\/\/www.afbrno.cz\/fr\/wp-json\/wp\/v2\/media?parent=30770"}],"wp:term":[{"taxonomy":"zarazeni","embeddable":true,"href":"https:\/\/www.afbrno.cz\/fr\/wp-json\/wp\/v2\/zarazeni?post=30770"}],"curies":[{"name":"wp","href":"https:\/\/api.w.org\/{rel}","templated":true}]}}

<p><strong>Jan Bartošek</strong>:&nbsp;housle. <strong>Mikuláš Bryan</strong>: diatonická harmonika, zpěv.</p>



<p><strong>Ryze francouzský</strong> zvuk <strong>houslí</strong> a <strong>melodeonu</strong>. Hudební cesta po krajích s vůní moře i levandule.</p>



<p>Písně i vlastní instrumentálky. Zasněná<strong>&nbsp;Bretaň</strong>,&nbsp;rozverné tance z&nbsp;<strong>Poitou</strong>&nbsp;a&nbsp;<strong>Pays Gallo</strong>, něžné&nbsp;<strong>gaskoňské&nbsp;</strong>mazurky, divoká bourrée z&nbsp;<strong>Auvergne</strong>. Bedekr francouzské lidové muziky.</p>



<p>Duo Yanyk vzniklo v roce 2016, na půdorysu česko-belgické kapely Train Trio. Mikuláš Bryan se diatonické harmonice věnuje od svého návratu z Bretaně v roce 2010, sólově i v různých kapelách doma i v zahraničí. Jan Bartošek má kořeny v americké lidové hudbě, ale působí v řadě českých i mezinárodních hudebních projektů na pomezí žánrů. Se svými kapelami nasbíral řadu ocenění a vyhrál mimo jiné i legendární Portu.</p>



<p>Akci pořádá <a href="https://tonsimple.cz" data-type="link" data-id="https://tonsimple.cz" target="_blank" rel="noreferrer noopener">Ton Simple</a> sdružující lidi se zájmem o balfolk, bretonskou hudbu a tanec. Klub Ton Simple je součástí YMCA Brno.</p>



<p>Sledujte událost na sociálních sítích:</p>



<ul class="wp-block-social-links is-layout-flex wp-block-social-links-is-layout-flex"><li class="wp-social-link wp-social-link-facebook  wp-block-social-link"><a href="https://www.facebook.com/events/837425708242419/" class="wp-block-social-link-anchor" target="_blank" rel="noopener"><svg width="24" height="24" viewBox="0 0 24 24" version="1.1" xmlns="http://www.w3.org/2000/svg" aria-hidden="true" focusable="false"><path d="M12 2C6.5 2 2 6.5 2 12c0 5 3.7 9.1 8.4 9.9v-7H7.9V12h2.5V9.8c0-2.5 1.5-3.9 3.8-3.9 1.1 0 2.2.2 2.2.2v2.5h-1.3c-1.2 0-1.6.8-1.6 1.6V12h2.8l-.4 2.9h-2.3v7C18.3 21.1 22 17 22 12c0-5.5-4.5-10-10-10z"></path></svg><span class="wp-block-social-link-label screen-reader-text">Facebook</span></a></li></ul>



<p></p>

<p>koncert</p>
<p>Duo Yanyk opět v Brně!<br />
Opravdová francouzská lidová muzika v podání Jana Bartoška (housle) a Mikuláše Bryana (harmonika, zpěv).</p>
