{"id":30371,"date":"2024-10-12T18:05:00","date_gmt":"2024-10-12T16:05:00","guid":{"rendered":"https:\/\/www.afbrno.cz\/?post_type=kultura&#038;p=30371"},"modified":"2024-11-11T09:34:14","modified_gmt":"2024-11-11T08:34:14","slug":"breizh-fest-brno-2024","status":"publish","type":"kultura","link":"https:\/\/www.afbrno.cz\/fr\/kultura\/breizh-fest-brno-2024\/","title":{"rendered":"Breizh Fest Brno 2024"},"content":{"rendered":"\n<p>Druh\u00fd ro\u010dn\u00edk festivalu Bretan\u011b v Brn\u011b!<\/p>\n\n\n\n<p>Op\u011bt za\u017eijete spoustu breta\u0148sk\u00e9 hudby, tance, j\u00eddla a cideru p\u0159\u00edmo v Brn\u011b!&nbsp;<\/p>\n\n\n\n<p>Vystoup\u00ed kapely <strong><a href=\"https:\/\/branband.cz\" target=\"_blank\" data-type=\"link\" data-id=\"https:\/\/branband.cz\" rel=\"noreferrer noopener\">Bran<\/a><\/strong>, <strong><a href=\"https:\/\/www.rochann.sk\" target=\"_blank\" data-type=\"link\" data-id=\"https:\/\/www.rochann.sk\" rel=\"noreferrer noopener\">Roc&rsquo;hann<\/a><\/strong>, <strong><a href=\"https:\/\/www.facebook.com\/dickobrass\/\" target=\"_blank\" data-type=\"link\" data-id=\"https:\/\/www.facebook.com\/dickobrass\/\" rel=\"noreferrer noopener\">Dick O&rsquo;Brass<\/a><\/strong> a <strong><a href=\"https:\/\/www.facebook.com\/p\/Barbar-Bards-100075790900525\/\" target=\"_blank\" data-type=\"link\" data-id=\"https:\/\/www.facebook.com\/p\/Barbar-Bards-100075790900525\/\" rel=\"noreferrer noopener\">Barbar Bards<\/a><\/strong>.<\/p>\n\n\n\n<p>T\u011b\u0161it se tak\u00e9 m\u016f\u017eete na cider Lo\u00efc Raison, nejlep\u0161\u00ed cider p\u0159\u00edmo z Bretan\u011b, na tradi\u010dn\u00e9 breta\u0148sk\u00e9 galety, v\u00fduku tanc\u016f ad.<\/p>\n\n\n\n<p>Za\u017eijte ve\u010der pln\u00fd z\u00e1bavy a kultury magick\u00e9 zem\u011b zvan\u00e9 Breta\u0148!<\/p>\n\n\n\n<p><\/p>\n\n\n\n<p>Festival Breizh Fest Brno 2024 po\u0159\u00e1d\u00e1 Pavol Kore\u0148 pod z\u00e1\u0161titou sv\u00e9ho podniku <a href=\"https:\/\/www.facebook.com\/krcmastregobor\/\" data-type=\"link\" data-id=\"https:\/\/www.facebook.com\/krcmastregobor\/\" target=\"_blank\" rel=\"noreferrer noopener\">Historick\u00e1 kr\u010dma Stregobor<\/a>.<\/p>\n\n\n\n<p><\/p>\n","protected":false},"excerpt":{"rendered":"<p>Druh\u00fd ro\u010dn\u00edk festivalu Bretan\u011b v Brn\u011b<\/p>\n<p>Breta\u0148sk\u00e1 hudba, tanec, gastronomie, z\u00e1bava<\/p>\n","protected":false},"featured_media":30372,"parent":0,"template":"","zarazeni":[58],"class_list":["post-30371","kultura","type-kultura","status-publish","has-post-thumbnail","hentry","zarazeni-archiv-akci"],"acf":[],"_links":{"self":[{"href":"https:\/\/www.afbrno.cz\/fr\/wp-json\/wp\/v2\/kultura\/30371","targetHints":{"allow":["GET"]}}],"collection":[{"href":"https:\/\/www.afbrno.cz\/fr\/wp-json\/wp\/v2\/kultura"}],"about":[{"href":"https:\/\/www.afbrno.cz\/fr\/wp-json\/wp\/v2\/types\/kultura"}],"version-history":[{"count":9,"href":"https:\/\/www.afbrno.cz\/fr\/wp-json\/wp\/v2\/kultura\/30371\/revisions"}],"predecessor-version":[{"id":30384,"href":"https:\/\/www.afbrno.cz\/fr\/wp-json\/wp\/v2\/kultura\/30371\/revisions\/30384"}],"wp:featuredmedia":[{"embeddable":true,"href":"https:\/\/www.afbrno.cz\/fr\/wp-json\/wp\/v2\/media\/30372"}],"wp:attachment":[{"href":"https:\/\/www.afbrno.cz\/fr\/wp-json\/wp\/v2\/media?parent=30371"}],"wp:term":[{"taxonomy":"zarazeni","embeddable":true,"href":"https:\/\/www.afbrno.cz\/fr\/wp-json\/wp\/v2\/zarazeni?post=30371"}],"curies":[{"name":"wp","href":"https:\/\/api.w.org\/{rel}","templated":true}]}}

<p>Druhý ročník festivalu Bretaně v Brně!</p>



<p>Opět zažijete spoustu bretaňské hudby, tance, jídla a cideru přímo v Brně!&nbsp;</p>



<p>Vystoupí kapely <strong><a href="https://branband.cz" target="_blank" data-type="link" data-id="https://branband.cz" rel="noreferrer noopener">Bran</a></strong>, <strong><a href="https://www.rochann.sk" target="_blank" data-type="link" data-id="https://www.rochann.sk" rel="noreferrer noopener">Roc&rsquo;hann</a></strong>, <strong><a href="https://www.facebook.com/dickobrass/" target="_blank" data-type="link" data-id="https://www.facebook.com/dickobrass/" rel="noreferrer noopener">Dick O&rsquo;Brass</a></strong> a <strong><a href="https://www.facebook.com/p/Barbar-Bards-100075790900525/" target="_blank" data-type="link" data-id="https://www.facebook.com/p/Barbar-Bards-100075790900525/" rel="noreferrer noopener">Barbar Bards</a></strong>.</p>



<p>Těšit se také můžete na cider Loïc Raison, nejlepší cider přímo z Bretaně, na tradičné bretaňské galety, výuku tanců ad.</p>



<p>Zažijte večer plný zábavy a kultury magické země zvané Bretaň!</p>



<p></p>



<p>Festival Breizh Fest Brno 2024 pořádá Pavol Koreň pod záštitou svého podniku <a href="https://www.facebook.com/krcmastregobor/" data-type="link" data-id="https://www.facebook.com/krcmastregobor/" target="_blank" rel="noreferrer noopener">Historická krčma Stregobor</a>.</p>



<p></p>

<p>Druhý ročník festivalu Bretaně v Brně</p>
<p>Bretaňská hudba, tanec, gastronomie, zábava</p>
