{"id":30316,"date":"2024-10-12T16:51:54","date_gmt":"2024-10-12T14:51:54","guid":{"rendered":"https:\/\/www.afbrno.cz\/?post_type=kultura&#038;p=30316"},"modified":"2025-10-27T22:00:58","modified_gmt":"2025-10-27T21:00:58","slug":"langue-etrangere","status":"publish","type":"kultura","link":"https:\/\/www.afbrno.cz\/fr\/kultura\/langue-etrangere\/","title":{"rendered":"Langue \u00e9trang\u00e8re"},"content":{"rendered":"\n<p><strong>Claire Burger<\/strong><\/p>\n\n\n\n<p>2023 | France, Allemagne, Belgique<\/p>\n\n\n\n<p>106 min.<\/p>\n\n\n\n<p>version fran\u00e7aise et allemande avec sous-titres tch\u00e8ques<\/p>\n\n\n\n<p>Avec Lilith Grasmug, Josefa Heinsius, Nina Hoss, Chiara Mastroianni, Jalal Altawil<\/p>\n\n\n\n<p>Fanny, dix-sept ans, part en \u00e9change linguistique en Allemagne. \u00c0 Leipzig, elle rencontre sa correspondante Lena, une adolescente qui r\u00eave de s\u2019engager politiquement. Fanny est troubl\u00e9e. Pour conqu\u00e9rir L\u00e9na, elle s&rsquo;invente une vie.<\/p>\n\n\n\n<p>Berlinale 2024<\/p>\n\n\n\n<p><a href=\"https:\/\/www.youtube.com\/watch?v=4vrZ8nfiijU\" target=\"_blank\" rel=\"noreferrer noopener\">Bande-annonce<\/a><\/p>\n\n\n\n<p>Avant-premi\u00e8re dans le cadre du\u00a0<a href=\"https:\/\/www.afbrno.cz\/fr\/fff-2025\/\" target=\"_blank\" rel=\"noreferrer noopener\">27e Festival du film fran\u00e7ais<\/a>.<\/p>\n","protected":false},"excerpt":{"rendered":"<p>Festival du film fran\u00e7ais 2024<\/p>\n<p>Fanny, dix-sept ans, part en \u00e9change linguistique en Allemagne. \u00c0 Leipzig, elle rencontre sa correspondante Lena, une adolescente qui r\u00eave de s\u2019engager politiquement. Fanny est troubl\u00e9e. Pour conqu\u00e9rir L\u00e9na, elle s&rsquo;invente une vie.<\/p>\n","protected":false},"featured_media":30314,"parent":0,"template":"","zarazeni":[60],"class_list":["post-30316","kultura","type-kultura","status-publish","has-post-thumbnail","hentry","zarazeni-evenements-passes"],"acf":[],"_links":{"self":[{"href":"https:\/\/www.afbrno.cz\/fr\/wp-json\/wp\/v2\/kultura\/30316","targetHints":{"allow":["GET"]}}],"collection":[{"href":"https:\/\/www.afbrno.cz\/fr\/wp-json\/wp\/v2\/kultura"}],"about":[{"href":"https:\/\/www.afbrno.cz\/fr\/wp-json\/wp\/v2\/types\/kultura"}],"version-history":[{"count":2,"href":"https:\/\/www.afbrno.cz\/fr\/wp-json\/wp\/v2\/kultura\/30316\/revisions"}],"predecessor-version":[{"id":30341,"href":"https:\/\/www.afbrno.cz\/fr\/wp-json\/wp\/v2\/kultura\/30316\/revisions\/30341"}],"wp:featuredmedia":[{"embeddable":true,"href":"https:\/\/www.afbrno.cz\/fr\/wp-json\/wp\/v2\/media\/30314"}],"wp:attachment":[{"href":"https:\/\/www.afbrno.cz\/fr\/wp-json\/wp\/v2\/media?parent=30316"}],"wp:term":[{"taxonomy":"zarazeni","embeddable":true,"href":"https:\/\/www.afbrno.cz\/fr\/wp-json\/wp\/v2\/zarazeni?post=30316"}],"curies":[{"name":"wp","href":"https:\/\/api.w.org\/{rel}","templated":true}]}}

Langue étrangère

<p><strong>Claire Burger</strong></p>



<p>2023 | France, Allemagne, Belgique</p>



<p>106 min.</p>



<p>version française et allemande avec sous-titres tchèques</p>



<p>Avec Lilith Grasmug, Josefa Heinsius, Nina Hoss, Chiara Mastroianni, Jalal Altawil</p>



<p>Fanny, dix-sept ans, part en échange linguistique en Allemagne. À Leipzig, elle rencontre sa correspondante Lena, une adolescente qui rêve de s’engager politiquement. Fanny est troublée. Pour conquérir Léna, elle s&rsquo;invente une vie.</p>



<p>Berlinale 2024</p>



<p><a href="https://www.youtube.com/watch?v=4vrZ8nfiijU" target="_blank" rel="noreferrer noopener">Bande-annonce</a></p>



<p>Avant-première dans le cadre du <a href="https://www.afbrno.cz/fr/fff-2025/" target="_blank" rel="noreferrer noopener">27e Festival du film français</a>.</p>

<p>Festival du film français 2024</p>
<p>Fanny, dix-sept ans, part en échange linguistique en Allemagne. À Leipzig, elle rencontre sa correspondante Lena, une adolescente qui rêve de s’engager politiquement. Fanny est troublée. Pour conquérir Léna, elle s&rsquo;invente une vie.</p>
