{"id":30310,"date":"2024-10-12T16:46:12","date_gmt":"2024-10-12T14:46:12","guid":{"rendered":"https:\/\/www.afbrno.cz\/?post_type=kultura&#038;p=30310"},"modified":"2025-10-27T22:01:02","modified_gmt":"2025-10-27T21:01:02","slug":"saint-ex","status":"publish","type":"kultura","link":"https:\/\/www.afbrno.cz\/fr\/kultura\/saint-ex\/","title":{"rendered":"Saint-Ex"},"content":{"rendered":"\n<p><strong>Pablo Ag\u00fcero<\/strong><\/p>\n\n\n\n<p>2024 | France, Belgique<\/p>\n\n\n\n<p>97 min.<\/p>\n\n\n\n<p>version fran\u00e7aise avec sous-titres tch\u00e8ques<\/p>\n\n\n\n<p>Avec Louis Garrel, Diane Kruger, Vincent Cassel, Sergej Onopko<\/p>\n\n\n\n<p>En 1930 Antoine de Saint-Exup\u00e9ry est pilote de l\u2019A\u00e9ropostale en Argentine. Quand Henri Guillaumet, son meilleur ami et le meilleur pilote de l\u2019A\u00e9ropostale, dispara\u00eet dans la Cordill\u00e8re des Andes, Saint-Ex d\u00e9cide de partir \u00e0 sa recherche. Cette qu\u00eate impossible l&rsquo;oblige \u00e0 se d\u00e9passer, en faisant de sa capacit\u00e9 \u00e0 r\u00eaver sa plus grande force.<\/p>\n\n\n\n<p><\/p>\n\n\n\n<p>Avant-premi\u00e8re dans le cadre du\u00a0<a href=\"https:\/\/www.afbrno.cz\/fr\/fff-2025\/\" target=\"_blank\" rel=\"noreferrer noopener\">27e Festival du film fran\u00e7ais<\/a>.<\/p>\n","protected":false},"excerpt":{"rendered":"<p>Festival du film fran\u00e7ais 2024<\/p>\n<p>En 1930 Antoine de Saint-Exup\u00e9ry est pilote de l\u2019A\u00e9ropostale en Argentine. Quand Henri Guillaumet, son meilleur ami et le meilleur pilote de l\u2019A\u00e9ropostale, dispara\u00eet dans la Cordill\u00e8re des Andes, Saint-Ex d\u00e9cide de partir \u00e0 sa recherche. Cette qu\u00eate impossible l&rsquo;oblige \u00e0 se d\u00e9passer, en faisant de sa capacit\u00e9 \u00e0 r\u00eaver sa plus grande force.<\/p>\n","protected":false},"featured_media":30307,"parent":0,"template":"","zarazeni":[60],"class_list":["post-30310","kultura","type-kultura","status-publish","has-post-thumbnail","hentry","zarazeni-evenements-passes"],"acf":[],"_links":{"self":[{"href":"https:\/\/www.afbrno.cz\/fr\/wp-json\/wp\/v2\/kultura\/30310","targetHints":{"allow":["GET"]}}],"collection":[{"href":"https:\/\/www.afbrno.cz\/fr\/wp-json\/wp\/v2\/kultura"}],"about":[{"href":"https:\/\/www.afbrno.cz\/fr\/wp-json\/wp\/v2\/types\/kultura"}],"version-history":[{"count":2,"href":"https:\/\/www.afbrno.cz\/fr\/wp-json\/wp\/v2\/kultura\/30310\/revisions"}],"predecessor-version":[{"id":30340,"href":"https:\/\/www.afbrno.cz\/fr\/wp-json\/wp\/v2\/kultura\/30310\/revisions\/30340"}],"wp:featuredmedia":[{"embeddable":true,"href":"https:\/\/www.afbrno.cz\/fr\/wp-json\/wp\/v2\/media\/30307"}],"wp:attachment":[{"href":"https:\/\/www.afbrno.cz\/fr\/wp-json\/wp\/v2\/media?parent=30310"}],"wp:term":[{"taxonomy":"zarazeni","embeddable":true,"href":"https:\/\/www.afbrno.cz\/fr\/wp-json\/wp\/v2\/zarazeni?post=30310"}],"curies":[{"name":"wp","href":"https:\/\/api.w.org\/{rel}","templated":true}]}}

<p><strong>Pablo Agüero</strong></p>



<p>2024 | France, Belgique</p>



<p>97 min.</p>



<p>version française avec sous-titres tchèques</p>



<p>Avec Louis Garrel, Diane Kruger, Vincent Cassel, Sergej Onopko</p>



<p>En 1930 Antoine de Saint-Exupéry est pilote de l’Aéropostale en Argentine. Quand Henri Guillaumet, son meilleur ami et le meilleur pilote de l’Aéropostale, disparaît dans la Cordillère des Andes, Saint-Ex décide de partir à sa recherche. Cette quête impossible l&rsquo;oblige à se dépasser, en faisant de sa capacité à rêver sa plus grande force.</p>



<p></p>



<p>Avant-première dans le cadre du <a href="https://www.afbrno.cz/fr/fff-2025/" target="_blank" rel="noreferrer noopener">27e Festival du film français</a>.</p>

<p>Festival du film français 2024</p>
<p>En 1930 Antoine de Saint-Exupéry est pilote de l’Aéropostale en Argentine. Quand Henri Guillaumet, son meilleur ami et le meilleur pilote de l’Aéropostale, disparaît dans la Cordillère des Andes, Saint-Ex décide de partir à sa recherche. Cette quête impossible l&rsquo;oblige à se dépasser, en faisant de sa capacité à rêver sa plus grande force.</p>
